[INFO] fetching crate rylv-metrics 0.4.0...
[INFO] checking rylv-metrics-0.4.0 against c60b92c03ca8a3b101eb9d57f51e2232690638c7 for pr-164148-crater-rollup
[INFO] extracting crate rylv-metrics 0.4.0 into /workspace/builds/worker-4-tc2/source
[INFO] started tweaking crates.io crate rylv-metrics 0.4.0
[INFO] removed 0 missing examples
[INFO] removed 0 missing tests
[INFO] finished tweaking crates.io crate rylv-metrics 0.4.0
[INFO] tweaked toml for crates.io crate rylv-metrics 0.4.0 written to /workspace/builds/worker-4-tc2/source/Cargo.toml
[INFO] validating manifest of crates.io crate rylv-metrics 0.4.0 on toolchain c60b92c03ca8a3b101eb9d57f51e2232690638c7
[INFO] running `Command { std: CARGO_HOME="/workspace/cargo-home" RUSTUP_HOME="/workspace/rustup-home" "/workspace/cargo-home/bin/cargo" "+c60b92c03ca8a3b101eb9d57f51e2232690638c7" "metadata" "--manifest-path" "Cargo.toml" "--no-deps", kill_on_drop: false }`
[INFO] crate crates.io crate rylv-metrics 0.4.0 already has a lockfile, it will not be regenerated
[INFO] running `Command { std: CARGO_HOME="/workspace/cargo-home" RUSTUP_HOME="/workspace/rustup-home" "/workspace/cargo-home/bin/cargo" "+c60b92c03ca8a3b101eb9d57f51e2232690638c7" "fetch" "--manifest-path" "Cargo.toml", kill_on_drop: false }`
[INFO] running `Command { std: "docker" "create" "-v" "/var/lib/crater-agent-workspace/builds/worker-4-tc2/source:/opt/rustwide/workdir:ro,Z" "-v" "/var/lib/crater-agent-workspace/builds/worker-4-tc2/target:/opt/rustwide/target:rw,Z" "-v" "/var/lib/crater-agent-workspace/cargo-home:/opt/rustwide/cargo-home:ro,Z" "-v" "/var/lib/crater-agent-workspace/rustup-home:/opt/rustwide/rustup-home:ro,Z" "-m" "1610612736" "--network" "none" "ghcr.io/rust-lang/crates-build-env/linux@sha256:77db811e55d90add9212f6832c23229e3de5f1c1f9905e8cb07319ea15df73ac" "sleep" "infinity", kill_on_drop: false }`
[INFO] [stdout] 7efebd16f875b4840fb87fa4e72fbb5007f6d0240e9861aaf320cd21a2f756a3
[INFO] running `Command { std: "docker" "start" "7efebd16f875b4840fb87fa4e72fbb5007f6d0240e9861aaf320cd21a2f756a3", kill_on_drop: false }`
[INFO] running `Command { std: "docker" "inspect" "7efebd16f875b4840fb87fa4e72fbb5007f6d0240e9861aaf320cd21a2f756a3", kill_on_drop: false }`
[INFO] running `Command { std: "docker" "exec" "-e" "SOURCE_DIR=/opt/rustwide/workdir" "-e" "CARGO_HOME=/opt/rustwide/cargo-home" "-e" "RUSTUP_HOME=/opt/rustwide/rustup-home" "-e" "CARGO_TARGET_DIR=/opt/rustwide/target" "-w" "/opt/rustwide/workdir" "--user" "0:0" "7efebd16f875b4840fb87fa4e72fbb5007f6d0240e9861aaf320cd21a2f756a3" "/opt/rustwide/cargo-home/bin/cargo" "+c60b92c03ca8a3b101eb9d57f51e2232690638c7" "metadata" "--no-deps" "--format-version=1", kill_on_drop: false }`
[INFO] running `Command { std: "docker" "inspect" "7efebd16f875b4840fb87fa4e72fbb5007f6d0240e9861aaf320cd21a2f756a3", kill_on_drop: false }`
[INFO] running `Command { std: "docker" "exec" "-e" "SOURCE_DIR=/opt/rustwide/workdir" "-e" "CARGO_HOME=/opt/rustwide/cargo-home" "-e" "RUSTUP_HOME=/opt/rustwide/rustup-home" "-e" "CARGO_TARGET_DIR=/opt/rustwide/target" "-e" "CARGO_INCREMENTAL=0" "-e" "RUST_BACKTRACE=full" "-e" "RUSTFLAGS=--cap-lints=forbid" "-e" "RUSTDOCFLAGS=--cap-lints=forbid" "-w" "/opt/rustwide/workdir" "--user" "0:0" "7efebd16f875b4840fb87fa4e72fbb5007f6d0240e9861aaf320cd21a2f756a3" "/opt/rustwide/cargo-home/bin/cargo" "+c60b92c03ca8a3b101eb9d57f51e2232690638c7" "check" "--frozen" "--all" "--all-targets" "--message-format=json", kill_on_drop: false }`
[INFO] [stderr]    Compiling crossbeam-utils v0.8.22
[INFO] [stderr]    Compiling crossbeam-epoch v0.9.20
[INFO] [stderr]    Compiling crossbeam-deque v0.8.7
[INFO] [stderr]    Compiling zerocopy v0.8.55
[INFO] [stderr]    Compiling serde_core v1.0.229
[INFO] [stderr]    Compiling proc-macro2 v1.0.107
[INFO] [stderr]    Compiling num-traits v0.2.19
[INFO] [stderr]    Compiling libc v0.2.189
[INFO] [stderr]    Compiling serde v1.0.229
[INFO] [stderr]     Checking either v1.17.0
[INFO] [stderr]     Checking ciborium-io v0.2.2
[INFO] [stderr]     Checking clap_lex v1.1.0
[INFO] [stderr]     Checking plotters-backend v0.3.7
[INFO] [stderr]     Checking regex-automata v0.4.16
[INFO] [stderr]     Checking itertools v0.10.5
[INFO] [stderr]    Compiling quote v1.0.47
[INFO] [stderr]    Compiling syn v2.0.119
[INFO] [stderr]    Compiling syn v3.0.3
[INFO] [stderr]     Checking crossbeam-queue v0.3.13
[INFO] [stderr]     Checking rayon-core v1.13.0
[INFO] [stderr]     Checking crossbeam-channel v0.5.16
[INFO] [stderr]     Checking plotters-svg v0.3.7
[INFO] [stderr]     Checking clap_builder v4.6.2
[INFO] [stderr]     Checking cast v0.3.0
[INFO] [stderr]     Checking tracing-core v0.1.36
[INFO] [stderr]     Checking is-terminal v0.4.17
[INFO] [stderr]     Checking getrandom v0.3.4
[INFO] [stderr]     Checking hdrhistogram v7.6.0
[INFO] [stderr]     Checking regex v1.13.1
[INFO] [stderr]     Checking crossbeam v0.8.4
[INFO] [stderr]     Checking plotters v0.3.7
[INFO] [stderr]     Checking tracing v0.1.44
[INFO] [stderr]     Checking rayon v1.12.0
[INFO] [stderr]     Checking anes v0.1.6
[INFO] [stderr]     Checking criterion-plot v0.5.0
[INFO] [stderr]     Checking oorandom v11.1.5
[INFO] [stderr]     Checking bumpalo v3.20.3
[INFO] [stderr]    Compiling serde_derive v1.0.229
[INFO] [stderr]     Checking serde_json v1.0.151
[INFO] [stderr]     Checking clap v4.6.4
[INFO] [stderr]    Compiling zerocopy-derive v0.8.55
[INFO] [stderr]    Compiling thiserror-impl v1.0.69
[INFO] [stderr]     Checking thiserror v1.0.69
[INFO] [stderr]     Checking rylv-metrics v0.4.0 (/opt/rustwide/workdir)
[INFO] [stdout] error[E0493]: destructor of `HistogramConfig` cannot be evaluated at compile-time
[INFO] [stdout]    --> src/dogstats/histogram_config.rs:186:29
[INFO] [stdout]     |
[INFO] [stdout] 186 |     pub const fn with_count(mut self, emit: bool) -> Self {
[INFO] [stdout]     |                             ^^^^^^^^ the destructor for this type cannot be evaluated in constant functions
[INFO] [stdout] ...
[INFO] [stdout] 189 |     }
[INFO] [stdout]     |     - value is dropped here
[INFO] [stdout] 
[INFO] [stdout] 
[INFO] [stdout] error[E0493]: destructor of `HistogramConfig` cannot be evaluated at compile-time
[INFO] [stdout]    --> src/dogstats/histogram_config.rs:193:27
[INFO] [stdout]     |
[INFO] [stdout] 193 |     pub const fn with_min(mut self, emit: bool) -> Self {
[INFO] [stdout]     |                           ^^^^^^^^ the destructor for this type cannot be evaluated in constant functions
[INFO] [stdout] ...
[INFO] [stdout] 196 |     }
[INFO] [stdout]     |     - value is dropped here
[INFO] [stdout] 
[INFO] [stdout] 
[INFO] [stdout] error[E0493]: destructor of `HistogramConfig` cannot be evaluated at compile-time
[INFO] [stdout]    --> src/dogstats/histogram_config.rs:202:27
[INFO] [stdout]     |
[INFO] [stdout] 202 |     pub const fn with_avg(mut self, emit: bool) -> Self {
[INFO] [stdout]     |                           ^^^^^^^^ the destructor for this type cannot be evaluated in constant functions
[INFO] [stdout] ...
[INFO] [stdout] 205 |     }
[INFO] [stdout]     |     - value is dropped here
[INFO] [stdout] 
[INFO] [stdout] 
[INFO] [stdout] error[E0493]: destructor of `HistogramConfig` cannot be evaluated at compile-time
[INFO] [stdout]    --> src/dogstats/histogram_config.rs:209:27
[INFO] [stdout]     |
[INFO] [stdout] 209 |     pub const fn with_max(mut self, emit: bool) -> Self {
[INFO] [stdout]     |                           ^^^^^^^^ the destructor for this type cannot be evaluated in constant functions
[INFO] [stdout] ...
[INFO] [stdout] 212 |     }
[INFO] [stdout]     |     - value is dropped here
[INFO] [stdout] 
[INFO] [stdout] 
[INFO] [stdout] For more information about this error, try `rustc --explain E0493`.
[INFO] [stdout] 
[INFO] [stderr] error: could not compile `rylv-metrics` (lib) due to 4 previous errors
[INFO] [stderr] warning: build failed, waiting for other jobs to finish...
[INFO] running `Command { std: "docker" "inspect" "7efebd16f875b4840fb87fa4e72fbb5007f6d0240e9861aaf320cd21a2f756a3", kill_on_drop: false }`
[INFO] running `Command { std: "docker" "rm" "-f" "7efebd16f875b4840fb87fa4e72fbb5007f6d0240e9861aaf320cd21a2f756a3", kill_on_drop: false }`
[INFO] [stdout] 7efebd16f875b4840fb87fa4e72fbb5007f6d0240e9861aaf320cd21a2f756a3
