[INFO] fetching crate russh 0.64.1...
[INFO] checking russh-0.64.1 against c60b92c03ca8a3b101eb9d57f51e2232690638c7 for pr-164148-crater-rollup
[INFO] extracting crate russh 0.64.1 into /workspace/builds/worker-0-tc2/source
[INFO] started tweaking crates.io crate russh 0.64.1
[INFO] removed 0 missing examples
[INFO] removed 0 missing tests
[INFO] finished tweaking crates.io crate russh 0.64.1
[INFO] tweaked toml for crates.io crate russh 0.64.1 written to /workspace/builds/worker-0-tc2/source/Cargo.toml
[INFO] validating manifest of crates.io crate russh 0.64.1 on toolchain c60b92c03ca8a3b101eb9d57f51e2232690638c7
[INFO] running `Command { std: CARGO_HOME="/workspace/cargo-home" RUSTUP_HOME="/workspace/rustup-home" "/workspace/cargo-home/bin/cargo" "+c60b92c03ca8a3b101eb9d57f51e2232690638c7" "metadata" "--manifest-path" "Cargo.toml" "--no-deps", kill_on_drop: false }`
[INFO] crate crates.io crate russh 0.64.1 already has a lockfile, it will not be regenerated
[INFO] running `Command { std: CARGO_HOME="/workspace/cargo-home" RUSTUP_HOME="/workspace/rustup-home" "/workspace/cargo-home/bin/cargo" "+c60b92c03ca8a3b101eb9d57f51e2232690638c7" "fetch" "--manifest-path" "Cargo.toml", kill_on_drop: false }`
[INFO] [stderr] warning: `package.homepage` is redundant with `package.repository`
[INFO] [stderr]    --> Cargo.toml:324:12
[INFO] [stderr]     |
[INFO] [stderr] 324 | homepage = "https://github.com/warp-tech/russh"
[INFO] [stderr]     |            ^^^^^^^^^^^^^^^^^^^^^^^^^^^^^^^^^^^^
[INFO] [stderr] ...
[INFO] [stderr] 329 | repository = "https://github.com/warp-tech/russh"
[INFO] [stderr]     |              ------------------------------------
[INFO] [stderr]     |
[INFO] [stderr]     = note: `cargo::redundant_homepage` is set to `warn` by default
[INFO] [stderr] help: consider removing `package.homepage`
[INFO] [stderr] warning: `russh` (manifest) generated 1 warning
[INFO] running `Command { std: "docker" "create" "-v" "/var/lib/crater-agent-workspace/builds/worker-0-tc2/source:/opt/rustwide/workdir:ro,Z" "-v" "/var/lib/crater-agent-workspace/builds/worker-0-tc2/target:/opt/rustwide/target:rw,Z" "-v" "/var/lib/crater-agent-workspace/cargo-home:/opt/rustwide/cargo-home:ro,Z" "-v" "/var/lib/crater-agent-workspace/rustup-home:/opt/rustwide/rustup-home:ro,Z" "-m" "1610612736" "--network" "none" "ghcr.io/rust-lang/crates-build-env/linux@sha256:77db811e55d90add9212f6832c23229e3de5f1c1f9905e8cb07319ea15df73ac" "sleep" "infinity", kill_on_drop: false }`
[INFO] [stdout] 0f2090dc8475936479a1ac0501b9a26c97dde70245a4c6af22b37247a1dc81b8
[INFO] running `Command { std: "docker" "start" "0f2090dc8475936479a1ac0501b9a26c97dde70245a4c6af22b37247a1dc81b8", kill_on_drop: false }`
[INFO] running `Command { std: "docker" "inspect" "0f2090dc8475936479a1ac0501b9a26c97dde70245a4c6af22b37247a1dc81b8", kill_on_drop: false }`
[INFO] running `Command { std: "docker" "exec" "-e" "SOURCE_DIR=/opt/rustwide/workdir" "-e" "CARGO_HOME=/opt/rustwide/cargo-home" "-e" "RUSTUP_HOME=/opt/rustwide/rustup-home" "-e" "CARGO_TARGET_DIR=/opt/rustwide/target" "-w" "/opt/rustwide/workdir" "--user" "0:0" "0f2090dc8475936479a1ac0501b9a26c97dde70245a4c6af22b37247a1dc81b8" "/opt/rustwide/cargo-home/bin/cargo" "+c60b92c03ca8a3b101eb9d57f51e2232690638c7" "metadata" "--no-deps" "--format-version=1", kill_on_drop: false }`
[INFO] running `Command { std: "docker" "inspect" "0f2090dc8475936479a1ac0501b9a26c97dde70245a4c6af22b37247a1dc81b8", kill_on_drop: false }`
[INFO] running `Command { std: "docker" "exec" "-e" "SOURCE_DIR=/opt/rustwide/workdir" "-e" "CARGO_HOME=/opt/rustwide/cargo-home" "-e" "RUSTUP_HOME=/opt/rustwide/rustup-home" "-e" "CARGO_TARGET_DIR=/opt/rustwide/target" "-e" "CARGO_INCREMENTAL=0" "-e" "RUST_BACKTRACE=full" "-e" "RUSTFLAGS=--cap-lints=forbid" "-e" "RUSTDOCFLAGS=--cap-lints=forbid" "-w" "/opt/rustwide/workdir" "--user" "0:0" "0f2090dc8475936479a1ac0501b9a26c97dde70245a4c6af22b37247a1dc81b8" "/opt/rustwide/cargo-home/bin/cargo" "+c60b92c03ca8a3b101eb9d57f51e2232690638c7" "check" "--frozen" "--all" "--all-targets" "--message-format=json", kill_on_drop: false }`
[INFO] [stderr] warning: `package.homepage` is redundant with `package.repository`
[INFO] [stderr]    --> Cargo.toml:324:12
[INFO] [stderr]     |
[INFO] [stderr] 324 | homepage = "https://github.com/warp-tech/russh"
[INFO] [stderr]     |            ^^^^^^^^^^^^^^^^^^^^^^^^^^^^^^^^^^^^
[INFO] [stderr] ...
[INFO] [stderr] 329 | repository = "https://github.com/warp-tech/russh"
[INFO] [stderr]     |              ------------------------------------
[INFO] [stderr]     |
[INFO] [stderr]     = note: `cargo::redundant_homepage` is set to `warn` by default
[INFO] [stderr] help: consider removing `package.homepage`
[INFO] [stderr] warning: `russh` (manifest) generated 1 warning
[INFO] [stderr]    Compiling libc v0.2.186
[INFO] [stderr]     Checking cfg-if v1.0.4
[INFO] [stderr]     Checking zeroize v1.9.0
[INFO] [stderr]     Checking subtle v2.6.1
[INFO] [stderr]     Checking typenum v1.20.1
[INFO] [stderr]     Checking cmov v0.5.4
[INFO] [stderr]     Checking rand_core v0.10.1
[INFO] [stderr]    Compiling getrandom v0.4.3
[INFO] [stderr]    Compiling proc-macro2 v1.0.106
[INFO] [stderr]    Compiling quote v1.0.46
[INFO] [stderr]     Checking const-oid v0.10.2
[INFO] [stderr]     Checking cpufeatures v0.3.0
[INFO] [stderr]    Compiling num-traits v0.2.19
[INFO] [stderr]     Checking cpubits v0.1.1
[INFO] [stderr]     Checking base64ct v1.8.3
[INFO] [stderr]    Compiling serde_core v1.0.228
[INFO] [stderr]     Checking ctutils v0.4.2
[INFO] [stderr]     Checking log v0.4.33
[INFO] [stderr]     Checking pem-rfc7468 v1.0.0
[INFO] [stderr]     Checking memchr v2.8.2
[INFO] [stderr]     Checking ff v0.14.0
[INFO] [stderr]     Checking der v0.8.0
[INFO] [stderr]    Compiling rustversion v1.0.22
[INFO] [stderr]     Checking bytes v1.12.0
[INFO] [stderr]    Compiling syn v2.0.118
[INFO] [stderr]    Compiling thiserror v2.0.18
[INFO] [stderr]     Checking group v0.14.0
[INFO] [stderr]     Checking foldhash v0.2.0
[INFO] [stderr]     Checking base16ct v1.0.0
[INFO] [stderr]     Checking futures-core v0.3.32
[INFO] [stderr]     Checking futures-sink v0.3.32
[INFO] [stderr]     Checking spki v0.8.0
[INFO] [stderr]    Compiling find-msvc-tools v0.1.9
[INFO] [stderr]    Compiling strsim v0.11.1
[INFO] [stderr]    Compiling ident_case v1.0.1
[INFO] [stderr]     Checking futures-channel v0.3.32
[INFO] [stderr]     Checking hybrid-array v0.4.13
[INFO] [stderr]     Checking futures-task v0.3.32
[INFO] [stderr]     Checking errno v0.3.14
[INFO] [stderr]     Checking mio v1.2.1
[INFO] [stderr]     Checking signal-hook-registry v1.4.8
[INFO] [stderr]     Checking socket2 v0.6.4
[INFO] [stderr]     Checking either v1.16.0
[INFO] [stderr]     Checking futures-io v0.3.32
[INFO] [stderr]    Compiling jobserver v0.1.34
[INFO] [stderr]     Checking slab v0.4.12
[INFO] [stderr]     Checking smallvec v1.15.2
[INFO] [stderr]    Compiling semver v1.0.28
[INFO] [stderr]     Checking itertools v0.14.0
[INFO] [stderr]     Checking hashbrown v0.16.1
[INFO] [stderr]    Compiling cc v1.2.65
[INFO] [stderr]    Compiling rustc_version v0.4.1
[INFO] [stderr]     Checking parking_lot_core v0.9.12
[INFO] [stderr]     Checking hashbrown v0.17.1
[INFO] [stderr]     Checking castaway v0.2.4
[INFO] [stderr]    Compiling unicode-segmentation v1.13.3
[INFO] [stderr]    Compiling pkg-config v0.3.33
[INFO] [stderr]     Checking unicode-width v0.2.0
[INFO] [stderr]    Compiling rustix v1.1.4
[INFO] [stderr]     Checking bitflags v2.13.0
[INFO] [stderr]     Checking crypto-common v0.2.2
[INFO] [stderr]     Checking block-buffer v0.12.1
[INFO] [stderr]     Checking block-padding v0.4.2
[INFO] [stderr]     Checking crypto-bigint v0.7.5
[INFO] [stderr]     Checking sec1 v0.8.1
[INFO] [stderr]     Checking inout v0.2.2
[INFO] [stderr]    Compiling cmake v0.1.58
[INFO] [stderr]     Checking wnaf v0.14.0
[INFO] [stderr]     Checking ryu v1.0.23
[INFO] [stderr]    Compiling instability v0.3.12
[INFO] [stderr]    Compiling signal-hook v0.3.18
[INFO] [stderr]     Checking static_assertions v1.1.0
[INFO] [stderr]     Checking compact_str v0.9.1
[INFO] [stderr]     Checking lru v0.18.2
[INFO] [stderr]    Compiling aws-lc-sys v0.42.0
[INFO] [stderr]    Compiling convert_case v0.10.0
[INFO] [stderr]    Compiling curve25519-dalek v5.0.0
[INFO] [stderr]     Checking digest v0.11.3
[INFO] [stderr]     Checking cipher v0.5.2
[INFO] [stderr]     Checking hmac v0.13.0
[INFO] [stderr]     Checking sha2 v0.11.0
[INFO] [stderr]     Checking signature v3.0.0
[INFO] [stderr]     Checking universal-hash v0.6.1
[INFO] [stderr]     Checking unicode-truncate v2.0.1
[INFO] [stderr]     Checking pbkdf2 v0.13.0
[INFO] [stderr]     Checking hkdf v0.13.0
[INFO] [stderr]     Checking polyval v0.7.3
[INFO] [stderr]     Checking aes v0.9.2
[INFO] [stderr]     Checking salsa20 v0.11.0
[INFO] [stderr]     Checking cbc v0.2.1
[INFO] [stderr]     Checking chacha20 v0.10.1
[INFO] [stderr]     Checking linux-raw-sys v0.12.1
[INFO] [stderr]    Compiling indoc v2.0.7
[INFO] [stderr]    Compiling cfg_aliases v0.2.1
[INFO] [stderr]     Checking scrypt v0.12.0
[INFO] [stderr]     Checking critical-section v1.2.0
[INFO] [stderr]     Checking anstyle-parse v1.0.0
[INFO] [stderr]     Checking pkcs5 v0.8.0
[INFO] [stderr]    Compiling nix v0.31.3
[INFO] [stderr]    Compiling generic-array v0.14.7
[INFO] [stderr]     Checking ghash v0.6.0
[INFO] [stderr]     Checking ctr v0.10.1
[INFO] [stderr]     Checking aead v0.6.1
[INFO] [stderr]     Checking aho-corasick v1.1.4
[INFO] [stderr]     Checking keccak v0.2.1
[INFO] [stderr]     Checking pkcs8 v0.11.0
[INFO] [stderr]    Compiling darling_core v0.23.0
[INFO] [stderr]     Checking num_threads v0.1.7
[INFO] [stderr]     Checking is_terminal_polyfill v1.70.2
[INFO] [stderr]     Checking time-core v0.1.9
[INFO] [stderr]     Checking anstyle v1.0.14
[INFO] [stderr]     Checking anstyle-query v1.1.5
[INFO] [stderr]     Checking colorchoice v1.0.5
[INFO] [stderr]    Compiling litrs v1.0.0
[INFO] [stderr]     Checking regex-syntax v0.8.11
[INFO] [stderr]     Checking deranged v0.5.8
[INFO] [stderr]     Checking num-conv v0.2.2
[INFO] [stderr]    Compiling document-features v0.2.12
[INFO] [stderr]     Checking regex-automata v0.4.14
[INFO] [stderr]     Checking anstream v1.0.0
[INFO] [stderr]     Checking blowfish v0.10.0
[INFO] [stderr]     Checking ed25519 v3.0.0
[INFO] [stderr]     Checking signal-hook-mio v0.2.5
[INFO] [stderr]     Checking aes-gcm v0.11.0
[INFO] [stderr]    Compiling thiserror-impl v2.0.18
[INFO] [stderr]    Compiling futures-macro v0.3.32
[INFO] [stderr]    Compiling tokio-macros v2.7.0
[INFO] [stderr]     Checking elliptic-curve v0.14.1
[INFO] [stderr]     Checking tokio v1.52.3
[INFO] [stderr]     Checking futures-util v0.3.32
[INFO] [stderr]     Checking primefield v0.14.0
[INFO] [stderr]     Checking rfc6979 v0.6.0
[INFO] [stderr]    Compiling strum_macros v0.28.0
[INFO] [stderr]     Checking kasuari v0.4.12
[INFO] [stderr]     Checking ecdsa v0.17.0
[INFO] [stderr]     Checking primeorder v0.14.0
[INFO] [stderr]    Compiling darling_macro v0.23.0
[INFO] [stderr]     Checking ssh-encoding v0.3.0
[INFO] [stderr]    Compiling derive_more-impl v2.1.1
[INFO] [stderr]    Compiling darling v0.23.0
[INFO] [stderr]    Compiling curve25519-dalek-derive v0.1.1
[INFO] [stderr]     Checking crypto-primes v0.7.2
[INFO] [stderr]     Checking time v0.3.55
[INFO] [stderr]     Checking derive_more v2.1.1
[INFO] [stderr]     Checking poly1305 v0.9.1
[INFO] [stderr]     Checking blake2 v0.11.0-rc.6
[INFO] [stderr]     Checking line-clipping v0.3.8
[INFO] [stderr]     Checking parking_lot v0.12.5
[INFO] [stderr]     Checking pkcs1 v0.8.0-rc.4
[INFO] [stderr]     Checking strum v0.28.0
[INFO] [stderr]    Compiling aws-lc-rs v1.17.1
[INFO] [stderr]     Checking ratatui-core v0.1.2
[INFO] [stderr]     Checking adler2 v2.0.1
[INFO] [stderr]    Compiling serde v1.0.228
[INFO] [stderr]     Checking simd-adler32 v0.3.9
[INFO] [stderr]     Checking miniz_oxide v0.8.9
[INFO] [stderr]     Checking ed25519-dalek v3.0.0
[INFO] [stderr]     Checking crossterm v0.29.0
[INFO] [stderr]     Checking rsa v0.10.0-rc.18
[INFO] [stderr]     Checking argon2 v0.6.0-rc.8
[INFO] [stderr]     Checking ssh-cipher v0.3.0
[INFO] [stderr]     Checking p384 v0.14.0
[INFO] [stderr]     Checking p256 v0.14.0
[INFO] [stderr]     Checking p521 v0.14.0
[INFO] [stderr]     Checking regex v1.12.4
[INFO] [stderr]     Checking ratatui-widgets v0.3.2
[INFO] [stderr]    Compiling serde_derive v1.0.228
[INFO] [stderr]     Checking futures-executor v0.3.32
[INFO] [stderr]     Checking crc32fast v1.5.0
[INFO] [stderr]     Checking bcrypt-pbkdf v0.11.0
[INFO] [stderr]     Checking sha3 v0.11.0
[INFO] [stderr]     Checking rand v0.10.2
[INFO] [stderr]     Checking sha1 v0.11.0
[INFO] [stderr]     Checking kem v0.3.0
[INFO] [stderr]     Checking module-lattice v0.2.3
[INFO] [stderr]    Compiling syn v3.0.3
[INFO] [stderr]     Checking num-integer v0.1.46
[INFO] [stderr]     Checking sponge-cursor v0.1.0
[INFO] [stderr]    Compiling anyhow v1.0.103
[INFO] [stderr]     Checking clap_lex v1.1.0
[INFO] [stderr]     Checking jiff-core v0.1.0
[INFO] [stderr]     Checking untrusted v0.7.1
[INFO] [stderr]     Checking iana-time-zone v0.1.65
[INFO] [stderr]     Checking hex v0.4.3
[INFO] [stderr]    Compiling once_cell v1.21.4
[INFO] [stderr]     Checking hashbrown v0.14.5
[INFO] [stderr]    Compiling enum_dispatch v0.3.13
[INFO] [stderr]     Checking jiff v0.2.35
[INFO] [stderr]     Checking dashmap v6.2.1
[INFO] [stderr]     Checking clap_builder v4.6.6
[INFO] [stderr]     Checking chrono v0.4.45
[INFO] [stderr]     Checking tokio-util v0.7.18
[INFO] [stderr]     Checking russh-util v0.52.0
[INFO] [stderr]     Checking sha3 v0.12.0
[INFO] [stderr]     Checking num-bigint v0.5.1
[INFO] [stderr]     Checking ml-kem v0.3.2
[INFO] [stderr]     Checking ratatui-macros v0.7.2
[INFO] [stderr]     Checking russh-cryptovec v0.62.0
[INFO] [stderr]     Checking flate2 v1.1.9
[INFO] [stderr]     Checking futures v0.3.32
[INFO] [stderr]     Checking env_filter v2.0.0
[INFO] [stderr]     Checking ratatui-crossterm v0.1.2
[INFO] [stderr]     Checking generic-array v1.4.3
[INFO] [stderr]    Compiling delegate v0.13.5
[INFO] [stderr]     Checking ssh-key v0.7.0-rc.11
[INFO] [stderr]     Checking serde_bytes v0.11.19
[INFO] [stderr]     Checking hex-literal v1.1.0
[INFO] [stdout] error[E0493]: destructor of `ArrayBuilder<T, N>` cannot be evaluated at compile-time
[INFO] [stdout]    --> /opt/rustwide/cargo-home/registry/src/index.crates.io-1949cf8c6b5b557f/generic-array-1.4.3/src/internal.rs:103:31
[INFO] [stdout]     |
[INFO] [stdout] 103 |     pub unsafe fn assume_init(self) -> GenericArray<T, N> {
[INFO] [stdout]     |                               ^^^^ the destructor for this type cannot be evaluated in constant functions
[INFO] [stdout] ...
[INFO] [stdout] 109 |     }
[INFO] [stdout]     |     - value is dropped here
[INFO] [stdout] 
[INFO] [stdout] 
[INFO] [stdout] error[E0493]: destructor of `GenericArray<core::mem::MaybeUninit<*const T>, N>` cannot be evaluated at compile-time
[INFO] [stdout]    --> /opt/rustwide/cargo-home/registry/src/index.crates.io-1949cf8c6b5b557f/generic-array-1.4.3/src/lib.rs:970:13
[INFO] [stdout]     |
[INFO] [stdout] 970 |         let mut out: GenericArray<MaybeUninit<*const T>, N> = GenericArray::uninit();
[INFO] [stdout]     |             ^^^^^^^ the destructor for this type cannot be evaluated in constant functions
[INFO] [stdout] ...
[INFO] [stdout] 985 |     }
[INFO] [stdout]     |     - value is dropped here
[INFO] [stdout] 
[INFO] [stdout] 
[INFO] [stdout] error[E0493]: destructor of `GenericArray<core::mem::MaybeUninit<*mut T>, N>` cannot be evaluated at compile-time
[INFO] [stdout]     --> /opt/rustwide/cargo-home/registry/src/index.crates.io-1949cf8c6b5b557f/generic-array-1.4.3/src/lib.rs:1005:13
[INFO] [stdout]      |
[INFO] [stdout] 1005 |         let mut out: GenericArray<MaybeUninit<*mut T>, N> = GenericArray::uninit();
[INFO] [stdout]      |             ^^^^^^^ the destructor for this type cannot be evaluated in constant functions
[INFO] [stdout] ...
[INFO] [stdout] 1020 |     }
[INFO] [stdout]      |     - value is dropped here
[INFO] [stdout] 
[INFO] [stdout] 
[INFO] [stderr]     Checking numtoa v0.2.4
[INFO] [stderr]     Checking fastrand v2.4.1
[INFO] [stdout] For more information about this error, try `rustc --explain E0493`.
[INFO] [stdout] 
[INFO] [stderr] error: could not compile `generic-array` (lib) due to 3 previous errors
[INFO] [stderr] warning: build failed, waiting for other jobs to finish...
[INFO] running `Command { std: "docker" "inspect" "0f2090dc8475936479a1ac0501b9a26c97dde70245a4c6af22b37247a1dc81b8", kill_on_drop: false }`
[INFO] running `Command { std: "docker" "rm" "-f" "0f2090dc8475936479a1ac0501b9a26c97dde70245a4c6af22b37247a1dc81b8", kill_on_drop: false }`
[INFO] [stdout] 0f2090dc8475936479a1ac0501b9a26c97dde70245a4c6af22b37247a1dc81b8
