[INFO] fetching crate rgpui-windows 1.4.1...
[INFO] checking rgpui-windows-1.4.1 against c60b92c03ca8a3b101eb9d57f51e2232690638c7 for pr-164148-crater-rollup
[INFO] extracting crate rgpui-windows 1.4.1 into /workspace/builds/worker-2-tc2/source
[INFO] started tweaking crates.io crate rgpui-windows 1.4.1
[INFO] finished tweaking crates.io crate rgpui-windows 1.4.1
[INFO] tweaked toml for crates.io crate rgpui-windows 1.4.1 written to /workspace/builds/worker-2-tc2/source/Cargo.toml
[INFO] validating manifest of crates.io crate rgpui-windows 1.4.1 on toolchain c60b92c03ca8a3b101eb9d57f51e2232690638c7
[INFO] running `Command { std: CARGO_HOME="/workspace/cargo-home" RUSTUP_HOME="/workspace/rustup-home" "/workspace/cargo-home/bin/cargo" "+c60b92c03ca8a3b101eb9d57f51e2232690638c7" "metadata" "--manifest-path" "Cargo.toml" "--no-deps", kill_on_drop: false }`
[INFO] crate crates.io crate rgpui-windows 1.4.1 already has a lockfile, it will not be regenerated
[INFO] running `Command { std: CARGO_HOME="/workspace/cargo-home" RUSTUP_HOME="/workspace/rustup-home" "/workspace/cargo-home/bin/cargo" "+c60b92c03ca8a3b101eb9d57f51e2232690638c7" "fetch" "--manifest-path" "Cargo.toml", kill_on_drop: false }`
[INFO] running `Command { std: "docker" "create" "-v" "/var/lib/crater-agent-workspace/builds/worker-2-tc2/source:/opt/rustwide/workdir:ro,Z" "-v" "/var/lib/crater-agent-workspace/builds/worker-2-tc2/target:/opt/rustwide/target:rw,Z" "-v" "/var/lib/crater-agent-workspace/cargo-home:/opt/rustwide/cargo-home:ro,Z" "-v" "/var/lib/crater-agent-workspace/rustup-home:/opt/rustwide/rustup-home:ro,Z" "-m" "1610612736" "--network" "none" "ghcr.io/rust-lang/crates-build-env/linux@sha256:77db811e55d90add9212f6832c23229e3de5f1c1f9905e8cb07319ea15df73ac" "sleep" "infinity", kill_on_drop: false }`
[INFO] [stdout] ab188b908bd5660877c9af20ebf5587851e62e351052f78bec5bcfd324e8ce35
[INFO] running `Command { std: "docker" "start" "ab188b908bd5660877c9af20ebf5587851e62e351052f78bec5bcfd324e8ce35", kill_on_drop: false }`
[INFO] running `Command { std: "docker" "inspect" "ab188b908bd5660877c9af20ebf5587851e62e351052f78bec5bcfd324e8ce35", kill_on_drop: false }`
[INFO] running `Command { std: "docker" "exec" "-e" "SOURCE_DIR=/opt/rustwide/workdir" "-e" "CARGO_HOME=/opt/rustwide/cargo-home" "-e" "RUSTUP_HOME=/opt/rustwide/rustup-home" "-e" "CARGO_TARGET_DIR=/opt/rustwide/target" "-w" "/opt/rustwide/workdir" "--user" "0:0" "ab188b908bd5660877c9af20ebf5587851e62e351052f78bec5bcfd324e8ce35" "/opt/rustwide/cargo-home/bin/cargo" "+c60b92c03ca8a3b101eb9d57f51e2232690638c7" "metadata" "--no-deps" "--format-version=1", kill_on_drop: false }`
[INFO] running `Command { std: "docker" "inspect" "ab188b908bd5660877c9af20ebf5587851e62e351052f78bec5bcfd324e8ce35", kill_on_drop: false }`
[INFO] running `Command { std: "docker" "exec" "-e" "SOURCE_DIR=/opt/rustwide/workdir" "-e" "CARGO_HOME=/opt/rustwide/cargo-home" "-e" "RUSTUP_HOME=/opt/rustwide/rustup-home" "-e" "CARGO_TARGET_DIR=/opt/rustwide/target" "-e" "CARGO_INCREMENTAL=0" "-e" "RUST_BACKTRACE=full" "-e" "RUSTFLAGS=--cap-lints=forbid" "-e" "RUSTDOCFLAGS=--cap-lints=forbid" "-w" "/opt/rustwide/workdir" "--user" "0:0" "ab188b908bd5660877c9af20ebf5587851e62e351052f78bec5bcfd324e8ce35" "/opt/rustwide/cargo-home/bin/cargo" "+c60b92c03ca8a3b101eb9d57f51e2232690638c7" "check" "--frozen" "--all" "--all-targets" "--message-format=json", kill_on_drop: false }`
[INFO] [stderr]    Compiling proc-macro2 v1.0.107
[INFO] [stderr]     Checking futures-io v0.3.34
[INFO] [stderr]     Checking parking v2.2.1
[INFO] [stderr]     Checking concurrent-queue v2.5.0
[INFO] [stderr]     Checking value-bag v1.14.1
[INFO] [stderr]    Compiling rustix v1.1.4
[INFO] [stderr]    Compiling num-traits v0.2.19
[INFO] [stderr]     Checking arrayvec v0.7.8
[INFO] [stderr]     Checking smallvec v1.16.0
[INFO] [stderr]     Checking linux-raw-sys v0.12.1
[INFO] [stderr]     Checking futures-lite v2.6.1
[INFO] [stderr]     Checking simd-adler32 v0.3.10
[INFO] [stderr]     Checking log v0.4.34
[INFO] [stderr]     Checking event-listener v5.4.2
[INFO] [stderr]    Compiling serde_core v1.0.229
[INFO] [stderr]    Compiling find-msvc-tools v0.1.11
[INFO] [stderr]    Compiling cc v1.4.4
[INFO] [stderr]    Compiling crc32fast v1.5.1
[INFO] [stderr]     Checking event-listener-strategy v0.5.4
[INFO] [stderr]    Compiling async-io v2.6.0
[INFO] [stderr]     Checking async-task v4.7.1
[INFO] [stderr]     Checking async-channel v2.5.0
[INFO] [stderr]     Checking miniz_oxide v0.9.1
[INFO] [stderr]    Compiling typenum v1.20.1
[INFO] [stderr]    Compiling quote v1.0.47
[INFO] [stderr]    Compiling object v0.39.1
[INFO] [stderr]    Compiling syn v3.0.4
[INFO] [stderr]    Compiling syn v2.0.119
[INFO] [stderr]     Checking piper v0.2.5
[INFO] [stderr]     Checking flate2 v1.1.10
[INFO] [stderr]    Compiling hybrid-array v0.4.14
[INFO] [stderr]    Compiling slotmap v1.1.1
[INFO] [stderr]     Checking blocking v1.7.0
[INFO] [stderr]     Checking euclid v0.22.14
[INFO] [stderr]     Checking async-lock v3.4.2
[INFO] [stderr]    Compiling serde v1.0.229
[INFO] [stderr]    Compiling crypto-common v0.2.2
[INFO] [stderr]    Compiling block-buffer v0.12.1
[INFO] [stderr]     Checking miniz_oxide v0.8.9
[INFO] [stderr]    Compiling aho-corasick v1.1.5
[INFO] [stderr]    Compiling const-oid v0.10.2
[INFO] [stderr]    Compiling winnow v1.0.4
[INFO] [stderr]     Checking float-cmp v0.9.0
[INFO] [stderr]     Checking regex-automata v0.4.18
[INFO] [stderr]     Checking strict-num v0.1.1
[INFO] [stderr]    Compiling toml_datetime v1.1.1+spec-1.1.0
[INFO] [stderr]    Compiling serde_spanned v1.1.1
[INFO] [stderr]    Compiling toml_parser v1.1.3+spec-1.1.0
[INFO] [stderr]    Compiling digest v0.11.3
[INFO] [stderr]     Checking lyon_geom v1.0.19
[INFO] [stderr]    Compiling bytemuck_derive v1.12.0
[INFO] [stderr]    Compiling zerovec-derive v0.11.6
[INFO] [stderr]    Compiling synstructure v0.13.2
[INFO] [stderr]    Compiling displaydoc v0.2.7
[INFO] [stderr]    Compiling ar_archive_writer v0.5.3
[INFO] [stderr]    Compiling serde_derive v1.0.229
[INFO] [stderr]     Checking bytemuck v1.25.2
[INFO] [stderr]     Checking async-executor v1.14.0
[INFO] [stderr]     Checking fdeflate v0.3.7
[INFO] [stderr]     Checking polycool v0.4.0
[INFO] [stderr]     Checking font-types v0.12.4
[INFO] [stderr]    Compiling bstr v1.13.1
[INFO] [stderr]    Compiling binrw_derive v0.15.2
[INFO] [stderr]    Compiling zerofrom-derive v0.1.7
[INFO] [stderr]    Compiling yoke-derive v0.8.2
[INFO] [stderr]     Checking read-fonts v0.41.0
[INFO] [stderr]    Compiling psm v0.1.32
[INFO] [stderr]    Compiling cpufeatures v0.3.1
[INFO] [stderr]     Checking futures-sink v0.3.34
[INFO] [stderr]     Checking roxmltree v0.20.0
[INFO] [stderr]    Compiling toml_writer v1.1.2+spec-1.1.0
[INFO] [stderr]    Compiling crossbeam-deque v0.8.7
[INFO] [stderr]    Compiling toml v1.1.5+spec-1.1.0
[INFO] [stderr]     Checking fontconfig-parser v0.5.8
[INFO] [stderr]     Checking indexmap v2.14.1
[INFO] [stderr]     Checking polling v3.11.0
[INFO] [stderr]    Compiling sha2 v0.11.0
[INFO] [stderr]     Checking tiny-skia-path v0.12.0
[INFO] [stderr]     Checking zerofrom v0.1.8
[INFO] [stderr]     Checking yoke v0.8.3
[INFO] [stderr]     Checking async-signal v0.2.14
[INFO] [stderr]     Checking zerovec v0.11.8
[INFO] [stderr]     Checking zerotrie v0.2.5
[INFO] [stderr]     Checking async-process v2.5.0
[INFO] [stderr]    Compiling nix v0.31.3
[INFO] [stderr]    Compiling globset v0.4.20
[INFO] [stderr]     Checking futures-channel v0.3.34
[INFO] [stderr]    Compiling pin-project-internal v1.1.13
[INFO] [stderr]     Checking tinystr v0.8.4
[INFO] [stderr]     Checking potential_utf v0.1.6
[INFO] [stderr]     Checking kurbo v0.13.1
[INFO] [stderr]     Checking icu_collections v2.3.0
[INFO] [stderr]     Checking icu_locale_core v2.3.0
[INFO] [stderr]     Checking png v0.18.1
[INFO] [stderr]     Checking lyon_path v1.0.19
[INFO] [stderr]    Compiling futures-macro v0.3.34
[INFO] [stderr]    Compiling thiserror-impl v2.0.20
[INFO] [stderr]     Checking crossbeam-epoch v0.9.20
[INFO] [stderr]    Compiling mime_guess v2.0.5
[INFO] [stderr]    Compiling stacker v0.1.25
[INFO] [stderr]    Compiling pathfinder_simd v0.5.6
[INFO] [stderr]     Checking icu_provider v2.3.1
[INFO] [stderr]     Checking event-listener v2.5.3
[INFO] [stderr]    Compiling mime v0.3.17
[INFO] [stderr]    Compiling owo-colors v4.4.0
[INFO] [stderr]     Checking zune-core v0.5.3
[INFO] [stderr]     Checking compression-core v0.4.33
[INFO] [stderr]    Compiling binrw v0.15.2
[INFO] [stderr]    Compiling ref-cast v1.0.27
[INFO] [stderr]    Compiling either v1.18.0
[INFO] [stderr]    Compiling serde_json v1.0.151
[INFO] [stderr]     Checking icu_normalizer v2.3.0
[INFO] [stderr]     Checking icu_properties v2.3.0
[INFO] [stderr]     Checking zune-jpeg v0.5.15
[INFO] [stderr]     Checking compression-codecs v0.4.39
[INFO] [stderr]     Checking svgtypes v0.16.1
[INFO] [stderr]     Checking futures-util v0.3.34
[INFO] [stderr]     Checking thiserror v2.0.20
[INFO] [stderr]     Checking async-channel v1.9.0
[INFO] [stderr]     Checking fontdb v0.24.0
[INFO] [stderr]     Checking pin-project v1.1.13
[INFO] [stderr]    Compiling rust-embed-utils v8.12.0
[INFO] [stderr]    Compiling embed-resource v3.0.11
[INFO] [stderr]     Checking async-global-executor v2.4.1
[INFO] [stderr]    Compiling ref-cast-impl v1.0.27
[INFO] [stderr]    Compiling serde_derive_internals v0.30.0
[INFO] [stderr]     Checking kv-log-macro v1.0.7
[INFO] [stderr]     Checking simplecss v0.2.2
[INFO] [stderr]     Checking roxmltree v0.21.1
[INFO] [stderr]     Checking unicode-vo v0.1.0
[INFO] [stderr]     Checking pico-args v0.5.0
[INFO] [stderr]    Compiling heapless v0.9.3
[INFO] [stderr]     Checking xmlwriter v0.1.0
[INFO] [stderr]    Compiling serde_json_lenient v0.2.4
[INFO] [stderr]     Checking idna_adapter v1.2.2
[INFO] [stderr]     Checking array-init v2.1.0
[INFO] [stderr]     Checking byteorder v1.5.0
[INFO] [stderr]     Checking base64 v0.23.1
[INFO] [stderr]     Checking float_next_after v1.0.0
[INFO] [stderr]     Checking pxfm v0.1.30
[INFO] [stderr]     Checking data-url v0.3.2
[INFO] [stderr]     Checking unicode-bidi v0.3.18
[INFO] [stderr]     Checking option-ext v0.2.0
[INFO] [stderr]     Checking unicode-script v0.5.8
[INFO] [stderr]     Checking imagesize v0.15.0
[INFO] [stderr]     Checking dirs-sys v0.5.0
[INFO] [stderr]     Checking hash32 v0.3.1
[INFO] [stderr]     Checking lyon_tessellation v1.0.21
[INFO] [stderr]    Compiling derive_more-impl v2.1.1
[INFO] [stderr]    Compiling schemars_derive v1.2.2
[INFO] [stderr]     Checking idna v1.1.0
[INFO] [stderr]     Checking async-std v1.13.2
[INFO] [stderr]    Compiling rgpui v1.4.1
[INFO] [stderr]     Checking harfrust v0.12.0
[INFO] [stderr]     Checking skrifa v0.44.0
[INFO] [stderr]    Compiling rust-embed-impl v8.12.0
[INFO] [stderr]     Checking futures-executor v0.3.34
[INFO] [stderr]     Checking parking_lot_core v0.9.12
[INFO] [stderr]     Checking rayon-core v1.13.0
[INFO] [stderr]     Checking async-compression v0.4.44
[INFO] [stderr]    Compiling strum_macros v0.28.0
[INFO] [stderr]     Checking tiny-skia v0.12.0
[INFO] [stderr]     Checking lyon_algorithms v1.0.21
[INFO] [stderr]     Checking moxcms v0.8.1
[INFO] [stderr]     Checking async-net v2.0.0
[INFO] [stderr]     Checking xattr v1.6.1
[INFO] [stderr]    Compiling tracing-attributes v0.1.31
[INFO] [stderr]    Compiling enumn v0.1.14
[INFO] [stderr]    Compiling profiling-procmacros v1.0.18
[INFO] [stderr]     Checking rgb v0.8.53
[INFO] [stderr]    Compiling stacksafe-macro v1.0.3
[INFO] [stderr]     Checking uuid v1.26.0
[INFO] [stderr]     Checking async-fs v2.2.0
[INFO] [stderr]    Compiling linktime-proc-macro v0.2.3
[INFO] [stderr]     Checking grid v1.0.1
[INFO] [stderr]     Checking link-section v0.19.3
[INFO] [stderr]     Checking fixedbitset v0.5.7
[INFO] [stderr]     Checking schemars v1.2.2
[INFO] [stderr]     Checking futures-concurrency v7.7.1
[INFO] [stderr]     Checking usvg v0.48.1
[INFO] [stderr]     Checking tracing v0.1.44
[INFO] [stderr]     Checking ctor v1.0.13
[INFO] [stderr]     Checking backtrace v0.3.76
[INFO] [stderr]     Checking strum v0.28.0
[INFO] [stderr]     Checking chrono v0.4.45
[INFO] [stderr]     Checking taffy v0.10.1
[INFO] [stderr]     Checking async_zip v0.0.19
[INFO] [stderr]     Checking ropey v2.0.0-beta.1
[INFO] [stderr]     Checking accesskit v0.24.1
[INFO] [stderr]     Checking smol v2.0.2
[INFO] [stderr]     Checking async-tar v0.6.1
[INFO] [stderr]     Checking stacksafe v1.0.3
[INFO] [stderr]     Checking profiling v1.0.18
[INFO] [stderr]     Checking lyon v1.0.19
[INFO] [stderr]     Checking rayon v1.12.0
[INFO] [stderr]     Checking pathfinder_geometry v0.5.1
[INFO] [stderr]     Checking rust-embed v8.12.0
[INFO] [stderr]     Checking parking_lot v0.12.5
[INFO] [stderr]     Checking futures v0.3.34
[INFO] [stderr]     Checking derive_more v2.1.1
[INFO] [stderr]     Checking command-fds v0.3.3
[INFO] [stderr]     Checking resvg v0.48.1
[INFO] [stderr]     Checking url v2.5.8
[INFO] [stderr]     Checking dirs v6.0.0
[INFO] [stderr]     Checking itertools v0.15.0
[INFO] [stderr]     Checking serde_urlencoded v0.7.1
[INFO] [stderr]     Checking spin v0.12.3
[INFO] [stderr]    Compiling rgpui-macros v1.4.1
[INFO] [stderr]     Checking tempfile v3.27.0
[INFO] [stderr]     Checking regex v1.13.1
[INFO] [stderr]     Checking image v0.25.10
[INFO] [stderr]    Compiling serde_repr v0.1.21
[INFO] [stderr]     Checking etagere v0.3.0
[INFO] [stderr]     Checking which v8.0.6
[INFO] [stderr]     Checking num_cpus v1.17.0
[INFO] [stderr]     Checking instant v0.1.13
[INFO] [stderr]     Checking inventory v0.3.24
[INFO] [stderr]     Checking shlex v2.0.1
[INFO] [stderr]     Checking seahash v4.1.0
[INFO] [stderr]     Checking dunce v1.0.5
[INFO] [stderr]     Checking raw-window-handle v0.6.2
[INFO] [stderr]    Compiling rgpui-windows v1.4.1 (/opt/rustwide/workdir)
[INFO] [stderr]     Checking smol_str v0.3.6
[INFO] [stderr]     Checking web-time v1.1.0
[INFO] [stderr]     Checking take-until v0.2.0
[INFO] [stderr]     Checking waker-fn v1.2.0
[INFO] [stderr]     Checking ttf-parser v0.25.1
[INFO] [stderr]     Checking pollster v1.0.1
[INFO] [stderr]     Checking unicase v2.9.0
[INFO] [stdout] error[E0277]: `<<T as util::sum_tree::Item>::Summary as util::sum_tree::Summary>::Context<'_>` cannot be sent between threads safely
[INFO] [stdout]    --> /opt/rustwide/cargo-home/registry/src/index.crates.io-1949cf8c6b5b557f/rgpui-1.4.1/src/util/sum_tree/mod.rs:330:18
[INFO] [stdout]     |
[INFO] [stdout] 330 |               .map(|items| {
[INFO] [stdout]     |                --- ^------
[INFO] [stdout]     |                |   |
[INFO] [stdout]     |  ______________|___within this `{closure@mod.rs:330:18}`
[INFO] [stdout]     | |              |
[INFO] [stdout]     | |              required by a bound introduced by this call
[INFO] [stdout] 331 | |                 let items: ArrayVec<T, { 2 * TREE_BASE }, u8> = items.into_iter().collect();
[INFO] [stdout] 332 | |                 let item_summaries: ArrayVec<T::Summary, { 2 * TREE_BASE }, u8> =
[INFO] [stdout] 333 | |                     items.iter().map(|item| item.summary(cx)).collect();
[INFO] [stdout] ...   |
[INFO] [stdout] 342 | |                 }))
[INFO] [stdout] 343 | |             })
[INFO] [stdout]     | |_____________^ `<<T as util::sum_tree::Item>::Summary as util::sum_tree::Summary>::Context<'_>` cannot be sent between threads safely
[INFO] [stdout]     |
[INFO] [stdout]     = help: within `{closure@mod.rs:330:18}`, the trait `std::marker::Send` is not implemented for `<<T as util::sum_tree::Item>::Summary as util::sum_tree::Summary>::Context<'_>`
[INFO] [stdout] note: required because `cx` is used within this closure
[INFO] [stdout]    --> /opt/rustwide/cargo-home/registry/src/index.crates.io-1949cf8c6b5b557f/rgpui-1.4.1/src/util/sum_tree/mod.rs:333:58
[INFO] [stdout]     |
[INFO] [stdout] 333 |                     items.iter().map(|item| item.summary(cx)).collect();
[INFO] [stdout]     |                                                          ^^
[INFO] [stdout] note: required by a bound in `rayon::iter::ParallelIterator::map`
[INFO] [stdout]    --> /opt/rustwide/cargo-home/registry/src/index.crates.io-1949cf8c6b5b557f/rayon-1.12.0/src/iter/mod.rs:595:41
[INFO] [stdout]     |
[INFO] [stdout] 357 | pub trait ParallelIterator: Sized + Send {
[INFO] [stdout] ...
[INFO] [stdout] 593 |     fn map<F, R>(self, map_op: F) -> Map<Self, F>
[INFO] [stdout] 594 |     where
[INFO] [stdout] 595 |         F: Fn(Self::Item) -> R + Sync + Send,
[INFO] [stdout]     |                                         ^^^^ required by this bound in `ParallelIterator::map`
[INFO] [stdout]     = note: the full name for the type has been written to '/opt/rustwide/target/debug/build/rgpui/e04bc498299148de/out/rgpui-e04bc498299148de.long-type-9191330788691369518.txt'
[INFO] [stdout]     = note: consider using `--verbose` to print the full type name to the console
[INFO] [stdout] help: consider further restricting the associated type
[INFO] [stdout]     |
[INFO] [stdout] 325 |         for<'a> <T::Summary as Summary>::Context<'a>: Sync, <<T as util::sum_tree::Item>::Summary as util::sum_tree::Summary>::Context<'_>: std::marker::Send
[INFO] [stdout]     |                                                             +++++++++++++++++++++++++++++++++++++++++++++++++++++++++++++++++++++++++++++++++++++++++++++++++
[INFO] [stdout] 
[INFO] [stdout] 
[INFO] [stdout] error[E0277]: `<<T as util::sum_tree::Item>::Summary as util::sum_tree::Summary>::Context<'_>` cannot be sent between threads safely
[INFO] [stdout]    --> /opt/rustwide/cargo-home/registry/src/index.crates.io-1949cf8c6b5b557f/rgpui-1.4.1/src/util/sum_tree/mod.rs:327:25
[INFO] [stdout]     |
[INFO] [stdout] 327 |           let mut nodes = iter
[INFO] [stdout]     |  _________________________^
[INFO] [stdout] 328 | |             .into_par_iter()
[INFO] [stdout] 329 | |             .chunks(2 * TREE_BASE)
[INFO] [stdout] 330 | |             .map(|items| {
[INFO] [stdout]     | |                  ------- within this `{closure@mod.rs:330:18}`
[INFO] [stdout] ...   |
[INFO] [stdout] 343 | |             })
[INFO] [stdout] 344 | |             .collect::<Vec<_>>();
[INFO] [stdout]     | |________________________________^ `<<T as util::sum_tree::Item>::Summary as util::sum_tree::Summary>::Context<'_>` cannot be sent between threads safely
[INFO] [stdout]     |
[INFO] [stdout]     = help: within `{closure@mod.rs:330:18}`, the trait `std::marker::Send` is not implemented for `<<T as util::sum_tree::Item>::Summary as util::sum_tree::Summary>::Context<'_>`
[INFO] [stdout] note: required because `cx` is used within this closure
[INFO] [stdout]    --> /opt/rustwide/cargo-home/registry/src/index.crates.io-1949cf8c6b5b557f/rgpui-1.4.1/src/util/sum_tree/mod.rs:333:58
[INFO] [stdout]     |
[INFO] [stdout] 333 |                     items.iter().map(|item| item.summary(cx)).collect();
[INFO] [stdout]     |                                                          ^^
[INFO] [stdout]     = note: required for `Map<Chunks<Iter>, {closure@mod.rs:330:18}>` to implement `ParallelIterator`
[INFO] [stdout]     = note: the full name for the type has been written to '/opt/rustwide/target/debug/build/rgpui/e04bc498299148de/out/rgpui-e04bc498299148de.long-type-9191330788691369518.txt'
[INFO] [stdout]     = note: consider using `--verbose` to print the full type name to the console
[INFO] [stdout] help: consider further restricting the associated type
[INFO] [stdout]     |
[INFO] [stdout] 325 |         for<'a> <T::Summary as Summary>::Context<'a>: Sync, <<T as util::sum_tree::Item>::Summary as util::sum_tree::Summary>::Context<'_>: std::marker::Send
[INFO] [stdout]     |                                                             +++++++++++++++++++++++++++++++++++++++++++++++++++++++++++++++++++++++++++++++++++++++++++++++++
[INFO] [stdout] 
[INFO] [stdout] 
[INFO] [stdout] error[E0277]: `<<T as util::sum_tree::Item>::Summary as util::sum_tree::Summary>::Context<'_>` cannot be sent between threads safely
[INFO] [stdout]    --> /opt/rustwide/cargo-home/registry/src/index.crates.io-1949cf8c6b5b557f/rgpui-1.4.1/src/util/sum_tree/mod.rs:352:22
[INFO] [stdout]     |
[INFO] [stdout] 352 |                   .map(|child_nodes| {
[INFO] [stdout]     |                    --- ^------------
[INFO] [stdout]     |                    |   |
[INFO] [stdout]     |  __________________|___within this `{closure@mod.rs:352:22}`
[INFO] [stdout]     | |                  |
[INFO] [stdout]     | |                  required by a bound introduced by this call
[INFO] [stdout] 353 | |                     let child_trees: ArrayVec<SumTree<T>, { 2 * TREE_BASE }, u8> =
[INFO] [stdout] 354 | |                         child_nodes.into_iter().collect();
[INFO] [stdout] 355 | |                     let child_summaries: ArrayVec<T::Summary, { 2 * TREE_BASE }, u8> = child_trees
[INFO] [stdout] ...   |
[INFO] [stdout] 368 | |                     }))
[INFO] [stdout] 369 | |                 })
[INFO] [stdout]     | |_________________^ `<<T as util::sum_tree::Item>::Summary as util::sum_tree::Summary>::Context<'_>` cannot be sent between threads safely
[INFO] [stdout]     |
[INFO] [stdout]     = help: within `{closure@mod.rs:352:22}`, the trait `std::marker::Send` is not implemented for `<<T as util::sum_tree::Item>::Summary as util::sum_tree::Summary>::Context<'_>`
[INFO] [stdout] note: required because `cx` is used within this closure
[INFO] [stdout]    --> /opt/rustwide/cargo-home/registry/src/index.crates.io-1949cf8c6b5b557f/rgpui-1.4.1/src/util/sum_tree/mod.rs:361:91
[INFO] [stdout]     |
[INFO] [stdout] 361 |                         <T::Summary as Summary>::add_summary(&mut summary, child_summary, cx);
[INFO] [stdout]     |                                                                                           ^^
[INFO] [stdout] note: required by a bound in `rayon::iter::ParallelIterator::map`
[INFO] [stdout]    --> /opt/rustwide/cargo-home/registry/src/index.crates.io-1949cf8c6b5b557f/rayon-1.12.0/src/iter/mod.rs:595:41
[INFO] [stdout]     |
[INFO] [stdout] 357 | pub trait ParallelIterator: Sized + Send {
[INFO] [stdout] ...
[INFO] [stdout] 593 |     fn map<F, R>(self, map_op: F) -> Map<Self, F>
[INFO] [stdout] 594 |     where
[INFO] [stdout] 595 |         F: Fn(Self::Item) -> R + Sync + Send,
[INFO] [stdout]     |                                         ^^^^ required by this bound in `ParallelIterator::map`
[INFO] [stdout]     = note: the full name for the type has been written to '/opt/rustwide/target/debug/build/rgpui/e04bc498299148de/out/rgpui-e04bc498299148de.long-type-6874163288434438506.txt'
[INFO] [stdout]     = note: consider using `--verbose` to print the full type name to the console
[INFO] [stdout] help: consider further restricting the associated type
[INFO] [stdout]     |
[INFO] [stdout] 325 |         for<'a> <T::Summary as Summary>::Context<'a>: Sync, <<T as util::sum_tree::Item>::Summary as util::sum_tree::Summary>::Context<'_>: std::marker::Send
[INFO] [stdout]     |                                                             +++++++++++++++++++++++++++++++++++++++++++++++++++++++++++++++++++++++++++++++++++++++++++++++++
[INFO] [stdout] 
[INFO] [stdout] 
[INFO] [stdout] error[E0277]: `<<T as util::sum_tree::Item>::Summary as util::sum_tree::Summary>::Context<'_>` cannot be sent between threads safely
[INFO] [stdout]    --> /opt/rustwide/cargo-home/registry/src/index.crates.io-1949cf8c6b5b557f/rgpui-1.4.1/src/util/sum_tree/mod.rs:349:21
[INFO] [stdout]     |
[INFO] [stdout] 349 |               nodes = nodes
[INFO] [stdout]     |  _____________________^
[INFO] [stdout] 350 | |                 .into_par_iter()
[INFO] [stdout] 351 | |                 .chunks(2 * TREE_BASE)
[INFO] [stdout] 352 | |                 .map(|child_nodes| {
[INFO] [stdout]     | |                      ------------- within this `{closure@mod.rs:352:22}`
[INFO] [stdout] ...   |
[INFO] [stdout] 369 | |                 })
[INFO] [stdout] 370 | |                 .collect::<Vec<_>>();
[INFO] [stdout]     | |____________________________________^ `<<T as util::sum_tree::Item>::Summary as util::sum_tree::Summary>::Context<'_>` cannot be sent between threads safely
[INFO] [stdout]     |
[INFO] [stdout]     = help: within `{closure@mod.rs:352:22}`, the trait `std::marker::Send` is not implemented for `<<T as util::sum_tree::Item>::Summary as util::sum_tree::Summary>::Context<'_>`
[INFO] [stdout] note: required because `cx` is used within this closure
[INFO] [stdout]    --> /opt/rustwide/cargo-home/registry/src/index.crates.io-1949cf8c6b5b557f/rgpui-1.4.1/src/util/sum_tree/mod.rs:361:91
[INFO] [stdout]     |
[INFO] [stdout] 361 |                         <T::Summary as Summary>::add_summary(&mut summary, child_summary, cx);
[INFO] [stdout]     |                                                                                           ^^
[INFO] [stdout]     = note: required for `Map<Chunks<IntoIter<SumTree<T>>>, {closure@mod.rs:352:22}>` to implement `ParallelIterator`
[INFO] [stdout]     = note: the full name for the type has been written to '/opt/rustwide/target/debug/build/rgpui/e04bc498299148de/out/rgpui-e04bc498299148de.long-type-6874163288434438506.txt'
[INFO] [stdout]     = note: consider using `--verbose` to print the full type name to the console
[INFO] [stdout] help: consider further restricting the associated type
[INFO] [stdout]     |
[INFO] [stdout] 325 |         for<'a> <T::Summary as Summary>::Context<'a>: Sync, <<T as util::sum_tree::Item>::Summary as util::sum_tree::Summary>::Context<'_>: std::marker::Send
[INFO] [stdout]     |                                                             +++++++++++++++++++++++++++++++++++++++++++++++++++++++++++++++++++++++++++++++++++++++++++++++++
[INFO] [stdout] 
[INFO] [stdout] 
[INFO] [stdout] For more information about this error, try `rustc --explain E0277`.
[INFO] [stdout] 
[INFO] [stderr] error: could not compile `rgpui` (lib) due to 4 previous errors
[INFO] running `Command { std: "docker" "inspect" "ab188b908bd5660877c9af20ebf5587851e62e351052f78bec5bcfd324e8ce35", kill_on_drop: false }`
[INFO] running `Command { std: "docker" "rm" "-f" "ab188b908bd5660877c9af20ebf5587851e62e351052f78bec5bcfd324e8ce35", kill_on_drop: false }`
[INFO] [stdout] ab188b908bd5660877c9af20ebf5587851e62e351052f78bec5bcfd324e8ce35
