[INFO] fetching crate revolt-ratelimits 0.15.1...
[INFO] checking revolt-ratelimits-0.15.1 against c60b92c03ca8a3b101eb9d57f51e2232690638c7 for pr-164148-crater-rollup
[INFO] extracting crate revolt-ratelimits 0.15.1 into /workspace/builds/worker-7-tc2/source
[INFO] started tweaking crates.io crate revolt-ratelimits 0.15.1
[INFO] finished tweaking crates.io crate revolt-ratelimits 0.15.1
[INFO] tweaked toml for crates.io crate revolt-ratelimits 0.15.1 written to /workspace/builds/worker-7-tc2/source/Cargo.toml
[INFO] validating manifest of crates.io crate revolt-ratelimits 0.15.1 on toolchain c60b92c03ca8a3b101eb9d57f51e2232690638c7
[INFO] running `Command { std: CARGO_HOME="/workspace/cargo-home" RUSTUP_HOME="/workspace/rustup-home" "/workspace/cargo-home/bin/cargo" "+c60b92c03ca8a3b101eb9d57f51e2232690638c7" "metadata" "--manifest-path" "Cargo.toml" "--no-deps", kill_on_drop: false }`
[INFO] crate crates.io crate revolt-ratelimits 0.15.1 already has a lockfile, it will not be regenerated
[INFO] running `Command { std: CARGO_HOME="/workspace/cargo-home" RUSTUP_HOME="/workspace/rustup-home" "/workspace/cargo-home/bin/cargo" "+c60b92c03ca8a3b101eb9d57f51e2232690638c7" "fetch" "--manifest-path" "Cargo.toml", kill_on_drop: false }`
[INFO] running `Command { std: "docker" "create" "-v" "/var/lib/crater-agent-workspace/builds/worker-7-tc2/source:/opt/rustwide/workdir:ro,Z" "-v" "/var/lib/crater-agent-workspace/builds/worker-7-tc2/target:/opt/rustwide/target:rw,Z" "-v" "/var/lib/crater-agent-workspace/cargo-home:/opt/rustwide/cargo-home:ro,Z" "-v" "/var/lib/crater-agent-workspace/rustup-home:/opt/rustwide/rustup-home:ro,Z" "-m" "1610612736" "--network" "none" "ghcr.io/rust-lang/crates-build-env/linux@sha256:77db811e55d90add9212f6832c23229e3de5f1c1f9905e8cb07319ea15df73ac" "sleep" "infinity", kill_on_drop: false }`
[INFO] [stdout] 3a48a70eb34828a1e451331884550f7597365a4e8472691c68ddc00e2ab49688
[INFO] running `Command { std: "docker" "start" "3a48a70eb34828a1e451331884550f7597365a4e8472691c68ddc00e2ab49688", kill_on_drop: false }`
[INFO] running `Command { std: "docker" "inspect" "3a48a70eb34828a1e451331884550f7597365a4e8472691c68ddc00e2ab49688", kill_on_drop: false }`
[INFO] running `Command { std: "docker" "exec" "-e" "SOURCE_DIR=/opt/rustwide/workdir" "-e" "CARGO_HOME=/opt/rustwide/cargo-home" "-e" "RUSTUP_HOME=/opt/rustwide/rustup-home" "-e" "CARGO_TARGET_DIR=/opt/rustwide/target" "-w" "/opt/rustwide/workdir" "--user" "0:0" "3a48a70eb34828a1e451331884550f7597365a4e8472691c68ddc00e2ab49688" "/opt/rustwide/cargo-home/bin/cargo" "+c60b92c03ca8a3b101eb9d57f51e2232690638c7" "metadata" "--no-deps" "--format-version=1", kill_on_drop: false }`
[INFO] running `Command { std: "docker" "inspect" "3a48a70eb34828a1e451331884550f7597365a4e8472691c68ddc00e2ab49688", kill_on_drop: false }`
[INFO] running `Command { std: "docker" "exec" "-e" "SOURCE_DIR=/opt/rustwide/workdir" "-e" "CARGO_HOME=/opt/rustwide/cargo-home" "-e" "RUSTUP_HOME=/opt/rustwide/rustup-home" "-e" "CARGO_TARGET_DIR=/opt/rustwide/target" "-e" "CARGO_INCREMENTAL=0" "-e" "RUST_BACKTRACE=full" "-e" "RUSTFLAGS=--cap-lints=forbid" "-e" "RUSTDOCFLAGS=--cap-lints=forbid" "-w" "/opt/rustwide/workdir" "--user" "0:0" "3a48a70eb34828a1e451331884550f7597365a4e8472691c68ddc00e2ab49688" "/opt/rustwide/cargo-home/bin/cargo" "+c60b92c03ca8a3b101eb9d57f51e2232690638c7" "check" "--frozen" "--all" "--all-targets" "--message-format=json", kill_on_drop: false }`
[INFO] [stderr]     Checking memchr v2.8.2
[INFO] [stderr]     Checking bytes v1.12.0
[INFO] [stderr]     Checking futures-io v0.3.32
[INFO] [stderr]     Checking futures-task v0.3.32
[INFO] [stderr]    Compiling syn v2.0.118
[INFO] [stderr]     Checking once_cell v1.21.4
[INFO] [stderr]     Checking parking_lot_core v0.9.12
[INFO] [stderr]     Checking indexmap v2.14.0
[INFO] [stderr]    Compiling serde_json v1.0.150
[INFO] [stderr]    Compiling cc v1.2.65
[INFO] [stderr]    Compiling time-macros v0.2.30
[INFO] [stderr]     Checking getrandom v0.4.3
[INFO] [stderr]     Checking time-core v0.1.9
[INFO] [stderr]     Checking ppv-lite86 v0.2.21
[INFO] [stderr]    Compiling syn v1.0.109
[INFO] [stderr]    Compiling proc-macro2-diagnostics v0.10.1
[INFO] [stderr]    Compiling aws-lc-rs v1.17.0
[INFO] [stderr]     Checking digest v0.10.7
[INFO] [stderr]     Checking uuid v1.23.3
[INFO] [stderr]     Checking tracing-core v0.1.36
[INFO] [stderr]     Checking rustls-pki-types v1.14.1
[INFO] [stderr]     Checking block-padding v0.3.3
[INFO] [stderr]    Compiling ahash v0.7.8
[INFO] [stderr]     Checking parking_lot v0.12.5
[INFO] [stderr]    Compiling rustls v0.23.41
[INFO] [stderr]     Checking inout v0.1.4
[INFO] [stderr]     Checking base64ct v1.8.3
[INFO] [stderr]    Compiling strsim v0.10.0
[INFO] [stderr]     Checking tinyvec v1.11.0
[INFO] [stderr]     Checking cipher v0.4.4
[INFO] [stderr]     Checking nom v7.1.3
[INFO] [stderr]     Checking aho-corasick v1.1.4
[INFO] [stderr]     Checking hashbrown v0.12.3
[INFO] [stderr]     Checking rand_chacha v0.3.1
[INFO] [stderr]     Checking socket2 v0.5.10
[INFO] [stderr]     Checking const-oid v0.9.6
[INFO] [stderr]     Checking pem-rfc7468 v0.7.0
[INFO] [stderr]    Compiling regex-syntax v0.8.11
[INFO] [stderr]    Compiling native-tls v0.2.18
[INFO] [stderr]     Checking http v1.4.2
[INFO] [stderr]     Checking http v0.2.12
[INFO] [stderr]     Checking rand v0.8.6
[INFO] [stderr]     Checking flagset v0.4.7
[INFO] [stderr]     Checking hmac v0.12.1
[INFO] [stderr]    Compiling cookie v0.18.1
[INFO] [stderr]    Compiling futures-sink v0.3.32
[INFO] [stderr]    Compiling futures-core v0.3.32
[INFO] [stderr]     Checking data-encoding v2.11.0
[INFO] [stderr]     Checking ahash v0.8.12
[INFO] [stderr]     Checking rand v0.10.1
[INFO] [stderr]     Checking sha2 v0.10.9
[INFO] [stderr]    Compiling cmake v0.1.58
[INFO] [stderr]    Compiling getrandom v0.2.17
[INFO] [stderr]     Checking http-body v1.0.1
[INFO] [stderr]     Checking regex-automata v0.4.14
[INFO] [stderr]     Checking http-body v0.4.6
[INFO] [stderr]    Compiling futures-util v0.3.32
[INFO] [stderr]    Compiling pest v2.8.6
[INFO] [stderr]     Checking object v0.37.3
[INFO] [stderr]    Compiling futures-channel v0.3.32
[INFO] [stderr]     Checking pbkdf2 v0.12.2
[INFO] [stderr]     Checking time v0.3.51
[INFO] [stderr]    Compiling indexmap v1.9.3
[INFO] [stderr]    Compiling mio v1.2.1
[INFO] [stderr]    Compiling socket2 v0.6.4
[INFO] [stderr]    Compiling openssl-sys v0.9.117
[INFO] [stderr]    Compiling aws-lc-sys v0.41.0
[INFO] [stderr]    Compiling ring v0.17.14
[INFO] [stderr]    Compiling openssl v0.10.81
[INFO] [stderr]    Compiling libz-sys v1.1.29
[INFO] [stderr]    Compiling libnghttp2-sys v0.1.13+1.68.1
[INFO] [stderr]    Compiling findshlibs v0.10.2
[INFO] [stderr]    Compiling uncased v0.9.10
[INFO] [stderr]     Checking rustc-demangle v0.1.27
[INFO] [stderr]    Compiling oid-registry v0.8.1
[INFO] [stderr]    Compiling rustix v1.1.4
[INFO] [stderr]     Checking match_cfg v0.1.0
[INFO] [stderr]    Compiling deranged v0.5.8
[INFO] [stderr]     Checking rusticata-macros v4.1.0
[INFO] [stderr]    Compiling pest_meta v2.8.6
[INFO] [stderr]     Checking hostname v0.3.1
[INFO] [stderr]    Compiling tokio v1.52.3
[INFO] [stderr]     Checking num-bigint v0.4.6
[INFO] [stderr]    Compiling tracing v0.1.44
[INFO] [stderr]    Compiling const-random-macro v0.1.16
[INFO] [stderr]     Checking http-body-util v0.1.3
[INFO] [stderr]     Checking unicode-normalization v0.1.25
[INFO] [stderr]     Checking salsa20 v0.10.2
[INFO] [stderr]     Checking regex v1.12.4
[INFO] [stderr]     Checking rustls-native-certs v0.8.4
[INFO] [stderr]     Checking sha1 v0.10.6
[INFO] [stderr]    Compiling sentry-contexts v0.31.8
[INFO] [stderr]     Checking is-terminal v0.4.17
[INFO] [stderr]    Compiling inlinable_string v0.1.15
[INFO] [stderr]    Compiling bitflags v2.13.0
[INFO] [stderr]    Compiling httpdate v1.0.3
[INFO] [stderr]     Checking linux-raw-sys v0.12.1
[INFO] [stderr]    Compiling schemars v0.8.22
[INFO] [stderr]    Compiling futures v0.3.32
[INFO] [stderr]     Checking yansi v1.0.1
[INFO] [stderr]     Checking rand_chacha v0.9.0
[INFO] [stderr]     Checking scrypt v0.11.0
[INFO] [stderr]    Compiling darling_core v0.14.4
[INFO] [stderr]    Compiling const-random v0.1.18
[INFO] [stderr]    Compiling proc-macro-error-attr v1.0.4
[INFO] [stderr]    Compiling curl-sys v0.4.87+curl-8.19.0
[INFO] [stderr]    Compiling stable-pattern v0.1.0
[INFO] [stderr]     Checking cbc v0.1.2
[INFO] [stderr]     Checking aes v0.8.4
[INFO] [stderr]     Checking spin v0.9.8
[INFO] [stderr]     Checking uname v0.1.1
[INFO] [stderr]    Compiling either v1.16.0
[INFO] [stderr]    Compiling synstructure v0.13.2
[INFO] [stderr]    Compiling serde_derive_internals v0.29.1
[INFO] [stderr]    Compiling devise_core v0.4.2
[INFO] [stderr]    Compiling pest_generator v2.8.6
[INFO] [stderr]    Compiling state v0.6.0
[INFO] [stderr]     Checking toml_write v0.1.2
[INFO] [stderr]    Compiling darling_core v0.23.0
[INFO] [stderr]     Checking event-listener v5.4.1
[INFO] [stderr]     Checking backtrace v0.3.76
[INFO] [stderr]    Compiling proc-macro-error v1.0.4
[INFO] [stderr]     Checking rand v0.9.4
[INFO] [stderr]     Checking rc2 v0.8.1
[INFO] [stderr]     Checking des v0.8.1
[INFO] [stderr]     Checking nom v8.0.0
[INFO] [stderr]     Checking tracing-log v0.2.0
[INFO] [stderr]    Compiling logos-codegen v0.15.1
[INFO] [stderr]     Checking serde_path_to_error v0.1.20
[INFO] [stderr]     Checking socket2 v0.4.10
[INFO] [stderr]    Compiling multer v3.1.0
[INFO] [stderr]    Compiling figment v0.10.19
[INFO] [stderr]     Checking thread_local v1.1.9
[INFO] [stderr]     Checking cookie-factory v0.3.3
[INFO] [stderr]    Compiling hyper v0.14.32
[INFO] [stderr]    Compiling toml_datetime v0.6.11
[INFO] [stderr]     Checking dlv-list v0.3.0
[INFO] [stderr]    Compiling winnow v0.5.40
[INFO] [stderr]    Compiling serde_derive v1.0.228
[INFO] [stderr]    Compiling tokio-macros v2.7.0
[INFO] [stderr]    Compiling displaydoc v0.2.6
[INFO] [stderr]    Compiling zerofrom-derive v0.1.7
[INFO] [stderr]    Compiling yoke-derive v0.8.2
[INFO] [stderr]    Compiling zerovec-derive v0.11.3
[INFO] [stderr]    Compiling futures-macro v0.3.32
[INFO] [stderr]    Compiling tracing-attributes v0.1.31
[INFO] [stderr]    Compiling async-trait v0.1.89
[INFO] [stderr]    Compiling thiserror-impl v1.0.69
[INFO] [stderr]    Compiling thiserror-impl v2.0.18
[INFO] [stderr]    Compiling openssl-macros v0.1.1
[INFO] [stderr]    Compiling der_derive v0.7.3
[INFO] [stderr]     Checking zerofrom v0.1.8
[INFO] [stderr]    Compiling pear_codegen v0.2.9
[INFO] [stderr]     Checking yoke v0.8.3
[INFO] [stderr]     Checking zerovec v0.11.6
[INFO] [stderr]     Checking zerotrie v0.2.4
[INFO] [stderr]     Checking der v0.7.10
[INFO] [stderr]    Compiling asn1-rs-impl v0.2.0
[INFO] [stderr]    Compiling ref-cast-impl v1.0.25
[INFO] [stderr]     Checking thiserror v1.0.69
[INFO] [stderr]     Checking thiserror v2.0.18
[INFO] [stderr]    Compiling asn1-rs-derive v0.6.0
[INFO] [stderr]    Compiling pear v0.2.9
[INFO] [stderr]    Compiling macro_magic_core_macros v0.5.1
[INFO] [stderr]    Compiling derive-syn-parse v0.2.0
[INFO] [stderr]    Compiling ref-cast v1.0.25
[INFO] [stderr]     Checking tinystr v0.8.3
[INFO] [stderr]     Checking potential_utf v0.1.5
[INFO] [stderr]    Compiling schemars_derive v0.8.22
[INFO] [stderr]     Checking icu_collections v2.2.0
[INFO] [stderr]     Checking icu_locale_core v2.2.0
[INFO] [stderr]     Checking asn1-rs v0.7.2
[INFO] [stderr]    Compiling rocket_http v0.5.1
[INFO] [stderr]    Compiling darling_macro v0.14.4
[INFO] [stderr]    Compiling macro_magic_core v0.5.1
[INFO] [stderr]    Compiling pest_derive v2.8.6
[INFO] [stderr]    Compiling axum-macros v0.4.2
[INFO] [stderr]    Compiling devise_codegen v0.4.2
[INFO] [stderr]     Checking icu_provider v2.2.0
[INFO] [stderr]     Checking spki v0.7.3
[INFO] [stderr]    Compiling macro_magic_macros v0.5.1
[INFO] [stderr]    Compiling darling v0.14.4
[INFO] [stderr]    Compiling darling_macro v0.23.0
[INFO] [stderr]    Compiling toml_edit v0.19.15
[INFO] [stderr]     Checking x509-cert v0.2.5
[INFO] [stderr]     Checking icu_properties v2.2.0
[INFO] [stderr]     Checking icu_normalizer v2.2.0
[INFO] [stderr]     Checking serde v1.0.228
[INFO] [stderr]     Checking pkcs5 v0.7.1
[INFO] [stderr]    Compiling devise v0.4.2
[INFO] [stderr]     Checking ordered-multimap v0.4.3
[INFO] [stderr]    Compiling async-stream-impl v0.3.6
[INFO] [stderr]     Checking humantime v1.3.0
[INFO] [stderr]     Checking bitvec v1.1.1
[INFO] [stderr]     Checking tracing-subscriber v0.3.23
[INFO] [stderr]     Checking ipnet v2.12.0
[INFO] [stderr]     Checking debugid v0.8.0
[INFO] [stderr]     Checking serde_urlencoded v0.7.1
[INFO] [stderr]     Checking der-parser v10.0.0
[INFO] [stderr]     Checking serde_spanned v0.6.9
[INFO] [stderr]     Checking idna_adapter v1.2.2
[INFO] [stderr]     Checking idna v1.1.0
[INFO] [stderr]     Checking toml_edit v0.22.27
[INFO] [stderr]     Checking prefix-trie v0.8.4
[INFO] [stderr]     Checking cms v0.2.3
[INFO] [stderr]     Checking url v2.5.8
[INFO] [stderr]     Checking amq-protocol-types v10.6.2
[INFO] [stderr]     Checking pkcs12 v0.1.0
[INFO] [stderr]    Compiling darling_core v0.13.4
[INFO] [stderr]     Checking metrics v0.23.1
[INFO] [stderr]     Checking sentry-types v0.31.8
[INFO] [stderr]     Checking atty v0.2.14
[INFO] [stderr]     Checking x509-parser v0.18.1
[INFO] [stderr]     Checking serde_bytes v0.11.19
[INFO] [stderr]    Compiling rocket v0.5.1
[INFO] [stderr]    Compiling beef v0.5.2
[INFO] [stderr]    Compiling unicode-xid v0.0.4
[INFO] [stderr]    Compiling cached_proc_macro_types v0.1.1
[INFO] [stderr]     Checking futures-timer v3.0.4
[INFO] [stderr]     Checking ron v0.7.1
[INFO] [stderr]    Compiling cached_proc_macro v0.17.0
[INFO] [stderr]     Checking env_logger v0.7.1
[INFO] [stderr]    Compiling synom v0.11.3
[INFO] [stderr]    Compiling rocket_codegen v0.5.1
[INFO] [stderr]     Checking amq-protocol-uri v10.6.2
[INFO] [stderr]    Compiling proc-macro-crate v1.3.1
[INFO] [stderr]     Checking bson v2.15.0
[INFO] [stderr]     Checking hickory-proto v0.26.1
[INFO] [stderr]     Checking async-stream v0.3.6
[INFO] [stderr]     Checking ubyte v0.10.4
[INFO] [stderr]     Checking toml v0.5.11
[INFO] [stderr]     Checking json5 v0.4.1
[INFO] [stderr]     Checking toml v0.8.23
[INFO] [stderr]     Checking p12-keystore v0.2.1
[INFO] [stderr]     Checking rust-ini v0.18.0
[INFO] [stderr]     Checking futures-executor v0.3.32
[INFO] [stderr]     Checking axum-core v0.4.5
[INFO] [stderr]    Compiling darling v0.23.0
[INFO] [stderr]     Checking tempfile v3.27.0
[INFO] [stderr]    Compiling pin-project-internal v1.1.13
[INFO] [stderr]     Checking event-listener-strategy v0.5.4
[INFO] [stderr]    Compiling validator_types v0.16.0
[INFO] [stderr]    Compiling rustc_version_runtime v0.3.0
[INFO] [stderr]     Checking rmp v0.8.15
[INFO] [stderr]     Checking num_cpus v1.17.0
[INFO] [stderr]     Checking instant v0.1.13
[INFO] [stderr]    Compiling amq-protocol v10.6.2
[INFO] [stderr]     Checking atomic v0.5.3
[INFO] [stderr]    Compiling if_chain v1.0.3
[INFO] [stderr]    Compiling curl v0.4.49
[INFO] [stderr]    Compiling quote v0.3.15
[INFO] [stderr]     Checking binascii v0.1.4
[INFO] [stderr]     Checking rustc_version v0.4.1
[INFO] [stderr]     Checking config v0.13.4
[INFO] [stderr]    Compiling syn v0.11.11
[INFO] [stderr]    Compiling validator_derive v0.16.0
[INFO] [stderr]     Checking rmp-serde v1.3.1
[INFO] [stderr]     Checking moka v0.12.15
[INFO] [stderr]    Compiling darling_macro v0.13.4
[INFO] [stderr]     Checking async-channel v2.5.0
[INFO] [stderr]    Compiling logos-derive v0.15.1
[INFO] [stderr]    Compiling serde_with_macros v3.21.0
[INFO] [stderr]    Compiling darling v0.13.4
[INFO] [stderr]     Checking pin-project v1.1.13
[INFO] [stderr]    Compiling num_enum_derive v0.6.1
[INFO] [stderr]    Compiling derive_more-impl v2.1.1
[INFO] [stderr]     Checking pretty_env_logger v0.4.0
[INFO] [stderr]     Checking bincode v1.3.3
[INFO] [stderr]    Compiling macro_magic v0.5.1
[INFO] [stderr]    Compiling utoipa-gen v4.3.1
[INFO] [stderr]    Compiling typed-builder-macro v0.22.0
[INFO] [stderr]     Checking sentry-core v0.31.8
[INFO] [stderr]     Checking idna v0.4.0
[INFO] [stderr]     Checking generic-array v1.4.3
[INFO] [stderr]    Compiling decancer v3.3.3
[INFO] [stderr]     Checking openssl-probe v0.1.6
[INFO] [stderr]     Checking auto_ops v0.3.0
[INFO] [stderr]     Checking sentry-backtrace v0.31.8
[INFO] [stderr]     Checking sentry-debug-images v0.31.8
[INFO] [stderr]     Checking constant_time_eq v0.4.2
[INFO] [stderr]    Compiling isahc v1.8.2
[INFO] [stderr]     Checking arrayvec v0.7.7
[INFO] [stderr]    Compiling lapin v4.10.0
[INFO] [stderr]     Checking stringprep v0.1.5
[INFO] [stderr]     Checking sentry-panic v0.31.8
[INFO] [stderr]     Checking num_enum v0.6.1
[INFO] [stderr]     Checking blake2b_simd v1.0.4
[INFO] [stderr]     Checking validator v0.16.1
[INFO] [stderr]    Compiling revolt_optional_struct v0.2.0
[INFO] [stderr]     Checking serde_with v3.21.0
[INFO] [stderr]     Checking logos v0.15.1
[INFO] [stderr]    Compiling mongodb-internal-macros v3.7.0
[INFO] [stderr]     Checking sluice v0.6.0
[INFO] [stderr]    Compiling revolt_rocket_okapi_codegen v0.9.1
[INFO] [stderr]     Checking tracing-futures v0.2.5
[INFO] [stdout] error[E0493]: destructor of `ArrayBuilder<T, N>` cannot be evaluated at compile-time
[INFO] [stdout]    --> /opt/rustwide/cargo-home/registry/src/index.crates.io-1949cf8c6b5b557f/generic-array-1.4.3/src/internal.rs:103:31
[INFO] [stdout]     |
[INFO] [stdout] 103 |     pub unsafe fn assume_init(self) -> GenericArray<T, N> {
[INFO] [stdout]     |                               ^^^^ the destructor for this type cannot be evaluated in constant functions
[INFO] [stdout] ...
[INFO] [stdout] 109 |     }
[INFO] [stdout]     |     - value is dropped here
[INFO] [stdout] 
[INFO] [stdout] 
[INFO] [stderr]     Checking revolt_okapi v0.9.1
[INFO] [stderr]     Checking polling v3.11.0
[INFO] [stdout] error[E0493]: destructor of `GenericArray<core::mem::MaybeUninit<*const T>, N>` cannot be evaluated at compile-time
[INFO] [stdout]    --> /opt/rustwide/cargo-home/registry/src/index.crates.io-1949cf8c6b5b557f/generic-array-1.4.3/src/lib.rs:970:13
[INFO] [stdout]     |
[INFO] [stdout] 970 |         let mut out: GenericArray<MaybeUninit<*const T>, N> = GenericArray::uninit();
[INFO] [stdout]     |             ^^^^^^^ the destructor for this type cannot be evaluated in constant functions
[INFO] [stdout] ...
[INFO] [stdout] 985 |     }
[INFO] [stdout]     |     - value is dropped here
[INFO] [stdout] 
[INFO] [stdout] 
[INFO] [stdout] error[E0493]: destructor of `GenericArray<core::mem::MaybeUninit<*mut T>, N>` cannot be evaluated at compile-time
[INFO] [stdout]     --> /opt/rustwide/cargo-home/registry/src/index.crates.io-1949cf8c6b5b557f/generic-array-1.4.3/src/lib.rs:1005:13
[INFO] [stdout]      |
[INFO] [stdout] 1005 |         let mut out: GenericArray<MaybeUninit<*mut T>, N> = GenericArray::uninit();
[INFO] [stdout]      |             ^^^^^^^ the destructor for this type cannot be evaluated in constant functions
[INFO] [stdout] ...
[INFO] [stdout] 1020 |     }
[INFO] [stdout]      |     - value is dropped here
[INFO] [stdout] 
[INFO] [stdout] 
[INFO] [stderr]     Checking tokio-util v0.7.18
[INFO] [stdout] For more information about this error, try `rustc --explain E0493`.
[INFO] [stdout] 
[INFO] [stderr] error: could not compile `generic-array` (lib) due to 3 previous errors
[INFO] [stderr] warning: build failed, waiting for other jobs to finish...
[INFO] running `Command { std: "docker" "inspect" "3a48a70eb34828a1e451331884550f7597365a4e8472691c68ddc00e2ab49688", kill_on_drop: false }`
[INFO] running `Command { std: "docker" "rm" "-f" "3a48a70eb34828a1e451331884550f7597365a4e8472691c68ddc00e2ab49688", kill_on_drop: false }`
[INFO] [stdout] 3a48a70eb34828a1e451331884550f7597365a4e8472691c68ddc00e2ab49688
