[INFO] fetching crate reallyme-trust-core 0.4.1...
[INFO] checking reallyme-trust-core-0.4.1 against c60b92c03ca8a3b101eb9d57f51e2232690638c7 for pr-164148-crater-rollup
[INFO] extracting crate reallyme-trust-core 0.4.1 into /workspace/builds/worker-5-tc2/source
[INFO] started tweaking crates.io crate reallyme-trust-core 0.4.1
[INFO] removed 0 missing tests
[INFO] finished tweaking crates.io crate reallyme-trust-core 0.4.1
[INFO] tweaked toml for crates.io crate reallyme-trust-core 0.4.1 written to /workspace/builds/worker-5-tc2/source/Cargo.toml
[INFO] validating manifest of crates.io crate reallyme-trust-core 0.4.1 on toolchain c60b92c03ca8a3b101eb9d57f51e2232690638c7
[INFO] running `Command { std: CARGO_HOME="/workspace/cargo-home" RUSTUP_HOME="/workspace/rustup-home" "/workspace/cargo-home/bin/cargo" "+c60b92c03ca8a3b101eb9d57f51e2232690638c7" "metadata" "--manifest-path" "Cargo.toml" "--no-deps", kill_on_drop: false }`
[INFO] crate crates.io crate reallyme-trust-core 0.4.1 already has a lockfile, it will not be regenerated
[INFO] running `Command { std: CARGO_HOME="/workspace/cargo-home" RUSTUP_HOME="/workspace/rustup-home" "/workspace/cargo-home/bin/cargo" "+c60b92c03ca8a3b101eb9d57f51e2232690638c7" "fetch" "--manifest-path" "Cargo.toml", kill_on_drop: false }`
[INFO] running `Command { std: "docker" "create" "-v" "/var/lib/crater-agent-workspace/builds/worker-5-tc2/source:/opt/rustwide/workdir:ro,Z" "-v" "/var/lib/crater-agent-workspace/builds/worker-5-tc2/target:/opt/rustwide/target:rw,Z" "-v" "/var/lib/crater-agent-workspace/cargo-home:/opt/rustwide/cargo-home:ro,Z" "-v" "/var/lib/crater-agent-workspace/rustup-home:/opt/rustwide/rustup-home:ro,Z" "-m" "1610612736" "--network" "none" "ghcr.io/rust-lang/crates-build-env/linux@sha256:77db811e55d90add9212f6832c23229e3de5f1c1f9905e8cb07319ea15df73ac" "sleep" "infinity", kill_on_drop: false }`
[INFO] [stdout] f44fa1aeaffeb1e4f234240c852f7c94886ed0e97ea9b1eeb0cf8f66f005951a
[INFO] running `Command { std: "docker" "start" "f44fa1aeaffeb1e4f234240c852f7c94886ed0e97ea9b1eeb0cf8f66f005951a", kill_on_drop: false }`
[INFO] running `Command { std: "docker" "inspect" "f44fa1aeaffeb1e4f234240c852f7c94886ed0e97ea9b1eeb0cf8f66f005951a", kill_on_drop: false }`
[INFO] running `Command { std: "docker" "exec" "-e" "SOURCE_DIR=/opt/rustwide/workdir" "-e" "CARGO_HOME=/opt/rustwide/cargo-home" "-e" "RUSTUP_HOME=/opt/rustwide/rustup-home" "-e" "CARGO_TARGET_DIR=/opt/rustwide/target" "-w" "/opt/rustwide/workdir" "--user" "0:0" "f44fa1aeaffeb1e4f234240c852f7c94886ed0e97ea9b1eeb0cf8f66f005951a" "/opt/rustwide/cargo-home/bin/cargo" "+c60b92c03ca8a3b101eb9d57f51e2232690638c7" "metadata" "--no-deps" "--format-version=1", kill_on_drop: false }`
[INFO] running `Command { std: "docker" "inspect" "f44fa1aeaffeb1e4f234240c852f7c94886ed0e97ea9b1eeb0cf8f66f005951a", kill_on_drop: false }`
[INFO] running `Command { std: "docker" "exec" "-e" "SOURCE_DIR=/opt/rustwide/workdir" "-e" "CARGO_HOME=/opt/rustwide/cargo-home" "-e" "RUSTUP_HOME=/opt/rustwide/rustup-home" "-e" "CARGO_TARGET_DIR=/opt/rustwide/target" "-e" "CARGO_INCREMENTAL=0" "-e" "RUST_BACKTRACE=full" "-e" "RUSTFLAGS=--cap-lints=forbid" "-e" "RUSTDOCFLAGS=--cap-lints=forbid" "-w" "/opt/rustwide/workdir" "--user" "0:0" "f44fa1aeaffeb1e4f234240c852f7c94886ed0e97ea9b1eeb0cf8f66f005951a" "/opt/rustwide/cargo-home/bin/cargo" "+c60b92c03ca8a3b101eb9d57f51e2232690638c7" "check" "--frozen" "--all" "--all-targets" "--message-format=json", kill_on_drop: false }`
[INFO] [stderr]    Compiling proc-macro2 v1.0.107
[INFO] [stderr]     Checking subtle v2.6.1
[INFO] [stderr]     Checking rand_core v0.10.1
[INFO] [stderr]    Compiling libc v0.2.190
[INFO] [stderr]    Compiling getrandom v0.4.3
[INFO] [stderr]     Checking const-oid v0.10.2
[INFO] [stderr]     Checking cpubits v0.1.1
[INFO] [stderr]     Checking base64ct v1.8.3
[INFO] [stderr]     Checking base16ct v1.0.0
[INFO] [stderr]    Compiling num-traits v0.2.19
[INFO] [stderr]     Checking keccak v0.2.2
[INFO] [stderr]     Checking memchr v2.8.3
[INFO] [stderr]    Compiling serde_core v1.0.229
[INFO] [stderr]    Compiling serde v1.0.229
[INFO] [stderr]     Checking base64 v0.23.1
[INFO] [stderr]    Compiling semver v1.0.28
[INFO] [stderr]    Compiling zerocopy v0.8.59
[INFO] [stderr]     Checking ctutils v0.4.2
[INFO] [stderr]    Compiling serde_json v1.0.151
[INFO] [stderr]    Compiling hashbrown v0.17.1
[INFO] [stderr]     Checking ff v0.14.0
[INFO] [stderr]    Compiling rustc_version v0.4.1
[INFO] [stderr]    Compiling equivalent v1.0.2
[INFO] [stderr]    Compiling winnow v1.0.4
[INFO] [stderr]     Checking pem-rfc7468 v1.0.0
[INFO] [stderr]     Checking generic-array v0.14.7
[INFO] [stderr]    Compiling toml_datetime v1.1.1+spec-1.1.0
[INFO] [stderr]     Checking group v0.14.0
[INFO] [stderr]     Checking unsigned-varint v0.8.0
[INFO] [stderr]     Checking data-encoding v2.11.1
[INFO] [stderr]     Checking bs58 v0.5.1
[INFO] [stderr]     Checking const-str v0.4.3
[INFO] [stderr]     Checking base45 v3.2.0
[INFO] [stderr]     Checking keccak v0.1.6
[INFO] [stderr]     Checking multihash v0.19.5
[INFO] [stderr]     Checking base-x v0.2.11
[INFO] [stderr]    Compiling curve25519-dalek v5.0.0
[INFO] [stderr]     Checking generic-array v1.4.5
[INFO] [stderr]    Compiling num-conv v0.2.2
[INFO] [stderr]     Checking simdutf8 v0.1.5
[INFO] [stderr]     Checking ryu-js v1.0.3
[INFO] [stderr]    Compiling time-core v0.1.9
[INFO] [stderr]     Checking foldhash v0.1.5
[INFO] [stderr]     Checking block-buffer v0.10.4
[INFO] [stderr]     Checking crypto-common v0.1.7
[INFO] [stderr]     Checking minimal-lexical v0.2.1
[INFO] [stderr]     Checking smoothutf8 v0.2.3
[INFO] [stderr]     Checking once_cell v1.21.4
[INFO] [stderr]     Checking bytes v1.12.1
[INFO] [stderr]     Checking digest v0.10.7
[INFO] [stderr]     Checking base64 v0.22.1
[INFO] [stderr]    Compiling time-macros v0.2.32
[INFO] [stderr]     Checking smallvec v1.16.2
[INFO] [stderr]     Checking nom v7.1.3
[INFO] [stderr]    Compiling crc32fast v1.5.2
[INFO] [stderr]    Compiling indexmap v2.14.2
[INFO] [stderr]     Checking sha3 v0.10.9
[INFO] [stdout] error[E0493]: destructor of `ArrayBuilder<T, N>` cannot be evaluated at compile-time
[INFO] [stdout]    --> /opt/rustwide/cargo-home/registry/src/index.crates.io-1949cf8c6b5b557f/generic-array-1.4.5/src/internal.rs:103:31
[INFO] [stdout]     |
[INFO] [stdout] 103 |     pub unsafe fn assume_init(self) -> GenericArray<T, N> {
[INFO] [stdout]     |                               ^^^^ the destructor for this type cannot be evaluated in constant functions
[INFO] [stdout] ...
[INFO] [stdout] 109 |     }
[INFO] [stdout]     |     - value is dropped here
[INFO] [stdout] 
[INFO] [stdout] 
[INFO] [stderr]     Checking num-integer v0.1.47
[INFO] [stdout] error[E0493]: destructor of `GenericArray<core::mem::MaybeUninit<*const T>, N>` cannot be evaluated at compile-time
[INFO] [stdout]    --> /opt/rustwide/cargo-home/registry/src/index.crates.io-1949cf8c6b5b557f/generic-array-1.4.5/src/lib.rs:983:13
[INFO] [stdout]     |
[INFO] [stdout] 983 |         let mut out: GenericArray<MaybeUninit<*const T>, N> = GenericArray::uninit();
[INFO] [stdout]     |             ^^^^^^^ the destructor for this type cannot be evaluated in constant functions
[INFO] [stdout] ...
[INFO] [stdout] 998 |     }
[INFO] [stdout]     |     - value is dropped here
[INFO] [stdout] 
[INFO] [stdout] 
[INFO] [stdout] error[E0493]: destructor of `GenericArray<core::mem::MaybeUninit<*mut T>, N>` cannot be evaluated at compile-time
[INFO] [stdout]     --> /opt/rustwide/cargo-home/registry/src/index.crates.io-1949cf8c6b5b557f/generic-array-1.4.5/src/lib.rs:1018:13
[INFO] [stdout]      |
[INFO] [stdout] 1018 |         let mut out: GenericArray<MaybeUninit<*mut T>, N> = GenericArray::uninit();
[INFO] [stdout]      |             ^^^^^^^ the destructor for this type cannot be evaluated in constant functions
[INFO] [stdout] ...
[INFO] [stdout] 1033 |     }
[INFO] [stdout]      |     - value is dropped here
[INFO] [stdout] 
[INFO] [stdout] 
[INFO] [stderr]    Compiling oid-registry v0.8.1
[INFO] [stdout] For more information about this error, try `rustc --explain E0493`.
[INFO] [stdout] 
[INFO] [stderr]    Compiling quote v1.0.47
[INFO] [stderr] error: could not compile `generic-array` (lib) due to 3 previous errors
[INFO] [stderr] warning: build failed, waiting for other jobs to finish...
[INFO] running `Command { std: "docker" "inspect" "f44fa1aeaffeb1e4f234240c852f7c94886ed0e97ea9b1eeb0cf8f66f005951a", kill_on_drop: false }`
[INFO] running `Command { std: "docker" "rm" "-f" "f44fa1aeaffeb1e4f234240c852f7c94886ed0e97ea9b1eeb0cf8f66f005951a", kill_on_drop: false }`
[INFO] [stdout] f44fa1aeaffeb1e4f234240c852f7c94886ed0e97ea9b1eeb0cf8f66f005951a
