[INFO] fetching crate reallyme-openid4vp-dc-api 0.1.1...
[INFO] checking reallyme-openid4vp-dc-api-0.1.1 against c60b92c03ca8a3b101eb9d57f51e2232690638c7 for pr-164148-crater-rollup
[INFO] extracting crate reallyme-openid4vp-dc-api 0.1.1 into /workspace/builds/worker-5-tc2/source
[INFO] started tweaking crates.io crate reallyme-openid4vp-dc-api 0.1.1
[INFO] removed 0 missing examples
[INFO] finished tweaking crates.io crate reallyme-openid4vp-dc-api 0.1.1
[INFO] tweaked toml for crates.io crate reallyme-openid4vp-dc-api 0.1.1 written to /workspace/builds/worker-5-tc2/source/Cargo.toml
[INFO] validating manifest of crates.io crate reallyme-openid4vp-dc-api 0.1.1 on toolchain c60b92c03ca8a3b101eb9d57f51e2232690638c7
[INFO] running `Command { std: CARGO_HOME="/workspace/cargo-home" RUSTUP_HOME="/workspace/rustup-home" "/workspace/cargo-home/bin/cargo" "+c60b92c03ca8a3b101eb9d57f51e2232690638c7" "metadata" "--manifest-path" "Cargo.toml" "--no-deps", kill_on_drop: false }`
[INFO] crate crates.io crate reallyme-openid4vp-dc-api 0.1.1 already has a lockfile, it will not be regenerated
[INFO] running `Command { std: CARGO_HOME="/workspace/cargo-home" RUSTUP_HOME="/workspace/rustup-home" "/workspace/cargo-home/bin/cargo" "+c60b92c03ca8a3b101eb9d57f51e2232690638c7" "fetch" "--manifest-path" "Cargo.toml", kill_on_drop: false }`
[INFO] running `Command { std: "docker" "create" "-v" "/var/lib/crater-agent-workspace/builds/worker-5-tc2/source:/opt/rustwide/workdir:ro,Z" "-v" "/var/lib/crater-agent-workspace/builds/worker-5-tc2/target:/opt/rustwide/target:rw,Z" "-v" "/var/lib/crater-agent-workspace/cargo-home:/opt/rustwide/cargo-home:ro,Z" "-v" "/var/lib/crater-agent-workspace/rustup-home:/opt/rustwide/rustup-home:ro,Z" "-m" "1610612736" "--network" "none" "ghcr.io/rust-lang/crates-build-env/linux@sha256:77db811e55d90add9212f6832c23229e3de5f1c1f9905e8cb07319ea15df73ac" "sleep" "infinity", kill_on_drop: false }`
[INFO] [stdout] f864cd9bee762ffe1c9c5bf47435767590142da2d75131ef09bf7dc55cf8dc75
[INFO] running `Command { std: "docker" "start" "f864cd9bee762ffe1c9c5bf47435767590142da2d75131ef09bf7dc55cf8dc75", kill_on_drop: false }`
[INFO] running `Command { std: "docker" "inspect" "f864cd9bee762ffe1c9c5bf47435767590142da2d75131ef09bf7dc55cf8dc75", kill_on_drop: false }`
[INFO] running `Command { std: "docker" "exec" "-e" "SOURCE_DIR=/opt/rustwide/workdir" "-e" "CARGO_HOME=/opt/rustwide/cargo-home" "-e" "RUSTUP_HOME=/opt/rustwide/rustup-home" "-e" "CARGO_TARGET_DIR=/opt/rustwide/target" "-w" "/opt/rustwide/workdir" "--user" "0:0" "f864cd9bee762ffe1c9c5bf47435767590142da2d75131ef09bf7dc55cf8dc75" "/opt/rustwide/cargo-home/bin/cargo" "+c60b92c03ca8a3b101eb9d57f51e2232690638c7" "metadata" "--no-deps" "--format-version=1", kill_on_drop: false }`
[INFO] running `Command { std: "docker" "inspect" "f864cd9bee762ffe1c9c5bf47435767590142da2d75131ef09bf7dc55cf8dc75", kill_on_drop: false }`
[INFO] running `Command { std: "docker" "exec" "-e" "SOURCE_DIR=/opt/rustwide/workdir" "-e" "CARGO_HOME=/opt/rustwide/cargo-home" "-e" "RUSTUP_HOME=/opt/rustwide/rustup-home" "-e" "CARGO_TARGET_DIR=/opt/rustwide/target" "-e" "CARGO_INCREMENTAL=0" "-e" "RUST_BACKTRACE=full" "-e" "RUSTFLAGS=--cap-lints=forbid" "-e" "RUSTDOCFLAGS=--cap-lints=forbid" "-w" "/opt/rustwide/workdir" "--user" "0:0" "f864cd9bee762ffe1c9c5bf47435767590142da2d75131ef09bf7dc55cf8dc75" "/opt/rustwide/cargo-home/bin/cargo" "+c60b92c03ca8a3b101eb9d57f51e2232690638c7" "check" "--frozen" "--all" "--all-targets" "--message-format=json", kill_on_drop: false }`
[INFO] [stderr]    Compiling proc-macro2 v1.0.107
[INFO] [stderr]     Checking subtle v2.6.1
[INFO] [stderr]     Checking cmov v0.5.4
[INFO] [stderr]    Compiling getrandom v0.4.3
[INFO] [stderr]     Checking cpufeatures v0.3.1
[INFO] [stderr]     Checking cpubits v0.1.1
[INFO] [stderr]    Compiling thiserror v2.0.20
[INFO] [stderr]     Checking base16ct v1.0.0
[INFO] [stderr]     Checking keccak v0.2.2
[INFO] [stderr]    Compiling serde_json v1.0.151
[INFO] [stderr]     Checking base64 v0.23.1
[INFO] [stderr]    Compiling indexmap v2.14.1
[INFO] [stderr]     Checking unsigned-varint v0.8.0
[INFO] [stderr]    Compiling data-encoding v2.11.1
[INFO] [stderr]     Checking generic-array v0.14.7
[INFO] [stderr]     Checking const-str v0.4.3
[INFO] [stderr]     Checking sponge-cursor v0.1.0
[INFO] [stderr]     Checking ff v0.14.0
[INFO] [stderr]     Checking base45 v3.2.0
[INFO] [stderr]     Checking base-x v0.2.11
[INFO] [stderr]     Checking reallyme-codec-multicodec v0.2.3
[INFO] [stderr]     Checking smallvec v1.16.1
[INFO] [stderr]     Checking ryu-js v1.0.3
[INFO] [stderr]     Checking multihash v0.19.5
[INFO] [stderr]     Checking simdutf8 v0.1.5
[INFO] [stderr]     Checking group v0.14.0
[INFO] [stderr]     Checking foldhash v0.1.5
[INFO] [stderr]     Checking generic-array v1.4.5
[INFO] [stderr]     Checking bytes v1.12.1
[INFO] [stderr]     Checking smoothutf8 v0.2.3
[INFO] [stderr]     Checking time v0.3.55
[INFO] [stderr]     Checking ctutils v0.4.2
[INFO] [stdout] error[E0493]: destructor of `ArrayBuilder<T, N>` cannot be evaluated at compile-time
[INFO] [stdout]    --> /opt/rustwide/cargo-home/registry/src/index.crates.io-1949cf8c6b5b557f/generic-array-1.4.5/src/internal.rs:103:31
[INFO] [stdout]     |
[INFO] [stdout] 103 |     pub unsafe fn assume_init(self) -> GenericArray<T, N> {
[INFO] [stdout]     |                               ^^^^ the destructor for this type cannot be evaluated in constant functions
[INFO] [stdout] ...
[INFO] [stdout] 109 |     }
[INFO] [stdout]     |     - value is dropped here
[INFO] [stdout] 
[INFO] [stdout] 
[INFO] [stderr]     Checking block-buffer v0.10.4
[INFO] [stderr]     Checking crypto-common v0.1.7
[INFO] [stdout] error[E0493]: destructor of `GenericArray<core::mem::MaybeUninit<*const T>, N>` cannot be evaluated at compile-time
[INFO] [stdout]    --> /opt/rustwide/cargo-home/registry/src/index.crates.io-1949cf8c6b5b557f/generic-array-1.4.5/src/lib.rs:983:13
[INFO] [stdout]     |
[INFO] [stdout] 983 |         let mut out: GenericArray<MaybeUninit<*const T>, N> = GenericArray::uninit();
[INFO] [stdout]     |             ^^^^^^^ the destructor for this type cannot be evaluated in constant functions
[INFO] [stdout] ...
[INFO] [stdout] 998 |     }
[INFO] [stdout]     |     - value is dropped here
[INFO] [stdout] 
[INFO] [stdout] 
[INFO] [stdout] error[E0493]: destructor of `GenericArray<core::mem::MaybeUninit<*mut T>, N>` cannot be evaluated at compile-time
[INFO] [stdout]     --> /opt/rustwide/cargo-home/registry/src/index.crates.io-1949cf8c6b5b557f/generic-array-1.4.5/src/lib.rs:1018:13
[INFO] [stdout]      |
[INFO] [stdout] 1018 |         let mut out: GenericArray<MaybeUninit<*mut T>, N> = GenericArray::uninit();
[INFO] [stdout]      |             ^^^^^^^ the destructor for this type cannot be evaluated in constant functions
[INFO] [stdout] ...
[INFO] [stdout] 1033 |     }
[INFO] [stdout]      |     - value is dropped here
[INFO] [stdout] 
[INFO] [stdout] 
[INFO] [stdout] For more information about this error, try `rustc --explain E0493`.
[INFO] [stdout] 
[INFO] [stderr] error: could not compile `generic-array` (lib) due to 3 previous errors
[INFO] [stderr] warning: build failed, waiting for other jobs to finish...
[INFO] running `Command { std: "docker" "inspect" "f864cd9bee762ffe1c9c5bf47435767590142da2d75131ef09bf7dc55cf8dc75", kill_on_drop: false }`
[INFO] running `Command { std: "docker" "rm" "-f" "f864cd9bee762ffe1c9c5bf47435767590142da2d75131ef09bf7dc55cf8dc75", kill_on_drop: false }`
[INFO] [stdout] f864cd9bee762ffe1c9c5bf47435767590142da2d75131ef09bf7dc55cf8dc75
