[INFO] fetching crate qos_net 0.15.0...
[INFO] checking qos_net-0.15.0 against c60b92c03ca8a3b101eb9d57f51e2232690638c7 for pr-164148-crater-rollup
[INFO] extracting crate qos_net 0.15.0 into /workspace/builds/worker-1-tc2/source
[INFO] started tweaking crates.io crate qos_net 0.15.0
[INFO] finished tweaking crates.io crate qos_net 0.15.0
[INFO] tweaked toml for crates.io crate qos_net 0.15.0 written to /workspace/builds/worker-1-tc2/source/Cargo.toml
[INFO] validating manifest of crates.io crate qos_net 0.15.0 on toolchain c60b92c03ca8a3b101eb9d57f51e2232690638c7
[INFO] running `Command { std: CARGO_HOME="/workspace/cargo-home" RUSTUP_HOME="/workspace/rustup-home" "/workspace/cargo-home/bin/cargo" "+c60b92c03ca8a3b101eb9d57f51e2232690638c7" "metadata" "--manifest-path" "Cargo.toml" "--no-deps", kill_on_drop: false }`
[INFO] crate crates.io crate qos_net 0.15.0 already has a lockfile, it will not be regenerated
[INFO] running `Command { std: CARGO_HOME="/workspace/cargo-home" RUSTUP_HOME="/workspace/rustup-home" "/workspace/cargo-home/bin/cargo" "+c60b92c03ca8a3b101eb9d57f51e2232690638c7" "fetch" "--manifest-path" "Cargo.toml", kill_on_drop: false }`
[INFO] running `Command { std: "docker" "create" "-v" "/var/lib/crater-agent-workspace/builds/worker-1-tc2/source:/opt/rustwide/workdir:ro,Z" "-v" "/var/lib/crater-agent-workspace/builds/worker-1-tc2/target:/opt/rustwide/target:rw,Z" "-v" "/var/lib/crater-agent-workspace/cargo-home:/opt/rustwide/cargo-home:ro,Z" "-v" "/var/lib/crater-agent-workspace/rustup-home:/opt/rustwide/rustup-home:ro,Z" "-m" "1610612736" "--network" "none" "ghcr.io/rust-lang/crates-build-env/linux@sha256:77db811e55d90add9212f6832c23229e3de5f1c1f9905e8cb07319ea15df73ac" "sleep" "infinity", kill_on_drop: false }`
[INFO] [stdout] 213925ee42c81c5c5655e4bdb5226daf5ec942292020d05772599c68519ccc0c
[INFO] running `Command { std: "docker" "start" "213925ee42c81c5c5655e4bdb5226daf5ec942292020d05772599c68519ccc0c", kill_on_drop: false }`
[INFO] running `Command { std: "docker" "inspect" "213925ee42c81c5c5655e4bdb5226daf5ec942292020d05772599c68519ccc0c", kill_on_drop: false }`
[INFO] running `Command { std: "docker" "exec" "-e" "SOURCE_DIR=/opt/rustwide/workdir" "-e" "CARGO_HOME=/opt/rustwide/cargo-home" "-e" "RUSTUP_HOME=/opt/rustwide/rustup-home" "-e" "CARGO_TARGET_DIR=/opt/rustwide/target" "-w" "/opt/rustwide/workdir" "--user" "0:0" "213925ee42c81c5c5655e4bdb5226daf5ec942292020d05772599c68519ccc0c" "/opt/rustwide/cargo-home/bin/cargo" "+c60b92c03ca8a3b101eb9d57f51e2232690638c7" "metadata" "--no-deps" "--format-version=1", kill_on_drop: false }`
[INFO] running `Command { std: "docker" "inspect" "213925ee42c81c5c5655e4bdb5226daf5ec942292020d05772599c68519ccc0c", kill_on_drop: false }`
[INFO] running `Command { std: "docker" "exec" "-e" "SOURCE_DIR=/opt/rustwide/workdir" "-e" "CARGO_HOME=/opt/rustwide/cargo-home" "-e" "RUSTUP_HOME=/opt/rustwide/rustup-home" "-e" "CARGO_TARGET_DIR=/opt/rustwide/target" "-e" "CARGO_INCREMENTAL=0" "-e" "RUST_BACKTRACE=full" "-e" "RUSTFLAGS=--cap-lints=forbid" "-e" "RUSTDOCFLAGS=--cap-lints=forbid" "-w" "/opt/rustwide/workdir" "--user" "0:0" "213925ee42c81c5c5655e4bdb5226daf5ec942292020d05772599c68519ccc0c" "/opt/rustwide/cargo-home/bin/cargo" "+c60b92c03ca8a3b101eb9d57f51e2232690638c7" "check" "--frozen" "--all" "--all-targets" "--message-format=json", kill_on_drop: false }`
[INFO] [stderr]    Compiling proc-macro2 v1.0.101
[INFO] [stderr]    Compiling quote v1.0.41
[INFO] [stderr]    Compiling unicode-ident v1.0.19
[INFO] [stderr]    Compiling libc v0.2.174
[INFO] [stderr]     Checking cfg-if v1.0.3
[INFO] [stderr]    Compiling autocfg v1.5.0
[INFO] [stderr]     Checking subtle v2.6.1
[INFO] [stderr]     Checking const-oid v0.9.6
[INFO] [stderr]    Compiling find-msvc-tools v0.1.2
[INFO] [stderr]    Compiling shlex v1.3.0
[INFO] [stderr]    Compiling serde_core v1.0.228
[INFO] [stderr]    Compiling serde v1.0.228
[INFO] [stderr]     Checking stable_deref_trait v1.2.0
[INFO] [stderr]    Compiling generic-array v0.14.7
[INFO] [stderr]     Checking base64ct v1.8.0
[INFO] [stderr]     Checking flagset v0.4.6
[INFO] [stderr]    Compiling cfg_aliases v0.2.1
[INFO] [stderr]     Checking base16ct v0.2.0
[INFO] [stderr]    Compiling portable-atomic v1.11.1
[INFO] [stderr]     Checking pin-project-lite v0.2.16
[INFO] [stderr]     Checking litemap v0.8.0
[INFO] [stderr]     Checking smallvec v1.15.1
[INFO] [stderr]    Compiling getrandom v0.3.3
[INFO] [stderr]     Checking memchr v2.7.6
[INFO] [stderr]     Checking pin-utils v0.1.0
[INFO] [stderr]     Checking pem-rfc7468 v0.7.0
[INFO] [stderr]     Checking writeable v0.6.1
[INFO] [stderr]    Compiling fs_extra v1.3.0
[INFO] [stderr]    Compiling dunce v1.0.5
[INFO] [stderr]    Compiling icu_normalizer_data v2.0.0
[INFO] [stderr]    Compiling icu_properties_data v2.0.1
[INFO] [stderr]    Compiling equivalent v1.0.2
[INFO] [stderr]    Compiling fnv v1.0.7
[INFO] [stderr]     Checking futures-core v0.3.31
[INFO] [stderr]    Compiling strsim v0.11.1
[INFO] [stderr]    Compiling ident_case v1.0.1
[INFO] [stderr]     Checking critical-section v1.2.0
[INFO] [stderr]    Compiling hashbrown v0.15.5
[INFO] [stderr]     Checking futures-sink v0.3.31
[INFO] [stderr]    Compiling winnow v0.5.40
[INFO] [stderr]     Checking futures-io v0.3.31
[INFO] [stderr]    Compiling num-traits v0.2.19
[INFO] [stderr]     Checking futures-channel v0.3.31
[INFO] [stderr]    Compiling thiserror v2.0.17
[INFO] [stderr]    Compiling zerocopy v0.8.26
[INFO] [stderr]    Compiling toml_datetime v0.6.11
[INFO] [stderr]     Checking bitflags v2.9.4
[INFO] [stderr]     Checking slab v0.4.11
[INFO] [stderr]     Checking futures-task v0.3.31
[INFO] [stderr]    Compiling lock_api v0.4.13
[INFO] [stderr]    Compiling memoffset v0.7.1
[INFO] [stderr]    Compiling memoffset v0.9.1
[INFO] [stderr]    Compiling parking_lot_core v0.9.11
[INFO] [stderr]    Compiling crossbeam-utils v0.8.21
[INFO] [stderr]    Compiling indexmap v2.11.4
[INFO] [stderr]     Checking rand_core v0.10.0
[INFO] [stderr]    Compiling getrandom v0.4.1
[INFO] [stderr]     Checking bytes v1.11.1
[INFO] [stderr]    Compiling rustversion v1.0.22
[INFO] [stderr]    Compiling aws-lc-rs v1.16.2
[INFO] [stderr]    Compiling nix v0.30.1
[INFO] [stderr]    Compiling borsh v1.5.7
[INFO] [stderr]     Checking cpufeatures v0.3.0
[INFO] [stderr]     Checking log v0.4.28
[INFO] [stderr]     Checking half v1.8.3
[INFO] [stderr]    Compiling once_cell v1.21.3
[INFO] [stderr]    Compiling serde_json v1.0.143
[INFO] [stderr]     Checking opaque-debug v0.3.1
[INFO] [stderr]     Checking scopeguard v1.2.0
[INFO] [stderr]     Checking percent-encoding v2.3.2
[INFO] [stderr]    Compiling jobserver v0.1.34
[INFO] [stderr]     Checking chacha20 v0.10.0
[INFO] [stderr]     Checking deranged v0.5.4
[INFO] [stderr]    Compiling syn v2.0.106
[INFO] [stderr]     Checking form_urlencoded v1.2.2
[INFO] [stderr]     Checking ryu v1.0.20
[INFO] [stderr]     Checking tracing-core v0.1.34
[INFO] [stderr]    Compiling thiserror v1.0.69
[INFO] [stderr]    Compiling cc v1.2.39
[INFO] [stderr]     Checking either v1.15.0
[INFO] [stderr]     Checking itoa v1.0.15
[INFO] [stderr]     Checking keccak v0.1.6
[INFO] [stderr]     Checking num-integer v0.1.46
[INFO] [stderr]     Checking time-core v0.1.8
[INFO] [stderr]     Checking num-conv v0.2.0
[INFO] [stderr]     Checking tinyvec_macros v0.1.1
[INFO] [stderr]     Checking hybrid-array v0.4.12
[INFO] [stderr]     Checking data-encoding v2.6.0
[INFO] [stderr]     Checking tinyvec v1.10.0
[INFO] [stderr]     Checking linked-hash-map v0.5.6
[INFO] [stderr]     Checking hex v0.4.3
[INFO] [stderr]     Checking generic-array v1.4.3
[INFO] [stderr]     Checking tracing v0.1.41
[INFO] [stderr]    Compiling rustls v0.23.37
[INFO] [stderr]     Checking num-iter v0.1.45
[INFO] [stderr]    Compiling moka v0.12.10
[INFO] [stderr]     Checking lru-cache v0.1.2
[INFO] [stderr]     Checking crossbeam-channel v0.5.15
[INFO] [stderr]     Checking crossbeam-epoch v0.9.18
[INFO] [stderr]    Compiling qos_core v0.15.0
[INFO] [stderr]     Checking tagptr v0.2.0
[INFO] [stderr]    Compiling httparse v1.10.1
[INFO] [stderr]     Checking chunked_transfer v1.5.0
[INFO] [stderr]     Checking getrandom v0.2.16
[INFO] [stderr]     Checking signal-hook-registry v1.4.6
[INFO] [stderr]     Checking socket2 v0.6.0
[INFO] [stderr]     Checking mio v1.0.4
[INFO] [stdout] error[E0493]: destructor of `ArrayBuilder<T, N>` cannot be evaluated at compile-time
[INFO] [stdout]    --> /opt/rustwide/cargo-home/registry/src/index.crates.io-1949cf8c6b5b557f/generic-array-1.4.3/src/internal.rs:103:31
[INFO] [stdout]     |
[INFO] [stdout] 103 |     pub unsafe fn assume_init(self) -> GenericArray<T, N> {
[INFO] [stdout]     |                               ^^^^ the destructor for this type cannot be evaluated in constant functions
[INFO] [stdout] ...
[INFO] [stdout] 109 |     }
[INFO] [stdout]     |     - value is dropped here
[INFO] [stdout] 
[INFO] [stdout] 
[INFO] [stderr]     Checking time v0.3.47
[INFO] [stderr]     Checking rand v0.10.1
[INFO] [stderr]     Checking rand_core v0.6.4
[INFO] [stdout] error[E0493]: destructor of `GenericArray<core::mem::MaybeUninit<*const T>, N>` cannot be evaluated at compile-time
[INFO] [stdout]    --> /opt/rustwide/cargo-home/registry/src/index.crates.io-1949cf8c6b5b557f/generic-array-1.4.3/src/lib.rs:970:13
[INFO] [stdout]     |
[INFO] [stdout] 970 |         let mut out: GenericArray<MaybeUninit<*const T>, N> = GenericArray::uninit();
[INFO] [stdout]     |             ^^^^^^^ the destructor for this type cannot be evaluated in constant functions
[INFO] [stdout] ...
[INFO] [stdout] 985 |     }
[INFO] [stdout]     |     - value is dropped here
[INFO] [stdout] 
[INFO] [stdout] 
[INFO] [stdout] error[E0493]: destructor of `GenericArray<core::mem::MaybeUninit<*mut T>, N>` cannot be evaluated at compile-time
[INFO] [stdout]     --> /opt/rustwide/cargo-home/registry/src/index.crates.io-1949cf8c6b5b557f/generic-array-1.4.3/src/lib.rs:1005:13
[INFO] [stdout]      |
[INFO] [stdout] 1005 |         let mut out: GenericArray<MaybeUninit<*mut T>, N> = GenericArray::uninit();
[INFO] [stdout]      |             ^^^^^^^ the destructor for this type cannot be evaluated in constant functions
[INFO] [stdout] ...
[INFO] [stdout] 1020 |     }
[INFO] [stdout]      |     - value is dropped here
[INFO] [stdout] 
[INFO] [stdout] 
[INFO] [stdout] For more information about this error, try `rustc --explain E0493`.
[INFO] [stdout] 
[INFO] [stderr] error: could not compile `generic-array` (lib) due to 3 previous errors
[INFO] [stderr] warning: build failed, waiting for other jobs to finish...
[INFO] running `Command { std: "docker" "inspect" "213925ee42c81c5c5655e4bdb5226daf5ec942292020d05772599c68519ccc0c", kill_on_drop: false }`
[INFO] running `Command { std: "docker" "rm" "-f" "213925ee42c81c5c5655e4bdb5226daf5ec942292020d05772599c68519ccc0c", kill_on_drop: false }`
[INFO] [stdout] 213925ee42c81c5c5655e4bdb5226daf5ec942292020d05772599c68519ccc0c
