[INFO] fetching crate proof-of-sql-planner 0.131.0...
[INFO] checking proof-of-sql-planner-0.131.0 against c60b92c03ca8a3b101eb9d57f51e2232690638c7 for pr-164148-crater-rollup
[INFO] extracting crate proof-of-sql-planner 0.131.0 into /workspace/builds/worker-5-tc2/source
[INFO] started tweaking crates.io crate proof-of-sql-planner 0.131.0
[INFO] removed 0 missing examples
[INFO] removed 0 missing tests
[INFO] finished tweaking crates.io crate proof-of-sql-planner 0.131.0
[INFO] tweaked toml for crates.io crate proof-of-sql-planner 0.131.0 written to /workspace/builds/worker-5-tc2/source/Cargo.toml
[INFO] validating manifest of crates.io crate proof-of-sql-planner 0.131.0 on toolchain c60b92c03ca8a3b101eb9d57f51e2232690638c7
[INFO] running `Command { std: CARGO_HOME="/workspace/cargo-home" RUSTUP_HOME="/workspace/rustup-home" "/workspace/cargo-home/bin/cargo" "+c60b92c03ca8a3b101eb9d57f51e2232690638c7" "metadata" "--manifest-path" "Cargo.toml" "--no-deps", kill_on_drop: false }`
[INFO] crate crates.io crate proof-of-sql-planner 0.131.0 already has a lockfile, it will not be regenerated
[INFO] running `Command { std: CARGO_HOME="/workspace/cargo-home" RUSTUP_HOME="/workspace/rustup-home" "/workspace/cargo-home/bin/cargo" "+c60b92c03ca8a3b101eb9d57f51e2232690638c7" "fetch" "--manifest-path" "Cargo.toml", kill_on_drop: false }`
[INFO] running `Command { std: "docker" "create" "-v" "/var/lib/crater-agent-workspace/builds/worker-5-tc2/source:/opt/rustwide/workdir:ro,Z" "-v" "/var/lib/crater-agent-workspace/builds/worker-5-tc2/target:/opt/rustwide/target:rw,Z" "-v" "/var/lib/crater-agent-workspace/cargo-home:/opt/rustwide/cargo-home:ro,Z" "-v" "/var/lib/crater-agent-workspace/rustup-home:/opt/rustwide/rustup-home:ro,Z" "-m" "1610612736" "--network" "none" "ghcr.io/rust-lang/crates-build-env/linux@sha256:77db811e55d90add9212f6832c23229e3de5f1c1f9905e8cb07319ea15df73ac" "sleep" "infinity", kill_on_drop: false }`
[INFO] [stdout] 539460aea0b90aa9933264015c0d3cb58d2b531724dd85d4c2ef522892218046
[INFO] running `Command { std: "docker" "start" "539460aea0b90aa9933264015c0d3cb58d2b531724dd85d4c2ef522892218046", kill_on_drop: false }`
[INFO] running `Command { std: "docker" "inspect" "539460aea0b90aa9933264015c0d3cb58d2b531724dd85d4c2ef522892218046", kill_on_drop: false }`
[INFO] running `Command { std: "docker" "exec" "-e" "SOURCE_DIR=/opt/rustwide/workdir" "-e" "CARGO_HOME=/opt/rustwide/cargo-home" "-e" "RUSTUP_HOME=/opt/rustwide/rustup-home" "-e" "CARGO_TARGET_DIR=/opt/rustwide/target" "-w" "/opt/rustwide/workdir" "--user" "0:0" "539460aea0b90aa9933264015c0d3cb58d2b531724dd85d4c2ef522892218046" "/opt/rustwide/cargo-home/bin/cargo" "+c60b92c03ca8a3b101eb9d57f51e2232690638c7" "metadata" "--no-deps" "--format-version=1", kill_on_drop: false }`
[INFO] running `Command { std: "docker" "inspect" "539460aea0b90aa9933264015c0d3cb58d2b531724dd85d4c2ef522892218046", kill_on_drop: false }`
[INFO] running `Command { std: "docker" "exec" "-e" "SOURCE_DIR=/opt/rustwide/workdir" "-e" "CARGO_HOME=/opt/rustwide/cargo-home" "-e" "RUSTUP_HOME=/opt/rustwide/rustup-home" "-e" "CARGO_TARGET_DIR=/opt/rustwide/target" "-e" "CARGO_INCREMENTAL=0" "-e" "RUST_BACKTRACE=full" "-e" "RUSTFLAGS=--cap-lints=forbid" "-e" "RUSTDOCFLAGS=--cap-lints=forbid" "-w" "/opt/rustwide/workdir" "--user" "0:0" "539460aea0b90aa9933264015c0d3cb58d2b531724dd85d4c2ef522892218046" "/opt/rustwide/cargo-home/bin/cargo" "+c60b92c03ca8a3b101eb9d57f51e2232690638c7" "check" "--frozen" "--all" "--all-targets" "--message-format=json", kill_on_drop: false }`
[INFO] [stderr]    Compiling proc-macro2 v1.0.107
[INFO] [stderr]    Compiling serde_core v1.0.229
[INFO] [stderr]    Compiling zerocopy v0.8.57
[INFO] [stderr]    Compiling siphasher v1.0.3
[INFO] [stderr]    Compiling regex-syntax v0.8.11
[INFO] [stderr]    Compiling rand_core v0.6.4
[INFO] [stderr]     Checking bytes v1.12.1
[INFO] [stderr]    Compiling num-traits v0.2.19
[INFO] [stderr]    Compiling ahash v0.8.11
[INFO] [stderr]     Checking zerocopy v0.7.35
[INFO] [stderr]     Checking stable_deref_trait v1.2.1
[INFO] [stderr]     Checking either v1.18.0
[INFO] [stderr]     Checking getrandom v0.2.17
[INFO] [stderr]     Checking phf_shared v0.11.3
[INFO] [stderr]    Compiling semver v1.0.28
[INFO] [stderr]    Compiling syn v1.0.109
[INFO] [stderr]     Checking arrow-schema v51.0.0
[INFO] [stderr]     Checking phf v0.11.3
[INFO] [stderr]     Checking lexical-util v0.8.5
[INFO] [stderr]    Compiling paste v1.0.15
[INFO] [stderr]    Compiling rand v0.8.8
[INFO] [stderr]    Compiling rustc_version v0.4.1
[INFO] [stderr]     Checking smallvec v1.16.1
[INFO] [stderr]    Compiling generic-array v0.14.7
[INFO] [stderr]     Checking subtle v2.6.1
[INFO] [stderr]     Checking unicode-segmentation v1.13.3
[INFO] [stderr]     Checking typenum v1.20.1
[INFO] [stderr]     Checking unicode-width v0.2.2
[INFO] [stderr]     Checking aho-corasick v1.1.5
[INFO] [stderr]    Compiling quote v1.0.47
[INFO] [stderr]     Checking lexical-parse-integer v0.8.6
[INFO] [stderr]     Checking lexical-write-integer v0.8.5
[INFO] [stderr]     Checking base64 v0.22.1
[INFO] [stderr]     Checking lexical-parse-float v0.8.5
[INFO] [stderr]    Compiling num-integer v0.1.47
[INFO] [stderr]     Checking lexical-write-float v0.8.5
[INFO] [stderr]    Compiling syn v3.0.5
[INFO] [stderr]    Compiling syn v2.0.119
[INFO] [stderr]    Compiling flatbuffers v23.5.26
[INFO] [stderr]     Checking hashbrown v0.17.1
[INFO] [stderr]    Compiling serde_json v1.0.151
[INFO] [stderr]     Checking lazy_static v1.5.0
[INFO] [stderr]     Checking hashbrown v0.14.5
[INFO] [stderr]     Checking futures-sink v0.3.34
[INFO] [stderr]     Checking comfy-table v7.2.2
[INFO] [stderr]     Checking lexical-core v0.8.5
[INFO] [stderr]     Checking csv-core v0.1.13
[INFO] [stderr]     Checking futures-channel v0.3.34
[INFO] [stderr]    Compiling doc-comment v0.3.4
[INFO] [stderr]     Checking futures-io v0.3.34
[INFO] [stderr]     Checking twox-hash v2.1.4
[INFO] [stderr]    Compiling phf_generator v0.11.3
[INFO] [stderr]     Checking lz4_flex v0.11.6
[INFO] [stderr]     Checking num-complex v0.4.6
[INFO] [stderr]     Checking atoi v2.0.0
[INFO] [stderr]    Compiling phf_codegen v0.11.3
[INFO] [stderr]     Checking parking_lot_core v0.9.12
[INFO] [stderr]     Checking tracing-core v0.1.36
[INFO] [stderr]     Checking percent-encoding v2.3.2
[INFO] [stderr]     Checking num-iter v0.1.46
[INFO] [stderr]    Compiling heck v0.4.1
[INFO] [stderr]     Checking log v0.4.34
[INFO] [stderr]     Checking parking_lot v0.12.5
[INFO] [stderr]     Checking form_urlencoded v1.2.2
[INFO] [stderr]     Checking itertools v0.12.1
[INFO] [stderr]     Checking humantime v2.4.0
[INFO] [stderr]    Compiling num-bigint v0.4.8
[INFO] [stderr]     Checking num_cpus v1.17.0
[INFO] [stderr]    Compiling regex-automata v0.4.18
[INFO] [stderr]    Compiling num-bigint v0.3.3
[INFO] [stderr]    Compiling crossbeam-utils v0.8.23
[INFO] [stderr]    Compiling getrandom v0.4.3
[INFO] [stderr]    Compiling rustix v1.1.4
[INFO] [stderr]    Compiling radium v0.7.0
[INFO] [stderr]     Checking linux-raw-sys v0.12.1
[INFO] [stderr]    Compiling crossbeam-epoch v0.9.21
[INFO] [stderr]     Checking fastrand v2.5.0
[INFO] [stderr]     Checking tap v1.0.1
[INFO] [stderr]    Compiling crossbeam-deque v0.8.8
[INFO] [stderr]     Checking arrayvec v0.7.8
[INFO] [stderr]     Checking wyz v0.5.1
[INFO] [stderr]     Checking dashmap v5.5.3
[INFO] [stderr]     Checking itertools v0.13.0
[INFO] [stderr]     Checking funty v2.0.0
[INFO] [stderr]     Checking hashbrown v0.15.5
[INFO] [stderr]     Checking indexmap v2.14.2
[INFO] [stderr]     Checking crypto-common v0.1.7
[INFO] [stderr]     Checking block-buffer v0.10.4
[INFO] [stderr]     Checking csv v1.4.0
[INFO] [stderr]     Checking digest v0.10.7
[INFO] [stderr]     Checking bitvec v1.1.1
[INFO] [stderr]     Checking fixedbitset v0.4.2
[INFO] [stderr]    Compiling thiserror v2.0.20
[INFO] [stderr]    Compiling addchain v0.2.1
[INFO] [stderr]     Checking regex v1.13.1
[INFO] [stderr]     Checking rayon-core v1.13.0
[INFO] [stderr]     Checking cpufeatures v0.2.17
[INFO] [stderr]    Compiling heapless v0.7.17
[INFO] [stderr]     Checking utf8parse v0.2.2
[INFO] [stderr]    Compiling crunchy v0.2.4
[INFO] [stderr]     Checking petgraph v0.6.5
[INFO] [stderr]    Compiling halo2curves v0.8.0
[INFO] [stderr]     Checking anstyle-parse v1.0.0
[INFO] [stderr]     Checking sha2 v0.10.9
[INFO] [stderr]     Checking blake2 v0.10.6
[INFO] [stderr]    Compiling curve25519-dalek v4.1.3
[INFO] [stderr]     Checking spin v0.9.9
[INFO] [stderr]     Checking rayon v1.12.0
[INFO] [stderr]     Checking hash32 v0.2.1
[INFO] [stderr]    Compiling bigdecimal v0.4.10
[INFO] [stderr]     Checking tempfile v3.27.0
[INFO] [stderr]     Checking is_terminal_polyfill v1.70.2
[INFO] [stderr]     Checking keccak v0.1.6
[INFO] [stderr]     Checking anstyle-query v1.1.5
[INFO] [stderr]    Compiling tiny-keccak v2.0.2
[INFO] [stderr]     Checking colorchoice v1.0.5
[INFO] [stderr]     Checking sha3 v0.10.9
[INFO] [stderr]     Checking anstream v1.0.0
[INFO] [stderr]     Checking generic-array v1.4.5
[INFO] [stderr]     Checking uuid v1.12.1
[INFO] [stderr]     Checking itertools v0.14.0
[INFO] [stderr]    Compiling convert_case v0.4.0
[INFO] [stderr]    Compiling once_cell v1.21.4
[INFO] [stderr]     Checking strsim v0.11.1
[INFO] [stderr]     Checking unty v0.0.4
[INFO] [stderr]     Checking clap_builder v4.6.6
[INFO] [stderr]     Checking bit-iter v1.3.1
[INFO] [stderr]     Checking bumpalo v3.20.3
[INFO] [stderr]     Checking byte-slice-cast v1.2.3
[INFO] [stderr]    Compiling parse-zoneinfo v0.3.1
[INFO] [stderr]     Checking glob v0.3.4
[INFO] [stderr]     Checking bnum v0.3.0
[INFO] [stdout] error[E0493]: destructor of `ArrayBuilder<T, N>` cannot be evaluated at compile-time
[INFO] [stdout]    --> /opt/rustwide/cargo-home/registry/src/index.crates.io-1949cf8c6b5b557f/generic-array-1.4.5/src/internal.rs:103:31
[INFO] [stdout]     |
[INFO] [stdout] 103 |     pub unsafe fn assume_init(self) -> GenericArray<T, N> {
[INFO] [stdout]     |                               ^^^^ the destructor for this type cannot be evaluated in constant functions
[INFO] [stdout] ...
[INFO] [stdout] 109 |     }
[INFO] [stdout]     |     - value is dropped here
[INFO] [stdout] 
[INFO] [stdout] 
[INFO] [stdout] error[E0493]: destructor of `GenericArray<core::mem::MaybeUninit<*const T>, N>` cannot be evaluated at compile-time
[INFO] [stdout]    --> /opt/rustwide/cargo-home/registry/src/index.crates.io-1949cf8c6b5b557f/generic-array-1.4.5/src/lib.rs:983:13
[INFO] [stdout]     |
[INFO] [stdout] 983 |         let mut out: GenericArray<MaybeUninit<*const T>, N> = GenericArray::uninit();
[INFO] [stdout]     |             ^^^^^^^ the destructor for this type cannot be evaluated in constant functions
[INFO] [stdout] ...
[INFO] [stdout] 998 |     }
[INFO] [stdout]     |     - value is dropped here
[INFO] [stdout] 
[INFO] [stdout] 
[INFO] [stdout] error[E0493]: destructor of `GenericArray<core::mem::MaybeUninit<*mut T>, N>` cannot be evaluated at compile-time
[INFO] [stdout]     --> /opt/rustwide/cargo-home/registry/src/index.crates.io-1949cf8c6b5b557f/generic-array-1.4.5/src/lib.rs:1018:13
[INFO] [stdout]      |
[INFO] [stdout] 1018 |         let mut out: GenericArray<MaybeUninit<*mut T>, N> = GenericArray::uninit();
[INFO] [stdout]      |             ^^^^^^^ the destructor for this type cannot be evaluated in constant functions
[INFO] [stdout] ...
[INFO] [stdout] 1033 |     }
[INFO] [stdout]      |     - value is dropped here
[INFO] [stdout] 
[INFO] [stdout] 
[INFO] [stdout] For more information about this error, try `rustc --explain E0493`.
[INFO] [stdout] 
[INFO] [stderr] error: could not compile `generic-array` (lib) due to 3 previous errors
[INFO] [stderr] warning: build failed, waiting for other jobs to finish...
[INFO] running `Command { std: "docker" "inspect" "539460aea0b90aa9933264015c0d3cb58d2b531724dd85d4c2ef522892218046", kill_on_drop: false }`
[INFO] running `Command { std: "docker" "rm" "-f" "539460aea0b90aa9933264015c0d3cb58d2b531724dd85d4c2ef522892218046", kill_on_drop: false }`
[INFO] [stdout] 539460aea0b90aa9933264015c0d3cb58d2b531724dd85d4c2ef522892218046
