[INFO] fetching crate petal-clustering 0.14.0...
[INFO] checking petal-clustering-0.14.0 against c60b92c03ca8a3b101eb9d57f51e2232690638c7 for pr-164148-crater-rollup
[INFO] extracting crate petal-clustering 0.14.0 into /workspace/builds/worker-5-tc2/source
[INFO] started tweaking crates.io crate petal-clustering 0.14.0
[INFO] removed 0 missing examples
[INFO] finished tweaking crates.io crate petal-clustering 0.14.0
[INFO] tweaked toml for crates.io crate petal-clustering 0.14.0 written to /workspace/builds/worker-5-tc2/source/Cargo.toml
[INFO] validating manifest of crates.io crate petal-clustering 0.14.0 on toolchain c60b92c03ca8a3b101eb9d57f51e2232690638c7
[INFO] running `Command { std: CARGO_HOME="/workspace/cargo-home" RUSTUP_HOME="/workspace/rustup-home" "/workspace/cargo-home/bin/cargo" "+c60b92c03ca8a3b101eb9d57f51e2232690638c7" "metadata" "--manifest-path" "Cargo.toml" "--no-deps", kill_on_drop: false }`
[INFO] crate crates.io crate petal-clustering 0.14.0 already has a lockfile, it will not be regenerated
[INFO] running `Command { std: CARGO_HOME="/workspace/cargo-home" RUSTUP_HOME="/workspace/rustup-home" "/workspace/cargo-home/bin/cargo" "+c60b92c03ca8a3b101eb9d57f51e2232690638c7" "fetch" "--manifest-path" "Cargo.toml", kill_on_drop: false }`
[INFO] [stderr] warning: `package.homepage` is redundant with `package.repository`
[INFO] [stderr]   --> Cargo.toml:76:12
[INFO] [stderr]    |
[INFO] [stderr] 76 | homepage = "https://github.com/petabi/petal-clustering"
[INFO] [stderr]    |            ^^^^^^^^^^^^^^^^^^^^^^^^^^^^^^^^^^^^^^^^^^^^
[INFO] [stderr] ...
[INFO] [stderr] 81 | repository = "https://github.com/petabi/petal-clustering"
[INFO] [stderr]    |              --------------------------------------------
[INFO] [stderr]    |
[INFO] [stderr]    = note: `cargo::redundant_homepage` is set to `warn` by default
[INFO] [stderr] help: consider removing `package.homepage`
[INFO] [stderr] warning: `petal-clustering` (manifest) generated 1 warning
[INFO] running `Command { std: "docker" "create" "-v" "/var/lib/crater-agent-workspace/builds/worker-5-tc2/source:/opt/rustwide/workdir:ro,Z" "-v" "/var/lib/crater-agent-workspace/builds/worker-5-tc2/target:/opt/rustwide/target:rw,Z" "-v" "/var/lib/crater-agent-workspace/cargo-home:/opt/rustwide/cargo-home:ro,Z" "-v" "/var/lib/crater-agent-workspace/rustup-home:/opt/rustwide/rustup-home:ro,Z" "-m" "1610612736" "--network" "none" "ghcr.io/rust-lang/crates-build-env/linux@sha256:77db811e55d90add9212f6832c23229e3de5f1c1f9905e8cb07319ea15df73ac" "sleep" "infinity", kill_on_drop: false }`
[INFO] [stdout] 40c1558cf27be77e47bdbd8047d69fb012e090893e69fc8fb8894ac578d27cc6
[INFO] running `Command { std: "docker" "start" "40c1558cf27be77e47bdbd8047d69fb012e090893e69fc8fb8894ac578d27cc6", kill_on_drop: false }`
[INFO] running `Command { std: "docker" "inspect" "40c1558cf27be77e47bdbd8047d69fb012e090893e69fc8fb8894ac578d27cc6", kill_on_drop: false }`
[INFO] running `Command { std: "docker" "exec" "-e" "SOURCE_DIR=/opt/rustwide/workdir" "-e" "CARGO_HOME=/opt/rustwide/cargo-home" "-e" "RUSTUP_HOME=/opt/rustwide/rustup-home" "-e" "CARGO_TARGET_DIR=/opt/rustwide/target" "-w" "/opt/rustwide/workdir" "--user" "0:0" "40c1558cf27be77e47bdbd8047d69fb012e090893e69fc8fb8894ac578d27cc6" "/opt/rustwide/cargo-home/bin/cargo" "+c60b92c03ca8a3b101eb9d57f51e2232690638c7" "metadata" "--no-deps" "--format-version=1", kill_on_drop: false }`
[INFO] running `Command { std: "docker" "inspect" "40c1558cf27be77e47bdbd8047d69fb012e090893e69fc8fb8894ac578d27cc6", kill_on_drop: false }`
[INFO] running `Command { std: "docker" "exec" "-e" "SOURCE_DIR=/opt/rustwide/workdir" "-e" "CARGO_HOME=/opt/rustwide/cargo-home" "-e" "RUSTUP_HOME=/opt/rustwide/rustup-home" "-e" "CARGO_TARGET_DIR=/opt/rustwide/target" "-e" "CARGO_INCREMENTAL=0" "-e" "RUST_BACKTRACE=full" "-e" "RUSTFLAGS=--cap-lints=forbid" "-e" "RUSTDOCFLAGS=--cap-lints=forbid" "-w" "/opt/rustwide/workdir" "--user" "0:0" "40c1558cf27be77e47bdbd8047d69fb012e090893e69fc8fb8894ac578d27cc6" "/opt/rustwide/cargo-home/bin/cargo" "+c60b92c03ca8a3b101eb9d57f51e2232690638c7" "check" "--frozen" "--all" "--all-targets" "--message-format=json", kill_on_drop: false }`
[INFO] [stderr] warning: `package.homepage` is redundant with `package.repository`
[INFO] [stderr]   --> Cargo.toml:76:12
[INFO] [stderr]    |
[INFO] [stderr] 76 | homepage = "https://github.com/petabi/petal-clustering"
[INFO] [stderr]    |            ^^^^^^^^^^^^^^^^^^^^^^^^^^^^^^^^^^^^^^^^^^^^
[INFO] [stderr] ...
[INFO] [stderr] 81 | repository = "https://github.com/petabi/petal-clustering"
[INFO] [stderr]    |              --------------------------------------------
[INFO] [stderr]    |
[INFO] [stderr]    = note: `cargo::redundant_homepage` is set to `warn` by default
[INFO] [stderr] help: consider removing `package.homepage`
[INFO] [stderr] warning: `petal-clustering` (manifest) generated 1 warning
[INFO] [stderr]    Compiling zerocopy v0.8.59
[INFO] [stderr]     Checking either v1.18.0
[INFO] [stderr]    Compiling thiserror v2.0.21
[INFO] [stderr]    Compiling syn v2.0.119
[INFO] [stderr]     Checking getrandom v0.3.4
[INFO] [stderr]    Compiling cc v1.5.1
[INFO] [stderr]     Checking num-complex v0.4.6
[INFO] [stderr]    Compiling thiserror-impl v2.0.21
[INFO] [stderr]     Checking regex-automata v0.4.18
[INFO] [stderr]     Checking ordered-float v5.5.0
[INFO] [stderr]     Checking serde v1.0.229
[INFO] [stderr]     Checking clap_builder v4.6.7
[INFO] [stderr]     Checking serde_json v1.0.151
[INFO] [stderr]     Checking fearless_simd v1.0.0
[INFO] [stderr]     Checking succinct v0.5.2
[INFO] [stderr]     Checking plotters v0.3.7
[INFO] [stderr]     Checking ndarray v0.17.2
[INFO] [stderr]     Checking itertools v0.13.0
[INFO] [stderr]     Checking rand_core v0.9.5
[INFO] [stderr]     Checking rayon v1.12.0
[INFO] [stderr]     Checking itertools v0.15.0
[INFO] [stderr]     Checking csv-core v0.1.13
[INFO] [stderr]     Checking page_size v0.6.0
[INFO] [stderr]     Checking approx v0.5.1
[INFO] [stderr]     Checking csv v1.4.0
[INFO] [stderr]     Checking tinytemplate v1.2.1
[INFO] [stderr]     Checking regex v1.13.1
[INFO] [stderr]    Compiling alloca v0.4.0
[INFO] [stderr]     Checking clap v4.6.7
[INFO] [stderr]     Checking criterion-plot v0.8.2
[INFO] [stderr]    Compiling zerocopy-derive v0.8.59
[INFO] [stderr]     Checking petal-neighbors v0.19.0
[INFO] [stderr]     Checking petal-clustering v0.14.0 (/opt/rustwide/workdir)
[INFO] [stdout] error[E0277]: `A` cannot be sent between threads safely
[INFO] [stdout]    --> src/dbscan.rs:141:14
[INFO] [stdout]     |
[INFO] [stdout] 141 |         .map(|p| db.query_radius(&p, eps).into_iter().collect::<Vec<usize>>())
[INFO] [stdout]     |          --- ---^^^^^^^^^^^^^^^^^^^^^^^^^^^^^^^^^^^^^^^^^^^^^^^^^^^^^^^^^^^^^
[INFO] [stdout]     |          |   |
[INFO] [stdout]     |          |   `A` cannot be sent between threads safely
[INFO] [stdout]     |          |   within this `{closure@src/dbscan.rs:141:14: 141:17}`
[INFO] [stdout]     |          required by a bound introduced by this call
[INFO] [stdout]     |
[INFO] [stdout] note: required because `eps` is used within this closure
[INFO] [stdout]    --> src/dbscan.rs:141:38
[INFO] [stdout]     |
[INFO] [stdout] 141 |         .map(|p| db.query_radius(&p, eps).into_iter().collect::<Vec<usize>>())
[INFO] [stdout]     |                                      ^^^
[INFO] [stdout] note: required by a bound in `rayon::iter::ParallelIterator::map`
[INFO] [stdout]    --> /opt/rustwide/cargo-home/registry/src/index.crates.io-1949cf8c6b5b557f/rayon-1.12.0/src/iter/mod.rs:595:41
[INFO] [stdout]     |
[INFO] [stdout] 357 | pub trait ParallelIterator: Sized + Send {
[INFO] [stdout] ...
[INFO] [stdout] 593 |     fn map<F, R>(self, map_op: F) -> Map<Self, F>
[INFO] [stdout] 594 |     where
[INFO] [stdout] 595 |         F: Fn(Self::Item) -> R + Sync + Send,
[INFO] [stdout]     |                                         ^^^^ required by this bound in `ParallelIterator::map`
[INFO] [stdout] help: consider further restricting type parameter `A` with trait `Send`
[INFO] [stdout]     |
[INFO] [stdout] 131 |     A: AddAssign + DivAssign + FloatCore + FromPrimitive + Sync + std::marker::Send,
[INFO] [stdout]     |                                                                 +++++++++++++++++++
[INFO] [stdout] 
[INFO] [stdout] 
[INFO] [stdout] error[E0277]: `A` cannot be sent between threads safely
[INFO] [stdout]     --> src/dbscan.rs:142:10
[INFO] [stdout]      |
[INFO] [stdout]  142 |         .collect()
[INFO] [stdout]      |          ^^^^^^^ `A` cannot be sent between threads safely
[INFO] [stdout]      |
[INFO] [stdout] note: required because `eps` is used within this closure
[INFO] [stdout]     --> src/dbscan.rs:141:38
[INFO] [stdout]      |
[INFO] [stdout]  141 |         .map(|p| db.query_radius(&p, eps).into_iter().collect::<Vec<usize>>())
[INFO] [stdout]      |                                      ^^^
[INFO] [stdout] note: required because it appears within the type `Map<IntoIter<ArrayBase<_, Dim<[usize; 1]>, A>>, {closure@...}>`
[INFO] [stdout]     --> /opt/rustwide/cargo-home/registry/src/index.crates.io-1949cf8c6b5b557f/rayon-1.12.0/src/iter/map.rs:14:12
[INFO] [stdout]      |
[INFO] [stdout]   14 | pub struct Map<I, F> {
[INFO] [stdout]      |            ^^^
[INFO] [stdout] note: required by a bound in `rayon::iter::ParallelIterator::collect`
[INFO] [stdout]     --> /opt/rustwide/cargo-home/registry/src/index.crates.io-1949cf8c6b5b557f/rayon-1.12.0/src/iter/mod.rs:357:37
[INFO] [stdout]      |
[INFO] [stdout]  357 | pub trait ParallelIterator: Sized + Send {
[INFO] [stdout]      |                                     ^^^^ required by this bound in `ParallelIterator::collect`
[INFO] [stdout] ...
[INFO] [stdout] 2054 |     fn collect<C>(self) -> C
[INFO] [stdout]      = note: the full name for the type has been written to '/opt/rustwide/target/debug/build/petal-clustering/4bfbd323a6104c45/out/petal_clustering-4bfbd323a6104c45.long-type-1057676927074452424.txt'
[INFO] [stdout]      = note: consider using `--verbose` to print the full type name to the console
[INFO] [stdout] help: consider further restricting type parameter `A` with trait `Send`
[INFO] [stdout]      |
[INFO] [stdout]  131 |     A: AddAssign + DivAssign + FloatCore + FromPrimitive + Sync + std::marker::Send,
[INFO] [stdout]      |                                                                 +++++++++++++++++++
[INFO] [stdout] help: consider removing this method call, as the receiver has type `rayon::vec::IntoIter<ArrayBase<ViewRepr<&A>, Dim<[usize; 1]>, A>>` and `rayon::vec::IntoIter<ArrayBase<ViewRepr<&A>, Dim<[usize; 1]>, A>>: Send` trivially holds
[INFO] [stdout]      |
[INFO] [stdout]  140 -     rows.into_par_iter()
[INFO] [stdout]  141 -         .map(|p| db.query_radius(&p, eps).into_iter().collect::<Vec<usize>>())
[INFO] [stdout]  140 +     rows.into_par_iter()
[INFO] [stdout]      |
[INFO] [stdout] 
[INFO] [stdout] 
[INFO] [stdout] error[E0277]: `A` cannot be sent between threads safely
[INFO] [stdout]    --> src/dbscan.rs:140:5
[INFO] [stdout]     |
[INFO] [stdout] 140 | /     rows.into_par_iter()
[INFO] [stdout] 141 | |         .map(|p| db.query_radius(&p, eps).into_iter().collect::<Vec<usize>>())
[INFO] [stdout]     | |              --- within this `{closure@src/dbscan.rs:141:14: 141:17}`
[INFO] [stdout] 142 | |         .collect()
[INFO] [stdout]     | |__________________^ `A` cannot be sent between threads safely
[INFO] [stdout]     |
[INFO] [stdout] note: required because `eps` is used within this closure
[INFO] [stdout]    --> src/dbscan.rs:141:38
[INFO] [stdout]     |
[INFO] [stdout] 141 |         .map(|p| db.query_radius(&p, eps).into_iter().collect::<Vec<usize>>())
[INFO] [stdout]     |                                      ^^^
[INFO] [stdout]     = note: required for `Map<IntoIter<ArrayBase<_, Dim<[usize; 1]>, A>>, {closure@...}>` to implement `rayon::iter::ParallelIterator`
[INFO] [stdout]     = note: the full name for the type has been written to '/opt/rustwide/target/debug/build/petal-clustering/4bfbd323a6104c45/out/petal_clustering-4bfbd323a6104c45.long-type-1057676927074452424.txt'
[INFO] [stdout]     = note: consider using `--verbose` to print the full type name to the console
[INFO] [stdout] help: consider further restricting type parameter `A` with trait `Send`
[INFO] [stdout]     |
[INFO] [stdout] 131 |     A: AddAssign + DivAssign + FloatCore + FromPrimitive + Sync + std::marker::Send,
[INFO] [stdout]     |                                                                 +++++++++++++++++++
[INFO] [stdout] 
[INFO] [stdout] 
[INFO] [stdout] For more information about this error, try `rustc --explain E0277`.
[INFO] [stdout] 
[INFO] [stderr] error: could not compile `petal-clustering` (lib) due to 3 previous errors
[INFO] [stderr] warning: build failed, waiting for other jobs to finish...
[INFO] running `Command { std: "docker" "inspect" "40c1558cf27be77e47bdbd8047d69fb012e090893e69fc8fb8894ac578d27cc6", kill_on_drop: false }`
[INFO] running `Command { std: "docker" "rm" "-f" "40c1558cf27be77e47bdbd8047d69fb012e090893e69fc8fb8894ac578d27cc6", kill_on_drop: false }`
[INFO] [stdout] 40c1558cf27be77e47bdbd8047d69fb012e090893e69fc8fb8894ac578d27cc6
