[INFO] fetching crate pdfcn-core 0.1.0...
[INFO] checking pdfcn-core-0.1.0 against c60b92c03ca8a3b101eb9d57f51e2232690638c7 for pr-164148-crater-rollup
[INFO] extracting crate pdfcn-core 0.1.0 into /workspace/builds/worker-1-tc2/source
[INFO] started tweaking crates.io crate pdfcn-core 0.1.0
[INFO] finished tweaking crates.io crate pdfcn-core 0.1.0
[INFO] tweaked toml for crates.io crate pdfcn-core 0.1.0 written to /workspace/builds/worker-1-tc2/source/Cargo.toml
[INFO] validating manifest of crates.io crate pdfcn-core 0.1.0 on toolchain c60b92c03ca8a3b101eb9d57f51e2232690638c7
[INFO] running `Command { std: CARGO_HOME="/workspace/cargo-home" RUSTUP_HOME="/workspace/rustup-home" "/workspace/cargo-home/bin/cargo" "+c60b92c03ca8a3b101eb9d57f51e2232690638c7" "metadata" "--manifest-path" "Cargo.toml" "--no-deps", kill_on_drop: false }`
[INFO] crate crates.io crate pdfcn-core 0.1.0 already has a lockfile, it will not be regenerated
[INFO] running `Command { std: CARGO_HOME="/workspace/cargo-home" RUSTUP_HOME="/workspace/rustup-home" "/workspace/cargo-home/bin/cargo" "+c60b92c03ca8a3b101eb9d57f51e2232690638c7" "fetch" "--manifest-path" "Cargo.toml", kill_on_drop: false }`
[INFO] running `Command { std: "docker" "create" "-v" "/var/lib/crater-agent-workspace/builds/worker-1-tc2/source:/opt/rustwide/workdir:ro,Z" "-v" "/var/lib/crater-agent-workspace/builds/worker-1-tc2/target:/opt/rustwide/target:rw,Z" "-v" "/var/lib/crater-agent-workspace/cargo-home:/opt/rustwide/cargo-home:ro,Z" "-v" "/var/lib/crater-agent-workspace/rustup-home:/opt/rustwide/rustup-home:ro,Z" "-m" "1610612736" "--network" "none" "ghcr.io/rust-lang/crates-build-env/linux@sha256:77db811e55d90add9212f6832c23229e3de5f1c1f9905e8cb07319ea15df73ac" "sleep" "infinity", kill_on_drop: false }`
[INFO] [stdout] 2815f7f5ce3516fdd2001769cbb27b4508d8ffff8bd56fddde62da6daf0f07ed
[INFO] running `Command { std: "docker" "start" "2815f7f5ce3516fdd2001769cbb27b4508d8ffff8bd56fddde62da6daf0f07ed", kill_on_drop: false }`
[INFO] running `Command { std: "docker" "inspect" "2815f7f5ce3516fdd2001769cbb27b4508d8ffff8bd56fddde62da6daf0f07ed", kill_on_drop: false }`
[INFO] running `Command { std: "docker" "exec" "-e" "SOURCE_DIR=/opt/rustwide/workdir" "-e" "CARGO_HOME=/opt/rustwide/cargo-home" "-e" "RUSTUP_HOME=/opt/rustwide/rustup-home" "-e" "CARGO_TARGET_DIR=/opt/rustwide/target" "-w" "/opt/rustwide/workdir" "--user" "0:0" "2815f7f5ce3516fdd2001769cbb27b4508d8ffff8bd56fddde62da6daf0f07ed" "/opt/rustwide/cargo-home/bin/cargo" "+c60b92c03ca8a3b101eb9d57f51e2232690638c7" "metadata" "--no-deps" "--format-version=1", kill_on_drop: false }`
[INFO] running `Command { std: "docker" "inspect" "2815f7f5ce3516fdd2001769cbb27b4508d8ffff8bd56fddde62da6daf0f07ed", kill_on_drop: false }`
[INFO] running `Command { std: "docker" "exec" "-e" "SOURCE_DIR=/opt/rustwide/workdir" "-e" "CARGO_HOME=/opt/rustwide/cargo-home" "-e" "RUSTUP_HOME=/opt/rustwide/rustup-home" "-e" "CARGO_TARGET_DIR=/opt/rustwide/target" "-e" "CARGO_INCREMENTAL=0" "-e" "RUST_BACKTRACE=full" "-e" "RUSTFLAGS=--cap-lints=forbid" "-e" "RUSTDOCFLAGS=--cap-lints=forbid" "-w" "/opt/rustwide/workdir" "--user" "0:0" "2815f7f5ce3516fdd2001769cbb27b4508d8ffff8bd56fddde62da6daf0f07ed" "/opt/rustwide/cargo-home/bin/cargo" "+c60b92c03ca8a3b101eb9d57f51e2232690638c7" "check" "--frozen" "--all" "--all-targets" "--message-format=json", kill_on_drop: false }`
[INFO] [stderr]    Compiling fst v0.4.7
[INFO] [stderr]    Compiling serde_core v1.0.229
[INFO] [stderr]     Checking serde v1.0.229
[INFO] [stderr]    Compiling proc-macro2-diagnostics v0.10.1
[INFO] [stderr]     Checking flate2 v1.1.9
[INFO] [stderr]     Checking tinyvec v1.12.0
[INFO] [stderr]    Compiling pathfinder_simd v0.5.6
[INFO] [stderr]    Compiling syn v1.0.109
[INFO] [stderr]    Compiling phf_shared v0.13.1
[INFO] [stderr]    Compiling yansi v1.0.1
[INFO] [stderr]    Compiling fastrand v2.5.0
[INFO] [stderr]    Compiling phf_generator v0.13.1
[INFO] [stderr]    Compiling rand v0.8.7
[INFO] [stderr]     Checking block-padding v0.4.2
[INFO] [stderr]    Compiling unicode-joining-type v1.0.0
[INFO] [stderr]    Compiling unicode-canonical-combining-class v1.0.0
[INFO] [stderr]    Compiling unicode-general-category v1.1.0
[INFO] [stderr]     Checking smallvec v1.15.2
[INFO] [stderr]    Compiling ouroboros_macro v0.18.5
[INFO] [stderr]    Compiling phf_macros v0.13.1
[INFO] [stderr]    Compiling phf_generator v0.11.3
[INFO] [stderr]     Checking inout v0.2.2
[INFO] [stderr]    Compiling enumflags2_derive v0.7.12
[INFO] [stderr]     Checking getrandom v0.2.17
[INFO] [stderr]    Compiling libm v0.2.16
[INFO] [stderr]     Checking aliasable v0.1.3
[INFO] [stderr]     Checking ahash v0.7.8
[INFO] [stderr]     Checking indexmap v2.14.0
[INFO] [stderr]     Checking phf v0.13.1
[INFO] [stderr]     Checking pathfinder_geometry v0.5.1
[INFO] [stderr]     Checking enumflags2 v0.7.12
[INFO] [stderr]    Compiling phf_codegen v0.11.3
[INFO] [stderr]     Checking cipher v0.5.2
[INFO] [stderr]     Checking brotli-decompressor v5.0.3
[INFO] [stderr]     Checking ouroboros v0.18.5
[INFO] [stderr]    Compiling cssparser-macros v0.7.0
[INFO] [stderr]    Compiling slotmap v1.1.1
[INFO] [stderr]    Compiling proc-macro-error v1.0.4
[INFO] [stderr]     Checking glyph-names v0.2.0
[INFO] [stderr]    Compiling pocket-resources v0.3.2
[INFO] [stderr]     Checking cssparser v0.37.0
[INFO] [stderr]    Compiling parcel_selectors v0.28.3
[INFO] [stderr]    Compiling proc-macro-error-attr v1.0.4
[INFO] [stderr]     Checking hashbrown v0.12.3
[INFO] [stderr]     Checking unicode-normalization v0.1.25
[INFO] [stderr]     Checking phf_shared v0.11.3
[INFO] [stderr]     Checking allsorts-azul v0.17.2
[INFO] [stderr]    Compiling thiserror-impl v2.0.20
[INFO] [stderr]     Checking mmapio v0.9.1
[INFO] [stderr]     Checking xmlparser v0.13.6
[INFO] [stderr]     Checking azul-simplecss v0.2.1
[INFO] [stderr]     Checking unicode-bidi v0.3.18
[INFO] [stderr]     Checking hyphenation_commons v0.8.4
[INFO] [stderr]    Compiling convert_case v0.6.0
[INFO] [stderr]    Compiling bincode v1.3.3
[INFO] [stderr]     Checking azul-css v0.0.14
[INFO] [stderr]     Checking phf v0.11.3
[INFO] [stderr]     Checking getrandom v0.3.4
[INFO] [stderr]     Checking getrandom v0.4.3
[INFO] [stderr]     Checking parking_lot_core v0.9.12
[INFO] [stderr]    Compiling hyphenation v0.8.4
[INFO] [stderr]     Checking thiserror v2.0.20
[INFO] [stderr]     Checking hashbrown v0.14.5
[INFO] [stderr]     Checking zune-core v0.5.3
[INFO] [stderr]     Checking unicode-properties v0.1.4
[INFO] [stderr]     Checking cpubits v0.1.1
[INFO] [stderr]     Checking winnow v0.6.26
[INFO] [stderr]     Checking memo-map v0.3.3
[INFO] [stderr]     Checking grid v1.0.1
[INFO] [stderr]     Checking gl-context-loader v0.1.10
[INFO] [stderr]     Checking minijinja v2.24.0
[INFO] [stderr]     Checking taffy v0.10.1
[INFO] [stderr]     Checking stringprep v0.1.5
[INFO] [stderr]     Checking aes v0.9.2
[INFO] [stderr]     Checking dashmap v5.5.3
[INFO] [stderr]     Checking moxcms v0.8.1
[INFO] [stderr]     Checking zune-jpeg v0.5.15
[INFO] [stderr]    Compiling ptr_meta_derive v0.1.4
[INFO] [stderr]     Checking ptr_meta v0.1.4
[INFO] [stderr]    Compiling rkyv_derive v0.7.46
[INFO] [stderr]    Compiling lightningcss-derive v1.0.0-alpha.43
[INFO] [stderr]     Checking png v0.18.1
[INFO] [stderr]     Checking rand v0.10.2
[INFO] [stderr]     Checking pdfcn-parser v0.1.0
[INFO] [stderr]     Checking ahash v0.8.12
[INFO] [stderr]    Compiling maud_macros v0.26.0
[INFO] [stderr]     Checking itertools v0.10.5
[INFO] [stderr]     Checking cssparser-color v0.5.0
[INFO] [stderr]     Checking md-5 v0.11.0
[INFO] [stderr]     Checking ecb v0.2.0
[INFO] [stderr]     Checking cbc v0.2.1
[INFO] [stderr]     Checking serde-content v0.1.2
[INFO] [stderr]     Checking roxmltree v0.21.1
[INFO] [stderr]     Checking nom v8.0.0
[INFO] [stderr]     Checking rkyv v0.7.46
[INFO] [stderr]     Checking const-str v1.1.0
[INFO] [stderr]     Checking lru v0.18.2
[INFO] [stderr]     Checking weezl v0.2.1
[INFO] [stderr]     Checking data-encoding v2.11.1
[INFO] [stderr]     Checking xmlwriter v0.1.0
[INFO] [stderr]     Checking rangemap v1.8.0
[INFO] [stderr]     Checking time v0.3.55
[INFO] [stderr]     Checking maud v0.26.0
[INFO] [stderr]     Checking image v0.25.10
[INFO] [stderr]     Checking pdfcn-template v0.1.0
[INFO] [stderr]     Checking serde_yaml v0.9.34+deprecated
[INFO] [stderr]     Checking pdfcn-components v0.1.0
[INFO] [stderr]     Checking parcel_sourcemap v2.1.1
[INFO] [stderr]     Checking lightningcss v1.0.0-alpha.72
[INFO] [stderr]     Checking rust-fontconfig v4.4.11
[INFO] [stderr]     Checking lopdf v0.44.0
[INFO] [stderr]     Checking azul-core v0.0.14
[INFO] [stdout] error[E0493]: destructor of `NodeData` cannot be evaluated at compile-time
[INFO] [stdout]     --> /opt/rustwide/cargo-home/registry/src/index.crates.io-1949cf8c6b5b557f/azul-core-0.0.14/src/dom.rs:3002:45
[INFO] [stdout]      |
[INFO] [stdout] 3002 |     #[must_use] pub const fn with_tab_index(mut self, tab_index: TabIndex) -> Self {
[INFO] [stdout]      |                                             ^^^^^^^^ the destructor for this type cannot be evaluated in constant functions
[INFO] [stdout] ...
[INFO] [stdout] 3005 |     }
[INFO] [stdout]      |     - value is dropped here
[INFO] [stdout] 
[INFO] [stdout] 
[INFO] [stdout] error[E0493]: destructor of `NodeData` cannot be evaluated at compile-time
[INFO] [stdout]     --> /opt/rustwide/cargo-home/registry/src/index.crates.io-1949cf8c6b5b557f/azul-core-0.0.14/src/dom.rs:3007:51
[INFO] [stdout]      |
[INFO] [stdout] 3007 |     #[must_use] pub const fn with_contenteditable(mut self, contenteditable: bool) -> Self {
[INFO] [stdout]      |                                                   ^^^^^^^^ the destructor for this type cannot be evaluated in constant functions
[INFO] [stdout] ...
[INFO] [stdout] 3010 |     }
[INFO] [stdout]      |     - value is dropped here
[INFO] [stdout] 
[INFO] [stdout] 
[INFO] [stdout] error[E0493]: destructor of `NodeData` cannot be evaluated at compile-time
[INFO] [stdout]     --> /opt/rustwide/cargo-home/registry/src/index.crates.io-1949cf8c6b5b557f/azul-core-0.0.14/src/dom.rs:3151:13
[INFO] [stdout]      |
[INFO] [stdout] 3151 |         let mut s = Self::create_div();
[INFO] [stdout]      |             ^^^^^ the destructor for this type cannot be evaluated in constant functions
[INFO] [stdout] ...
[INFO] [stdout] 3154 |     }
[INFO] [stdout]      |     - value is dropped here
[INFO] [stdout] 
[INFO] [stdout] 
[INFO] [stdout] error[E0493]: destructor of `Dom` cannot be evaluated at compile-time
[INFO] [stdout]     --> /opt/rustwide/cargo-home/registry/src/index.crates.io-1949cf8c6b5b557f/azul-core-0.0.14/src/dom.rs:5874:13
[INFO] [stdout]      |
[INFO] [stdout] 5874 |         let mut s = Self {
[INFO] [stdout]      |             ^^^^^ the destructor for this type cannot be evaluated in constant functions
[INFO] [stdout] ...
[INFO] [stdout] 5882 |     }
[INFO] [stdout]      |     - value is dropped here
[INFO] [stdout] 
[INFO] [stdout] 
[INFO] [stdout] error[E0493]: destructor of `Dom` cannot be evaluated at compile-time
[INFO] [stdout]     --> /opt/rustwide/cargo-home/registry/src/index.crates.io-1949cf8c6b5b557f/azul-core-0.0.14/src/dom.rs:6055:45
[INFO] [stdout]      |
[INFO] [stdout] 6055 |     #[must_use] pub const fn with_tab_index(mut self, tab_index: TabIndex) -> Self {
[INFO] [stdout]      |                                             ^^^^^^^^ the destructor for this type cannot be evaluated in constant functions
[INFO] [stdout] ...
[INFO] [stdout] 6058 |     }
[INFO] [stdout]      |     - value is dropped here
[INFO] [stdout] 
[INFO] [stdout] 
[INFO] [stdout] error[E0493]: destructor of `Dom` cannot be evaluated at compile-time
[INFO] [stdout]     --> /opt/rustwide/cargo-home/registry/src/index.crates.io-1949cf8c6b5b557f/azul-core-0.0.14/src/dom.rs:6060:51
[INFO] [stdout]      |
[INFO] [stdout] 6060 |     #[must_use] pub const fn with_contenteditable(mut self, contenteditable: bool) -> Self {
[INFO] [stdout]      |                                                   ^^^^^^^^ the destructor for this type cannot be evaluated in constant functions
[INFO] [stdout] ...
[INFO] [stdout] 6063 |     }
[INFO] [stdout]      |     - value is dropped here
[INFO] [stdout] 
[INFO] [stdout] 
[INFO] [stdout] For more information about this error, try `rustc --explain E0493`.
[INFO] [stdout] 
[INFO] [stderr] error: could not compile `azul-core` (lib) due to 6 previous errors
[INFO] [stderr] warning: build failed, waiting for other jobs to finish...
[INFO] running `Command { std: "docker" "inspect" "2815f7f5ce3516fdd2001769cbb27b4508d8ffff8bd56fddde62da6daf0f07ed", kill_on_drop: false }`
[INFO] running `Command { std: "docker" "rm" "-f" "2815f7f5ce3516fdd2001769cbb27b4508d8ffff8bd56fddde62da6daf0f07ed", kill_on_drop: false }`
[INFO] [stdout] 2815f7f5ce3516fdd2001769cbb27b4508d8ffff8bd56fddde62da6daf0f07ed
