[INFO] fetching crate parmesan 0.1.0...
[INFO] checking parmesan-0.1.0 against c60b92c03ca8a3b101eb9d57f51e2232690638c7 for pr-164148-crater-rollup
[INFO] extracting crate parmesan 0.1.0 into /workspace/builds/worker-7-tc2/source
[INFO] started tweaking crates.io crate parmesan 0.1.0
[INFO] finished tweaking crates.io crate parmesan 0.1.0
[INFO] tweaked toml for crates.io crate parmesan 0.1.0 written to /workspace/builds/worker-7-tc2/source/Cargo.toml
[INFO] validating manifest of crates.io crate parmesan 0.1.0 on toolchain c60b92c03ca8a3b101eb9d57f51e2232690638c7
[INFO] running `Command { std: CARGO_HOME="/workspace/cargo-home" RUSTUP_HOME="/workspace/rustup-home" "/workspace/cargo-home/bin/cargo" "+c60b92c03ca8a3b101eb9d57f51e2232690638c7" "metadata" "--manifest-path" "Cargo.toml" "--no-deps", kill_on_drop: false }`
[INFO] running `Command { std: CARGO_HOME="/workspace/cargo-home" RUSTUP_HOME="/workspace/rustup-home" "/workspace/cargo-home/bin/cargo" "+c60b92c03ca8a3b101eb9d57f51e2232690638c7" "generate-lockfile" "--manifest-path" "Cargo.toml", kill_on_drop: false }`
[INFO] [stderr]     Updating crates.io index
[INFO] [stderr]      Locking 93 packages to highest compatible versions
[INFO] [stderr]       Adding bincode v1.3.3 (available: v3.0.0)
[INFO] [stderr]       Adding colored v2.2.0 (available: v3.1.1)
[INFO] [stderr]       Adding generic-array v0.14.7 (available: v0.14.9)
[INFO] [stderr]       Adding rand v0.8.8 (available: v0.10.3)
[INFO] [stderr]       Adding tfhe v0.2.5 (available: v1.8.1)
[INFO] running `Command { std: CARGO_HOME="/workspace/cargo-home" RUSTUP_HOME="/workspace/rustup-home" "/workspace/cargo-home/bin/cargo" "+c60b92c03ca8a3b101eb9d57f51e2232690638c7" "fetch" "--manifest-path" "Cargo.toml", kill_on_drop: false }`
[INFO] [stderr] warning: `package.homepage` is redundant with `package.repository`
[INFO] [stderr]   --> Cargo.toml:44:12
[INFO] [stderr]    |
[INFO] [stderr] 44 | homepage = "https://github.com/fakub/parmesan"
[INFO] [stderr]    |            ^^^^^^^^^^^^^^^^^^^^^^^^^^^^^^^^^^^
[INFO] [stderr] ...
[INFO] [stderr] 49 | repository = "https://github.com/fakub/parmesan"
[INFO] [stderr]    |              -----------------------------------
[INFO] [stderr]    |
[INFO] [stderr]    = note: `cargo::redundant_homepage` is set to `warn` by default
[INFO] [stderr] help: consider removing `package.homepage`
[INFO] [stderr] warning: `parmesan` (manifest) generated 1 warning
[INFO] running `Command { std: "docker" "create" "-v" "/var/lib/crater-agent-workspace/builds/worker-7-tc2/source:/opt/rustwide/workdir:ro,Z" "-v" "/var/lib/crater-agent-workspace/builds/worker-7-tc2/target:/opt/rustwide/target:rw,Z" "-v" "/var/lib/crater-agent-workspace/cargo-home:/opt/rustwide/cargo-home:ro,Z" "-v" "/var/lib/crater-agent-workspace/rustup-home:/opt/rustwide/rustup-home:ro,Z" "-m" "1610612736" "--network" "none" "ghcr.io/rust-lang/crates-build-env/linux@sha256:77db811e55d90add9212f6832c23229e3de5f1c1f9905e8cb07319ea15df73ac" "sleep" "infinity", kill_on_drop: false }`
[INFO] [stdout] f2ac70a739b86a16be5a02b01d1e7253bcf691f28cedfba08436051954433762
[INFO] running `Command { std: "docker" "start" "f2ac70a739b86a16be5a02b01d1e7253bcf691f28cedfba08436051954433762", kill_on_drop: false }`
[INFO] running `Command { std: "docker" "inspect" "f2ac70a739b86a16be5a02b01d1e7253bcf691f28cedfba08436051954433762", kill_on_drop: false }`
[INFO] running `Command { std: "docker" "exec" "-e" "SOURCE_DIR=/opt/rustwide/workdir" "-e" "CARGO_HOME=/opt/rustwide/cargo-home" "-e" "RUSTUP_HOME=/opt/rustwide/rustup-home" "-e" "CARGO_TARGET_DIR=/opt/rustwide/target" "-w" "/opt/rustwide/workdir" "--user" "0:0" "f2ac70a739b86a16be5a02b01d1e7253bcf691f28cedfba08436051954433762" "/opt/rustwide/cargo-home/bin/cargo" "+c60b92c03ca8a3b101eb9d57f51e2232690638c7" "metadata" "--no-deps" "--format-version=1", kill_on_drop: false }`
[INFO] running `Command { std: "docker" "inspect" "f2ac70a739b86a16be5a02b01d1e7253bcf691f28cedfba08436051954433762", kill_on_drop: false }`
[INFO] running `Command { std: "docker" "exec" "-e" "SOURCE_DIR=/opt/rustwide/workdir" "-e" "CARGO_HOME=/opt/rustwide/cargo-home" "-e" "RUSTUP_HOME=/opt/rustwide/rustup-home" "-e" "CARGO_TARGET_DIR=/opt/rustwide/target" "-e" "CARGO_INCREMENTAL=0" "-e" "RUST_BACKTRACE=full" "-e" "RUSTFLAGS=--cap-lints=forbid" "-e" "RUSTDOCFLAGS=--cap-lints=forbid" "-w" "/opt/rustwide/workdir" "--user" "0:0" "f2ac70a739b86a16be5a02b01d1e7253bcf691f28cedfba08436051954433762" "/opt/rustwide/cargo-home/bin/cargo" "+c60b92c03ca8a3b101eb9d57f51e2232690638c7" "check" "--frozen" "--all" "--all-targets" "--message-format=json", kill_on_drop: false }`
[INFO] [stderr] warning: `package.homepage` is redundant with `package.repository`
[INFO] [stderr]   --> Cargo.toml:44:12
[INFO] [stderr]    |
[INFO] [stderr] 44 | homepage = "https://github.com/fakub/parmesan"
[INFO] [stderr]    |            ^^^^^^^^^^^^^^^^^^^^^^^^^^^^^^^^^^^
[INFO] [stderr] ...
[INFO] [stderr] 49 | repository = "https://github.com/fakub/parmesan"
[INFO] [stderr]    |              -----------------------------------
[INFO] [stderr]    |
[INFO] [stderr]    = note: `cargo::redundant_homepage` is set to `warn` by default
[INFO] [stderr] help: consider removing `package.homepage`
[INFO] [stderr] warning: `parmesan` (manifest) generated 1 warning
[INFO] [stderr]    Compiling proc-macro2 v1.0.107
[INFO] [stderr]    Compiling quote v1.0.47
[INFO] [stderr]     Checking bytemuck v1.25.2
[INFO] [stderr]     Checking either v1.19.0
[INFO] [stderr]    Compiling concrete-csprng v0.3.0
[INFO] [stderr]     Checking reborrow v0.5.5
[INFO] [stderr]    Compiling tfhe v0.2.5
[INFO] [stderr]     Checking getrandom v0.2.17
[INFO] [stderr]     Checking cipher v0.4.4
[INFO] [stderr]     Checking colored v2.2.0
[INFO] [stderr]     Checking chrono v0.4.45
[INFO] [stderr]     Checking rand_core v0.6.4
[INFO] [stderr]     Checking rayon v1.12.0
[INFO] [stderr]     Checking itertools v0.10.5
[INFO] [stderr]     Checking rand_chacha v0.3.1
[INFO] [stderr]     Checking pulp v0.11.11
[INFO] [stderr]     Checking dyn-stack v0.9.1
[INFO] [stderr]     Checking aes v0.8.4
[INFO] [stderr]     Checking rand v0.8.8
[INFO] [stderr]    Compiling syn v3.0.9
[INFO] [stderr]    Compiling serde_derive v1.0.229
[INFO] [stderr]     Checking serde v1.0.229
[INFO] [stderr]     Checking num-complex v0.4.6
[INFO] [stderr]     Checking aligned-vec v0.5.0
[INFO] [stderr]     Checking bincode v1.3.3
[INFO] [stderr]     Checking serde_yaml v0.9.34+deprecated
[INFO] [stderr]     Checking concrete-fft v0.2.1
[INFO] [stdout] error[E0277]: `impl DispersionParameter + Sync` cannot be sent between threads safely
[INFO] [stdout]    --> /opt/rustwide/cargo-home/registry/src/index.crates.io-1949cf8c6b5b557f/tfhe-0.2.5/src/core_crypto/algorithms/ggsw_encryption.rs:253:9
[INFO] [stdout]     |
[INFO] [stdout] 252 |       output.par_iter_mut().zip(gen_iter).enumerate().for_each(
[INFO] [stdout]     |                                                       -------- required by a bound introduced by this call
[INFO] [stdout] 253 |           |(level_index, (mut level_matrix, mut generator))| {
[INFO] [stdout]     |           ^-------------------------------------------------
[INFO] [stdout]     |           |
[INFO] [stdout]     |  _________within this `{closure@ggsw_encryption.rs:253:9}`
[INFO] [stdout]     | |
[INFO] [stdout] 254 | |             let decomp_level = DecompositionLevel(level_index + 1);
[INFO] [stdout] ...   |
[INFO] [stdout] 285 | |                 });
[INFO] [stdout] 286 | |         },
[INFO] [stdout]     | |_________^ `impl DispersionParameter + Sync` cannot be sent between threads safely
[INFO] [stdout]     |
[INFO] [stdout] note: required because `noise_parameters` is used within this closure
[INFO] [stdout]    --> /opt/rustwide/cargo-home/registry/src/index.crates.io-1949cf8c6b5b557f/tfhe-0.2.5/src/core_crypto/algorithms/ggsw_encryption.rs:282:25
[INFO] [stdout]     |
[INFO] [stdout] 282 |                         noise_parameters,
[INFO] [stdout]     |                         ^^^^^^^^^^^^^^^^
[INFO] [stdout] note: required by a bound in `rayon::iter::ParallelIterator::for_each`
[INFO] [stdout]    --> /opt/rustwide/cargo-home/registry/src/index.crates.io-1949cf8c6b5b557f/rayon-1.12.0/src/iter/mod.rs:376:37
[INFO] [stdout]     |
[INFO] [stdout] 357 | pub trait ParallelIterator: Sized + Send {
[INFO] [stdout] ...
[INFO] [stdout] 374 |     fn for_each<OP>(self, op: OP)
[INFO] [stdout] 375 |     where
[INFO] [stdout] 376 |         OP: Fn(Self::Item) + Sync + Send,
[INFO] [stdout]     |                                     ^^^^ required by this bound in `ParallelIterator::for_each`
[INFO] [stdout]     = note: the full name for the type has been written to '/opt/rustwide/target/debug/build/tfhe/2304129a2aecb81e/out/tfhe-2304129a2aecb81e.long-type-2734875708707040099.txt'
[INFO] [stdout]     = note: consider using `--verbose` to print the full type name to the console
[INFO] [stdout] help: consider restricting opaque type `impl DispersionParameter + Sync` with trait `Send`
[INFO] [stdout]     |
[INFO] [stdout] 214 |     noise_parameters: impl DispersionParameter + Sync + std::marker::Send,
[INFO] [stdout]     |                                                       +++++++++++++++++++
[INFO] [stdout] 
[INFO] [stdout] 
[INFO] [stdout] error[E0277]: `impl DispersionParameter + Sync` cannot be sent between threads safely
[INFO] [stdout]    --> /opt/rustwide/cargo-home/registry/src/index.crates.io-1949cf8c6b5b557f/tfhe-0.2.5/src/core_crypto/algorithms/ggsw_encryption.rs:276:27
[INFO] [stdout]     |
[INFO] [stdout] 276 |                   .for_each(|((row_index, mut row_as_glwe), mut generator)| {
[INFO] [stdout]     |                    -------- ^----------------------------------------------
[INFO] [stdout]     |                    |        |
[INFO] [stdout]     |  __________________|________within this `{closure@ggsw_encryption.rs:276:27}`
[INFO] [stdout]     | |                  |
[INFO] [stdout]     | |                  required by a bound introduced by this call
[INFO] [stdout] 277 | |                     encrypt_constant_ggsw_level_matrix_row(
[INFO] [stdout] 278 | |                         glwe_secret_key,
[INFO] [stdout] 279 | |                         (row_index, last_row_index),
[INFO] [stdout] ...   |
[INFO] [stdout] 284 | |                     );
[INFO] [stdout] 285 | |                 });
[INFO] [stdout]     | |_________________^ `impl DispersionParameter + Sync` cannot be sent between threads safely
[INFO] [stdout]     |
[INFO] [stdout] note: required because `noise_parameters` is used within this closure
[INFO] [stdout]    --> /opt/rustwide/cargo-home/registry/src/index.crates.io-1949cf8c6b5b557f/tfhe-0.2.5/src/core_crypto/algorithms/ggsw_encryption.rs:282:25
[INFO] [stdout]     |
[INFO] [stdout] 282 |                         noise_parameters,
[INFO] [stdout]     |                         ^^^^^^^^^^^^^^^^
[INFO] [stdout] note: required by a bound in `rayon::iter::ParallelIterator::for_each`
[INFO] [stdout]    --> /opt/rustwide/cargo-home/registry/src/index.crates.io-1949cf8c6b5b557f/rayon-1.12.0/src/iter/mod.rs:376:37
[INFO] [stdout]     |
[INFO] [stdout] 357 | pub trait ParallelIterator: Sized + Send {
[INFO] [stdout] ...
[INFO] [stdout] 374 |     fn for_each<OP>(self, op: OP)
[INFO] [stdout] 375 |     where
[INFO] [stdout] 376 |         OP: Fn(Self::Item) + Sync + Send,
[INFO] [stdout]     |                                     ^^^^ required by this bound in `ParallelIterator::for_each`
[INFO] [stdout]     = note: the full name for the type has been written to '/opt/rustwide/target/debug/build/tfhe/2304129a2aecb81e/out/tfhe-2304129a2aecb81e.long-type-9174507273456293936.txt'
[INFO] [stdout]     = note: consider using `--verbose` to print the full type name to the console
[INFO] [stdout] help: consider restricting opaque type `impl DispersionParameter + Sync` with trait `Send`
[INFO] [stdout]     |
[INFO] [stdout] 214 |     noise_parameters: impl DispersionParameter + Sync + std::marker::Send,
[INFO] [stdout]     |                                                       +++++++++++++++++++
[INFO] [stdout] 
[INFO] [stdout] 
[INFO] [stdout] error[E0277]: `impl DispersionParameter + Sync` cannot be sent between threads safely
[INFO] [stdout]    --> /opt/rustwide/cargo-home/registry/src/index.crates.io-1949cf8c6b5b557f/tfhe-0.2.5/src/core_crypto/algorithms/ggsw_encryption.rs:546:9
[INFO] [stdout]     |
[INFO] [stdout] 545 |       output.par_iter_mut().zip(gen_iter).enumerate().for_each(
[INFO] [stdout]     |                                                       -------- required by a bound introduced by this call
[INFO] [stdout] 546 |           |(level_index, (mut level_matrix, mut generator))| {
[INFO] [stdout]     |           ^-------------------------------------------------
[INFO] [stdout]     |           |
[INFO] [stdout]     |  _________within this `{closure@ggsw_encryption.rs:546:9}`
[INFO] [stdout]     | |
[INFO] [stdout] 547 | |             let decomp_level = DecompositionLevel(level_index + 1);
[INFO] [stdout] ...   |
[INFO] [stdout] 577 | |                 });
[INFO] [stdout] 578 | |         },
[INFO] [stdout]     | |_________^ `impl DispersionParameter + Sync` cannot be sent between threads safely
[INFO] [stdout]     |
[INFO] [stdout] note: required because `noise_parameters` is used within this closure
[INFO] [stdout]    --> /opt/rustwide/cargo-home/registry/src/index.crates.io-1949cf8c6b5b557f/tfhe-0.2.5/src/core_crypto/algorithms/ggsw_encryption.rs:574:25
[INFO] [stdout]     |
[INFO] [stdout] 574 |                         noise_parameters,
[INFO] [stdout]     |                         ^^^^^^^^^^^^^^^^
[INFO] [stdout] note: required by a bound in `rayon::iter::ParallelIterator::for_each`
[INFO] [stdout]    --> /opt/rustwide/cargo-home/registry/src/index.crates.io-1949cf8c6b5b557f/rayon-1.12.0/src/iter/mod.rs:376:37
[INFO] [stdout]     |
[INFO] [stdout] 357 | pub trait ParallelIterator: Sized + Send {
[INFO] [stdout] ...
[INFO] [stdout] 374 |     fn for_each<OP>(self, op: OP)
[INFO] [stdout] 375 |     where
[INFO] [stdout] 376 |         OP: Fn(Self::Item) + Sync + Send,
[INFO] [stdout]     |                                     ^^^^ required by this bound in `ParallelIterator::for_each`
[INFO] [stdout]     = note: the full name for the type has been written to '/opt/rustwide/target/debug/build/tfhe/2304129a2aecb81e/out/tfhe-2304129a2aecb81e.long-type-4671768271790222367.txt'
[INFO] [stdout]     = note: consider using `--verbose` to print the full type name to the console
[INFO] [stdout] help: consider restricting opaque type `impl DispersionParameter + Sync` with trait `Send`
[INFO] [stdout]     |
[INFO] [stdout] 523 |     noise_parameters: impl DispersionParameter + Sync + std::marker::Send,
[INFO] [stdout]     |                                                       +++++++++++++++++++
[INFO] [stdout] 
[INFO] [stdout] 
[INFO] [stdout] error[E0277]: `impl DispersionParameter + Sync` cannot be sent between threads safely
[INFO] [stdout]    --> /opt/rustwide/cargo-home/registry/src/index.crates.io-1949cf8c6b5b557f/tfhe-0.2.5/src/core_crypto/algorithms/ggsw_encryption.rs:568:27
[INFO] [stdout]     |
[INFO] [stdout] 568 |                   .for_each(|((row_index, mut row_as_glwe), mut generator)| {
[INFO] [stdout]     |                    -------- ^----------------------------------------------
[INFO] [stdout]     |                    |        |
[INFO] [stdout]     |  __________________|________within this `{closure@ggsw_encryption.rs:568:27}`
[INFO] [stdout]     | |                  |
[INFO] [stdout]     | |                  required by a bound introduced by this call
[INFO] [stdout] 569 | |                     encrypt_constant_seeded_ggsw_level_matrix_row(
[INFO] [stdout] 570 | |                         glwe_secret_key,
[INFO] [stdout] 571 | |                         (row_index, last_row_index),
[INFO] [stdout] ...   |
[INFO] [stdout] 576 | |                     );
[INFO] [stdout] 577 | |                 });
[INFO] [stdout]     | |_________________^ `impl DispersionParameter + Sync` cannot be sent between threads safely
[INFO] [stdout]     |
[INFO] [stdout] note: required because `noise_parameters` is used within this closure
[INFO] [stdout]    --> /opt/rustwide/cargo-home/registry/src/index.crates.io-1949cf8c6b5b557f/tfhe-0.2.5/src/core_crypto/algorithms/ggsw_encryption.rs:574:25
[INFO] [stdout]     |
[INFO] [stdout] 574 |                         noise_parameters,
[INFO] [stdout]     |                         ^^^^^^^^^^^^^^^^
[INFO] [stdout] note: required by a bound in `rayon::iter::ParallelIterator::for_each`
[INFO] [stdout]    --> /opt/rustwide/cargo-home/registry/src/index.crates.io-1949cf8c6b5b557f/rayon-1.12.0/src/iter/mod.rs:376:37
[INFO] [stdout]     |
[INFO] [stdout] 357 | pub trait ParallelIterator: Sized + Send {
[INFO] [stdout] ...
[INFO] [stdout] 374 |     fn for_each<OP>(self, op: OP)
[INFO] [stdout] 375 |     where
[INFO] [stdout] 376 |         OP: Fn(Self::Item) + Sync + Send,
[INFO] [stdout]     |                                     ^^^^ required by this bound in `ParallelIterator::for_each`
[INFO] [stdout]     = note: the full name for the type has been written to '/opt/rustwide/target/debug/build/tfhe/2304129a2aecb81e/out/tfhe-2304129a2aecb81e.long-type-15568100859868389161.txt'
[INFO] [stdout]     = note: consider using `--verbose` to print the full type name to the console
[INFO] [stdout] help: consider restricting opaque type `impl DispersionParameter + Sync` with trait `Send`
[INFO] [stdout]     |
[INFO] [stdout] 523 |     noise_parameters: impl DispersionParameter + Sync + std::marker::Send,
[INFO] [stdout]     |                                                       +++++++++++++++++++
[INFO] [stdout] 
[INFO] [stdout] 
[INFO] [stdout] error[E0277]: `impl DispersionParameter + Sync` cannot be sent between threads safely
[INFO] [stdout]    --> /opt/rustwide/cargo-home/registry/src/index.crates.io-1949cf8c6b5b557f/tfhe-0.2.5/src/core_crypto/algorithms/lwe_bootstrap_key_generation.rs:287:19
[INFO] [stdout]     |
[INFO] [stdout] 287 |           .for_each(|((mut ggsw, &input_key_element), mut generator)| {
[INFO] [stdout]     |            -------- ^------------------------------------------------
[INFO] [stdout]     |            |        |
[INFO] [stdout]     |  __________|________within this `{closure@lwe_bootstrap_key_generation.rs:287:19}`
[INFO] [stdout]     | |          |
[INFO] [stdout]     | |          required by a bound introduced by this call
[INFO] [stdout] 288 | |             par_encrypt_constant_ggsw_ciphertext(
[INFO] [stdout] 289 | |                 output_glwe_secret_key,
[INFO] [stdout] 290 | |                 &mut ggsw,
[INFO] [stdout] ...   |
[INFO] [stdout] 294 | |             );
[INFO] [stdout] 295 | |         });
[INFO] [stdout]     | |_________^ `impl DispersionParameter + Sync` cannot be sent between threads safely
[INFO] [stdout]     |
[INFO] [stdout] note: required because `noise_parameters` is used within this closure
[INFO] [stdout]    --> /opt/rustwide/cargo-home/registry/src/index.crates.io-1949cf8c6b5b557f/tfhe-0.2.5/src/core_crypto/algorithms/lwe_bootstrap_key_generation.rs:292:17
[INFO] [stdout]     |
[INFO] [stdout] 292 |                 noise_parameters,
[INFO] [stdout]     |                 ^^^^^^^^^^^^^^^^
[INFO] [stdout] note: required by a bound in `rayon::iter::ParallelIterator::for_each`
[INFO] [stdout]    --> /opt/rustwide/cargo-home/registry/src/index.crates.io-1949cf8c6b5b557f/rayon-1.12.0/src/iter/mod.rs:376:37
[INFO] [stdout]     |
[INFO] [stdout] 357 | pub trait ParallelIterator: Sized + Send {
[INFO] [stdout] ...
[INFO] [stdout] 374 |     fn for_each<OP>(self, op: OP)
[INFO] [stdout] 375 |     where
[INFO] [stdout] 376 |         OP: Fn(Self::Item) + Sync + Send,
[INFO] [stdout]     |                                     ^^^^ required by this bound in `ParallelIterator::for_each`
[INFO] [stdout]     = note: the full name for the type has been written to '/opt/rustwide/target/debug/build/tfhe/2304129a2aecb81e/out/tfhe-2304129a2aecb81e.long-type-12006624516249751054.txt'
[INFO] [stdout]     = note: consider using `--verbose` to print the full type name to the console
[INFO] [stdout] help: consider restricting opaque type `impl DispersionParameter + Sync` with trait `Send`
[INFO] [stdout]     |
[INFO] [stdout] 241 |     noise_parameters: impl DispersionParameter + Sync + std::marker::Send,
[INFO] [stdout]     |                                                       +++++++++++++++++++
[INFO] [stdout] 
[INFO] [stdout] 
[INFO] [stdout] error[E0277]: `impl DispersionParameter + Sync` cannot be sent between threads safely
[INFO] [stdout]    --> /opt/rustwide/cargo-home/registry/src/index.crates.io-1949cf8c6b5b557f/tfhe-0.2.5/src/core_crypto/algorithms/lwe_bootstrap_key_generation.rs:529:19
[INFO] [stdout]     |
[INFO] [stdout] 529 |           .for_each(|((mut ggsw, &input_key_element), mut generator)| {
[INFO] [stdout]     |            -------- ^------------------------------------------------
[INFO] [stdout]     |            |        |
[INFO] [stdout]     |  __________|________within this `{closure@lwe_bootstrap_key_generation.rs:529:19}`
[INFO] [stdout]     | |          |
[INFO] [stdout]     | |          required by a bound introduced by this call
[INFO] [stdout] 530 | |             par_encrypt_constant_seeded_ggsw_ciphertext_with_existing_generator(
[INFO] [stdout] 531 | |                 output_glwe_secret_key,
[INFO] [stdout] 532 | |                 &mut ggsw,
[INFO] [stdout] ...   |
[INFO] [stdout] 536 | |             );
[INFO] [stdout] 537 | |         })
[INFO] [stdout]     | |_________^ `impl DispersionParameter + Sync` cannot be sent between threads safely
[INFO] [stdout]     |
[INFO] [stdout] note: required because `noise_parameters` is used within this closure
[INFO] [stdout]    --> /opt/rustwide/cargo-home/registry/src/index.crates.io-1949cf8c6b5b557f/tfhe-0.2.5/src/core_crypto/algorithms/lwe_bootstrap_key_generation.rs:534:17
[INFO] [stdout]     |
[INFO] [stdout] 534 |                 noise_parameters,
[INFO] [stdout]     |                 ^^^^^^^^^^^^^^^^
[INFO] [stdout] note: required by a bound in `rayon::iter::ParallelIterator::for_each`
[INFO] [stdout]    --> /opt/rustwide/cargo-home/registry/src/index.crates.io-1949cf8c6b5b557f/rayon-1.12.0/src/iter/mod.rs:376:37
[INFO] [stdout]     |
[INFO] [stdout] 357 | pub trait ParallelIterator: Sized + Send {
[INFO] [stdout] ...
[INFO] [stdout] 374 |     fn for_each<OP>(self, op: OP)
[INFO] [stdout] 375 |     where
[INFO] [stdout] 376 |         OP: Fn(Self::Item) + Sync + Send,
[INFO] [stdout]     |                                     ^^^^ required by this bound in `ParallelIterator::for_each`
[INFO] [stdout]     = note: the full name for the type has been written to '/opt/rustwide/target/debug/build/tfhe/2304129a2aecb81e/out/tfhe-2304129a2aecb81e.long-type-4351487076756438495.txt'
[INFO] [stdout]     = note: consider using `--verbose` to print the full type name to the console
[INFO] [stdout] help: consider restricting opaque type `impl DispersionParameter + Sync` with trait `Send`
[INFO] [stdout]     |
[INFO] [stdout] 477 |     noise_parameters: impl DispersionParameter + Sync + std::marker::Send,
[INFO] [stdout]     |                                                       +++++++++++++++++++
[INFO] [stdout] 
[INFO] [stdout] 
[INFO] [stdout] error[E0277]: `impl DispersionParameter + Sync` cannot be sent between threads safely
[INFO] [stdout]    --> /opt/rustwide/cargo-home/registry/src/index.crates.io-1949cf8c6b5b557f/tfhe-0.2.5/src/core_crypto/algorithms/lwe_encryption.rs:642:19
[INFO] [stdout]     |
[INFO] [stdout] 642 |           .for_each(|((encoded_plaintext_ref, mut ciphertext), mut generator)| {
[INFO] [stdout]     |            -------- ^---------------------------------------------------------
[INFO] [stdout]     |            |        |
[INFO] [stdout]     |  __________|________within this `{closure@lwe_encryption.rs:642:19}`
[INFO] [stdout]     | |          |
[INFO] [stdout]     | |          required by a bound introduced by this call
[INFO] [stdout] 643 | |             encrypt_lwe_ciphertext(
[INFO] [stdout] 644 | |                 lwe_secret_key,
[INFO] [stdout] 645 | |                 &mut ciphertext,
[INFO] [stdout] ...   |
[INFO] [stdout] 650 | |         });
[INFO] [stdout]     | |_________^ `impl DispersionParameter + Sync` cannot be sent between threads safely
[INFO] [stdout]     |
[INFO] [stdout] note: required because `noise_parameters` is used within this closure
[INFO] [stdout]    --> /opt/rustwide/cargo-home/registry/src/index.crates.io-1949cf8c6b5b557f/tfhe-0.2.5/src/core_crypto/algorithms/lwe_encryption.rs:647:17
[INFO] [stdout]     |
[INFO] [stdout] 647 |                 noise_parameters,
[INFO] [stdout]     |                 ^^^^^^^^^^^^^^^^
[INFO] [stdout] note: required by a bound in `rayon::iter::ParallelIterator::for_each`
[INFO] [stdout]    --> /opt/rustwide/cargo-home/registry/src/index.crates.io-1949cf8c6b5b557f/rayon-1.12.0/src/iter/mod.rs:376:37
[INFO] [stdout]     |
[INFO] [stdout] 357 | pub trait ParallelIterator: Sized + Send {
[INFO] [stdout] ...
[INFO] [stdout] 374 |     fn for_each<OP>(self, op: OP)
[INFO] [stdout] 375 |     where
[INFO] [stdout] 376 |         OP: Fn(Self::Item) + Sync + Send,
[INFO] [stdout]     |                                     ^^^^ required by this bound in `ParallelIterator::for_each`
[INFO] [stdout]     = note: the full name for the type has been written to '/opt/rustwide/target/debug/build/tfhe/2304129a2aecb81e/out/tfhe-2304129a2aecb81e.long-type-14631063650707398294.txt'
[INFO] [stdout]     = note: consider using `--verbose` to print the full type name to the console
[INFO] [stdout] help: consider restricting opaque type `impl DispersionParameter + Sync` with trait `Send`
[INFO] [stdout]     |
[INFO] [stdout] 617 |     noise_parameters: impl DispersionParameter + Sync + std::marker::Send,
[INFO] [stdout]     |                                                       +++++++++++++++++++
[INFO] [stdout] 
[INFO] [stdout] 
[INFO] [stdout] error[E0277]: `impl DispersionParameter + Sync` cannot be sent between threads safely
[INFO] [stdout]     --> /opt/rustwide/cargo-home/registry/src/index.crates.io-1949cf8c6b5b557f/tfhe-0.2.5/src/core_crypto/algorithms/lwe_encryption.rs:1152:19
[INFO] [stdout]      |
[INFO] [stdout] 1152 |           .for_each(|((output_body, plaintext), mut loop_generator)| {
[INFO] [stdout]      |            -------- ^-----------------------------------------------
[INFO] [stdout]      |            |        |
[INFO] [stdout]      |  __________|________within this `{closure@lwe_encryption.rs:1152:19}`
[INFO] [stdout]      | |          |
[INFO] [stdout]      | |          required by a bound introduced by this call
[INFO] [stdout] 1153 | |             let mut output_mask =
[INFO] [stdout] 1154 | |                 LweMask::from_container(vec![Scalar::ZERO; lwe_dimension.0], ciphertext_modulus);
[INFO] [stdout] 1155 | |             fill_lwe_mask_and_body_for_encryption(
[INFO] [stdout] ...    |
[INFO] [stdout] 1163 | |         });
[INFO] [stdout]      | |_________^ `impl DispersionParameter + Sync` cannot be sent between threads safely
[INFO] [stdout]      |
[INFO] [stdout] note: required because `noise_parameters` is used within this closure
[INFO] [stdout]     --> /opt/rustwide/cargo-home/registry/src/index.crates.io-1949cf8c6b5b557f/tfhe-0.2.5/src/core_crypto/algorithms/lwe_encryption.rs:1160:17
[INFO] [stdout]      |
[INFO] [stdout] 1160 |                 noise_parameters,
[INFO] [stdout]      |                 ^^^^^^^^^^^^^^^^
[INFO] [stdout] note: required by a bound in `rayon::iter::ParallelIterator::for_each`
[INFO] [stdout]     --> /opt/rustwide/cargo-home/registry/src/index.crates.io-1949cf8c6b5b557f/rayon-1.12.0/src/iter/mod.rs:376:37
[INFO] [stdout]      |
[INFO] [stdout]  357 | pub trait ParallelIterator: Sized + Send {
[INFO] [stdout] ...
[INFO] [stdout]  374 |     fn for_each<OP>(self, op: OP)
[INFO] [stdout]  375 |     where
[INFO] [stdout]  376 |         OP: Fn(Self::Item) + Sync + Send,
[INFO] [stdout]      |                                     ^^^^ required by this bound in `ParallelIterator::for_each`
[INFO] [stdout]      = note: the full name for the type has been written to '/opt/rustwide/target/debug/build/tfhe/2304129a2aecb81e/out/tfhe-2304129a2aecb81e.long-type-6381591055978729330.txt'
[INFO] [stdout]      = note: consider using `--verbose` to print the full type name to the console
[INFO] [stdout] help: consider restricting opaque type `impl DispersionParameter + Sync` with trait `Send`
[INFO] [stdout]      |
[INFO] [stdout] 1117 |     noise_parameters: impl DispersionParameter + Sync + std::marker::Send,
[INFO] [stdout]      |                                                       +++++++++++++++++++
[INFO] [stdout] 
[INFO] [stdout] 
[INFO] [stdout] error[E0277]: `impl DispersionParameter + Sync` cannot be sent between threads safely
[INFO] [stdout]    --> /opt/rustwide/cargo-home/registry/src/index.crates.io-1949cf8c6b5b557f/tfhe-0.2.5/src/core_crypto/algorithms/lwe_multi_bit_bootstrap_key_generation.rs:357:13
[INFO] [stdout]     |
[INFO] [stdout] 356 |           .for_each(
[INFO] [stdout]     |            -------- required by a bound introduced by this call
[INFO] [stdout] 357 |               |((mut ggsw_group, input_key_elements), mut loop_generator)| {
[INFO] [stdout]     |               ^-----------------------------------------------------------
[INFO] [stdout]     |               |
[INFO] [stdout]     |  _____________within this `{closure@lwe_multi_bit_bootstrap_key_generation.rs:357:13}`
[INFO] [stdout]     | |
[INFO] [stdout] 358 | |                 let gen_iter = loop_generator
[INFO] [stdout] 359 | |                     .par_fork_n(ggsw_per_multi_bit_element.0)
[INFO] [stdout] 360 | |                     .unwrap();
[INFO] [stdout] ...   |
[INFO] [stdout] 377 | |                     });
[INFO] [stdout] 378 | |             },
[INFO] [stdout]     | |_____________^ `impl DispersionParameter + Sync` cannot be sent between threads safely
[INFO] [stdout]     |
[INFO] [stdout] note: required because `noise_parameters` is used within this closure
[INFO] [stdout]    --> /opt/rustwide/cargo-home/registry/src/index.crates.io-1949cf8c6b5b557f/tfhe-0.2.5/src/core_crypto/algorithms/lwe_multi_bit_bootstrap_key_generation.rs:374:29
[INFO] [stdout]     |
[INFO] [stdout] 374 | ...                   noise_parameters,
[INFO] [stdout]     |                       ^^^^^^^^^^^^^^^^
[INFO] [stdout] note: required by a bound in `rayon::iter::ParallelIterator::for_each`
[INFO] [stdout]    --> /opt/rustwide/cargo-home/registry/src/index.crates.io-1949cf8c6b5b557f/rayon-1.12.0/src/iter/mod.rs:376:37
[INFO] [stdout]     |
[INFO] [stdout] 357 | pub trait ParallelIterator: Sized + Send {
[INFO] [stdout] ...
[INFO] [stdout] 374 |     fn for_each<OP>(self, op: OP)
[INFO] [stdout] 375 |     where
[INFO] [stdout] 376 |         OP: Fn(Self::Item) + Sync + Send,
[INFO] [stdout]     |                                     ^^^^ required by this bound in `ParallelIterator::for_each`
[INFO] [stdout]     = note: the full name for the type has been written to '/opt/rustwide/target/debug/build/tfhe/2304129a2aecb81e/out/tfhe-2304129a2aecb81e.long-type-2538156758641343971.txt'
[INFO] [stdout]     = note: consider using `--verbose` to print the full type name to the console
[INFO] [stdout] help: consider restricting opaque type `impl DispersionParameter + Sync` with trait `Send`
[INFO] [stdout]     |
[INFO] [stdout] 301 |     noise_parameters: impl DispersionParameter + Sync + std::marker::Send,
[INFO] [stdout]     |                                                       +++++++++++++++++++
[INFO] [stdout] 
[INFO] [stdout] 
[INFO] [stdout] error[E0277]: `impl DispersionParameter + Sync` cannot be sent between threads safely
[INFO] [stdout]    --> /opt/rustwide/cargo-home/registry/src/index.crates.io-1949cf8c6b5b557f/tfhe-0.2.5/src/core_crypto/algorithms/lwe_multi_bit_bootstrap_key_generation.rs:365:31
[INFO] [stdout]     |
[INFO] [stdout] 365 |                       .for_each(|((bit_inversion_idx, ggsw), mut inner_loop_generator)| {
[INFO] [stdout]     |                        -------- ^------------------------------------------------------
[INFO] [stdout]     |                        |        |
[INFO] [stdout]     |  ______________________|________within this `{closure@lwe_multi_bit_bootstrap_key_generation.rs:365:31}`
[INFO] [stdout]     | |                      |
[INFO] [stdout]     | |                      required by a bound introduced by this call
[INFO] [stdout] 366 | |                         // Use the index of the ggsw as a way to know which bit to invert
[INFO] [stdout] 367 | |                         let key_bits_plaintext =
[INFO] [stdout] 368 | |                             combine_key_bits(bit_inversion_idx, input_key_elements);
[INFO] [stdout] ...   |
[INFO] [stdout] 376 | |                         );
[INFO] [stdout] 377 | |                     });
[INFO] [stdout]     | |_____________________^ `impl DispersionParameter + Sync` cannot be sent between threads safely
[INFO] [stdout]     |
[INFO] [stdout] note: required because `noise_parameters` is used within this closure
[INFO] [stdout]    --> /opt/rustwide/cargo-home/registry/src/index.crates.io-1949cf8c6b5b557f/tfhe-0.2.5/src/core_crypto/algorithms/lwe_multi_bit_bootstrap_key_generation.rs:374:29
[INFO] [stdout]     |
[INFO] [stdout] 374 | ...                   noise_parameters,
[INFO] [stdout]     |                       ^^^^^^^^^^^^^^^^
[INFO] [stdout] note: required by a bound in `rayon::iter::ParallelIterator::for_each`
[INFO] [stdout]    --> /opt/rustwide/cargo-home/registry/src/index.crates.io-1949cf8c6b5b557f/rayon-1.12.0/src/iter/mod.rs:376:37
[INFO] [stdout]     |
[INFO] [stdout] 357 | pub trait ParallelIterator: Sized + Send {
[INFO] [stdout] ...
[INFO] [stdout] 374 |     fn for_each<OP>(self, op: OP)
[INFO] [stdout] 375 |     where
[INFO] [stdout] 376 |         OP: Fn(Self::Item) + Sync + Send,
[INFO] [stdout]     |                                     ^^^^ required by this bound in `ParallelIterator::for_each`
[INFO] [stdout]     = note: the full name for the type has been written to '/opt/rustwide/target/debug/build/tfhe/2304129a2aecb81e/out/tfhe-2304129a2aecb81e.long-type-7708836515133693642.txt'
[INFO] [stdout]     = note: consider using `--verbose` to print the full type name to the console
[INFO] [stdout] help: consider restricting opaque type `impl DispersionParameter + Sync` with trait `Send`
[INFO] [stdout]     |
[INFO] [stdout] 301 |     noise_parameters: impl DispersionParameter + Sync + std::marker::Send,
[INFO] [stdout]     |                                                       +++++++++++++++++++
[INFO] [stdout] 
[INFO] [stdout] 
[INFO] [stdout] error[E0277]: `impl DispersionParameter + Sync` cannot be sent between threads safely
[INFO] [stdout]    --> /opt/rustwide/cargo-home/registry/src/index.crates.io-1949cf8c6b5b557f/tfhe-0.2.5/src/core_crypto/algorithms/lwe_private_functional_packing_keyswitch_key_generation.rs:219:13
[INFO] [stdout]     |
[INFO] [stdout] 218 |           .for_each(
[INFO] [stdout]     |            -------- required by a bound introduced by this call
[INFO] [stdout] 219 |               |((&input_key_bit, mut keyswitch_key_block), mut loop_generator)| {
[INFO] [stdout]     |               ^----------------------------------------------------------------
[INFO] [stdout]     |               |
[INFO] [stdout]     |  _____________within this `{closure@lwe_private_functional_packing_keyswitch_key_generation.rs:219:13}`
[INFO] [stdout]     | |
[INFO] [stdout] 220 | |                 // We instantiate a buffer
[INFO] [stdout] 221 | |                 let mut messages = PlaintextListOwned::new(Scalar::ZERO, plaintext_count);
[INFO] [stdout] ...   |
[INFO] [stdout] 248 | |             },
[INFO] [stdout]     | |_____________^ `impl DispersionParameter + Sync` cannot be sent between threads safely
[INFO] [stdout]     |
[INFO] [stdout] note: required because `noise_parameters` is used within this closure
[INFO] [stdout]    --> /opt/rustwide/cargo-home/registry/src/index.crates.io-1949cf8c6b5b557f/tfhe-0.2.5/src/core_crypto/algorithms/lwe_private_functional_packing_keyswitch_key_generation.rs:245:21
[INFO] [stdout]     |
[INFO] [stdout] 245 |                     noise_parameters,
[INFO] [stdout]     |                     ^^^^^^^^^^^^^^^^
[INFO] [stdout] note: required by a bound in `rayon::iter::ParallelIterator::for_each`
[INFO] [stdout]    --> /opt/rustwide/cargo-home/registry/src/index.crates.io-1949cf8c6b5b557f/rayon-1.12.0/src/iter/mod.rs:376:37
[INFO] [stdout]     |
[INFO] [stdout] 357 | pub trait ParallelIterator: Sized + Send {
[INFO] [stdout] ...
[INFO] [stdout] 374 |     fn for_each<OP>(self, op: OP)
[INFO] [stdout] 375 |     where
[INFO] [stdout] 376 |         OP: Fn(Self::Item) + Sync + Send,
[INFO] [stdout]     |                                     ^^^^ required by this bound in `ParallelIterator::for_each`
[INFO] [stdout]     = note: the full name for the type has been written to '/opt/rustwide/target/debug/build/tfhe/2304129a2aecb81e/out/tfhe-2304129a2aecb81e.long-type-1251485350986849780.txt'
[INFO] [stdout]     = note: consider using `--verbose` to print the full type name to the console
[INFO] [stdout] help: consider restricting opaque type `impl DispersionParameter + Sync` with trait `Send`
[INFO] [stdout]     |
[INFO] [stdout] 149 |     noise_parameters: impl DispersionParameter + Sync + std::marker::Send,
[INFO] [stdout]     |                                                       +++++++++++++++++++
[INFO] [stdout] 
[INFO] [stdout] 
[INFO] [stdout] error[E0277]: `impl DispersionParameter + Sync` cannot be sent between threads safely
[INFO] [stdout]    --> /opt/rustwide/cargo-home/registry/src/index.crates.io-1949cf8c6b5b557f/tfhe-0.2.5/src/core_crypto/algorithms/lwe_wopbs.rs:282:13
[INFO] [stdout]     |
[INFO] [stdout] 281 |           .for_each(
[INFO] [stdout]     |            -------- required by a bound introduced by this call
[INFO] [stdout] 282 |               |((mut lwe_pfpksk, polynomial_to_encrypt), mut loop_generator)| {
[INFO] [stdout]     |               ^--------------------------------------------------------------
[INFO] [stdout]     |               |
[INFO] [stdout]     |  _____________within this `{closure@lwe_wopbs.rs:282:13}`
[INFO] [stdout]     | |
[INFO] [stdout] 283 | |                 par_generate_lwe_private_functional_packing_keyswitch_key(
[INFO] [stdout] 284 | |                     input_lwe_secret_key,
[INFO] [stdout] 285 | |                     output_glwe_secret_key,
[INFO] [stdout] ...   |
[INFO] [stdout] 291 | |                 );
[INFO] [stdout] 292 | |             },
[INFO] [stdout]     | |_____________^ `impl DispersionParameter + Sync` cannot be sent between threads safely
[INFO] [stdout]     |
[INFO] [stdout] note: required because `noise_parameters` is used within this closure
[INFO] [stdout]    --> /opt/rustwide/cargo-home/registry/src/index.crates.io-1949cf8c6b5b557f/tfhe-0.2.5/src/core_crypto/algorithms/lwe_wopbs.rs:287:21
[INFO] [stdout]     |
[INFO] [stdout] 287 |                     noise_parameters,
[INFO] [stdout]     |                     ^^^^^^^^^^^^^^^^
[INFO] [stdout] note: required by a bound in `rayon::iter::ParallelIterator::for_each`
[INFO] [stdout]    --> /opt/rustwide/cargo-home/registry/src/index.crates.io-1949cf8c6b5b557f/rayon-1.12.0/src/iter/mod.rs:376:37
[INFO] [stdout]     |
[INFO] [stdout] 357 | pub trait ParallelIterator: Sized + Send {
[INFO] [stdout] ...
[INFO] [stdout] 374 |     fn for_each<OP>(self, op: OP)
[INFO] [stdout] 375 |     where
[INFO] [stdout] 376 |         OP: Fn(Self::Item) + Sync + Send,
[INFO] [stdout]     |                                     ^^^^ required by this bound in `ParallelIterator::for_each`
[INFO] [stdout]     = note: the full name for the type has been written to '/opt/rustwide/target/debug/build/tfhe/2304129a2aecb81e/out/tfhe-2304129a2aecb81e.long-type-3375104353740495250.txt'
[INFO] [stdout]     = note: consider using `--verbose` to print the full type name to the console
[INFO] [stdout] help: consider restricting opaque type `impl DispersionParameter + Sync` with trait `Send`
[INFO] [stdout]     |
[INFO] [stdout] 225 |     noise_parameters: impl DispersionParameter + Sync + std::marker::Send,
[INFO] [stdout]     |                                                       +++++++++++++++++++
[INFO] [stdout] 
[INFO] [stdout] 
[INFO] [stdout] For more information about this error, try `rustc --explain E0277`.
[INFO] [stdout] 
[INFO] [stderr] error: could not compile `tfhe` (lib) due to 12 previous errors
[INFO] running `Command { std: "docker" "inspect" "f2ac70a739b86a16be5a02b01d1e7253bcf691f28cedfba08436051954433762", kill_on_drop: false }`
[INFO] running `Command { std: "docker" "rm" "-f" "f2ac70a739b86a16be5a02b01d1e7253bcf691f28cedfba08436051954433762", kill_on_drop: false }`
[INFO] [stdout] f2ac70a739b86a16be5a02b01d1e7253bcf691f28cedfba08436051954433762
