[INFO] fetching crate osom_lib_hashes 0.1.33...
[INFO] checking osom_lib_hashes-0.1.33 against c60b92c03ca8a3b101eb9d57f51e2232690638c7 for pr-164148-crater-rollup
[INFO] extracting crate osom_lib_hashes 0.1.33 into /workspace/builds/worker-1-tc2/source
[INFO] started tweaking crates.io crate osom_lib_hashes 0.1.33
[INFO] removed 0 missing tests
[INFO] finished tweaking crates.io crate osom_lib_hashes 0.1.33
[INFO] tweaked toml for crates.io crate osom_lib_hashes 0.1.33 written to /workspace/builds/worker-1-tc2/source/Cargo.toml
[INFO] validating manifest of crates.io crate osom_lib_hashes 0.1.33 on toolchain c60b92c03ca8a3b101eb9d57f51e2232690638c7
[INFO] running `Command { std: CARGO_HOME="/workspace/cargo-home" RUSTUP_HOME="/workspace/rustup-home" "/workspace/cargo-home/bin/cargo" "+c60b92c03ca8a3b101eb9d57f51e2232690638c7" "metadata" "--manifest-path" "Cargo.toml" "--no-deps", kill_on_drop: false }`
[INFO] crate crates.io crate osom_lib_hashes 0.1.33 already has a lockfile, it will not be regenerated
[INFO] running `Command { std: CARGO_HOME="/workspace/cargo-home" RUSTUP_HOME="/workspace/rustup-home" "/workspace/cargo-home/bin/cargo" "+c60b92c03ca8a3b101eb9d57f51e2232690638c7" "fetch" "--manifest-path" "Cargo.toml", kill_on_drop: false }`
[INFO] [stderr] warning: `package.homepage` is redundant with `package.repository`
[INFO] [stderr]   --> Cargo.toml:37:12
[INFO] [stderr]    |
[INFO] [stderr] 37 | homepage = "https://github.com/RafalSzefler/osom_lib"
[INFO] [stderr]    |            ^^^^^^^^^^^^^^^^^^^^^^^^^^^^^^^^^^^^^^^^^^
[INFO] [stderr] ...
[INFO] [stderr] 41 | repository = "https://github.com/RafalSzefler/osom_lib"
[INFO] [stderr]    |              ------------------------------------------
[INFO] [stderr]    |
[INFO] [stderr]    = note: `cargo::redundant_homepage` is set to `warn` by default
[INFO] [stderr] help: consider removing `package.homepage`
[INFO] [stderr] warning: `osom_lib_hashes` (manifest) generated 1 warning
[INFO] running `Command { std: "docker" "create" "-v" "/var/lib/crater-agent-workspace/builds/worker-1-tc2/source:/opt/rustwide/workdir:ro,Z" "-v" "/var/lib/crater-agent-workspace/builds/worker-1-tc2/target:/opt/rustwide/target:rw,Z" "-v" "/var/lib/crater-agent-workspace/cargo-home:/opt/rustwide/cargo-home:ro,Z" "-v" "/var/lib/crater-agent-workspace/rustup-home:/opt/rustwide/rustup-home:ro,Z" "-m" "1610612736" "--network" "none" "ghcr.io/rust-lang/crates-build-env/linux@sha256:77db811e55d90add9212f6832c23229e3de5f1c1f9905e8cb07319ea15df73ac" "sleep" "infinity", kill_on_drop: false }`
[INFO] [stdout] ad52922bb40333b8e3ff61660aa7374f411ad26ce55de9cb7fc2af488d815084
[INFO] running `Command { std: "docker" "start" "ad52922bb40333b8e3ff61660aa7374f411ad26ce55de9cb7fc2af488d815084", kill_on_drop: false }`
[INFO] running `Command { std: "docker" "inspect" "ad52922bb40333b8e3ff61660aa7374f411ad26ce55de9cb7fc2af488d815084", kill_on_drop: false }`
[INFO] running `Command { std: "docker" "exec" "-e" "SOURCE_DIR=/opt/rustwide/workdir" "-e" "CARGO_HOME=/opt/rustwide/cargo-home" "-e" "RUSTUP_HOME=/opt/rustwide/rustup-home" "-e" "CARGO_TARGET_DIR=/opt/rustwide/target" "-w" "/opt/rustwide/workdir" "--user" "0:0" "ad52922bb40333b8e3ff61660aa7374f411ad26ce55de9cb7fc2af488d815084" "/opt/rustwide/cargo-home/bin/cargo" "+c60b92c03ca8a3b101eb9d57f51e2232690638c7" "metadata" "--no-deps" "--format-version=1", kill_on_drop: false }`
[INFO] running `Command { std: "docker" "inspect" "ad52922bb40333b8e3ff61660aa7374f411ad26ce55de9cb7fc2af488d815084", kill_on_drop: false }`
[INFO] running `Command { std: "docker" "exec" "-e" "SOURCE_DIR=/opt/rustwide/workdir" "-e" "CARGO_HOME=/opt/rustwide/cargo-home" "-e" "RUSTUP_HOME=/opt/rustwide/rustup-home" "-e" "CARGO_TARGET_DIR=/opt/rustwide/target" "-e" "CARGO_INCREMENTAL=0" "-e" "RUST_BACKTRACE=full" "-e" "RUSTFLAGS=--cap-lints=forbid" "-e" "RUSTDOCFLAGS=--cap-lints=forbid" "-w" "/opt/rustwide/workdir" "--user" "0:0" "ad52922bb40333b8e3ff61660aa7374f411ad26ce55de9cb7fc2af488d815084" "/opt/rustwide/cargo-home/bin/cargo" "+c60b92c03ca8a3b101eb9d57f51e2232690638c7" "check" "--frozen" "--all" "--all-targets" "--message-format=json", kill_on_drop: false }`
[INFO] [stderr] warning: `package.homepage` is redundant with `package.repository`
[INFO] [stderr]   --> Cargo.toml:37:12
[INFO] [stderr]    |
[INFO] [stderr] 37 | homepage = "https://github.com/RafalSzefler/osom_lib"
[INFO] [stderr]    |            ^^^^^^^^^^^^^^^^^^^^^^^^^^^^^^^^^^^^^^^^^^
[INFO] [stderr] ...
[INFO] [stderr] 41 | repository = "https://github.com/RafalSzefler/osom_lib"
[INFO] [stderr]    |              ------------------------------------------
[INFO] [stderr]    |
[INFO] [stderr]    = note: `cargo::redundant_homepage` is set to `warn` by default
[INFO] [stderr] help: consider removing `package.homepage`
[INFO] [stderr] warning: `osom_lib_hashes` (manifest) generated 1 warning
[INFO] [stderr]    Compiling zerocopy v0.8.52
[INFO] [stderr]    Compiling alloca v0.4.0
[INFO] [stderr]    Compiling toml_edit v0.25.12+spec-1.1.0
[INFO] [stderr]     Checking either v1.16.0
[INFO] [stderr]    Compiling syn v2.0.118
[INFO] [stderr]     Checking osom_lib_macros v0.1.33
[INFO] [stderr]     Checking regex-automata v0.4.14
[INFO] [stderr]     Checking futures-timer v3.0.4
[INFO] [stderr]     Checking itertools v0.13.0
[INFO] [stderr]    Compiling proc-macro-crate v3.5.0
[INFO] [stderr]     Checking regex v1.12.4
[INFO] [stderr]     Checking criterion-plot v0.8.2
[INFO] [stderr]    Compiling zerocopy-derive v0.8.52
[INFO] [stderr]    Compiling priv_osom_lib_reprc_proc_macros v0.1.33
[INFO] [stderr]    Compiling priv_osom_lib_try_clone_proc_macros v0.1.33
[INFO] [stderr]    Compiling serde_derive v1.0.228
[INFO] [stderr]    Compiling futures-macro v0.3.32
[INFO] [stderr]    Compiling rstest_macros v0.26.1
[INFO] [stderr]     Checking osom_lib_try_clone v0.1.33
[INFO] [stderr]     Checking osom_lib_reprc v0.1.33
[INFO] [stderr]     Checking osom_lib_alloc v0.1.33
[INFO] [stderr]     Checking osom_lib_primitives v0.1.33
[INFO] [stderr]     Checking futures-util v0.3.32
[INFO] [stdout] error[E0493]: destructor of `COption<TValue>` cannot be evaluated at compile-time
[INFO] [stdout]   --> /opt/rustwide/cargo-home/registry/src/index.crates.io-1949cf8c6b5b557f/osom_lib_primitives-0.1.33/src/coption.rs:74:25
[INFO] [stdout]    |
[INFO] [stdout] 74 |     pub const fn unwrap(self) -> TValue {
[INFO] [stdout]    |                         ^^^^ the destructor for this type cannot be evaluated in constant functions
[INFO] [stdout] ...
[INFO] [stdout] 85 |     }
[INFO] [stdout]    |     - value is dropped here
[INFO] [stdout] 
[INFO] [stdout] 
[INFO] [stdout] error[E0493]: destructor of `COption<TValue>` cannot be evaluated at compile-time
[INFO] [stdout]    --> /opt/rustwide/cargo-home/registry/src/index.crates.io-1949cf8c6b5b557f/osom_lib_primitives-0.1.33/src/coption.rs:94:42
[INFO] [stdout]     |
[INFO] [stdout]  94 |     pub const unsafe fn unwrap_unchecked(self) -> TValue {
[INFO] [stdout]     |                                          ^^^^ the destructor for this type cannot be evaluated in constant functions
[INFO] [stdout] ...
[INFO] [stdout] 105 |     }
[INFO] [stdout]     |     - value is dropped here
[INFO] [stdout] 
[INFO] [stdout] 
[INFO] [stdout] error[E0493]: destructor of `COption<TValue>` cannot be evaluated at compile-time
[INFO] [stdout]    --> /opt/rustwide/cargo-home/registry/src/index.crates.io-1949cf8c6b5b557f/osom_lib_primitives-0.1.33/src/coption.rs:109:30
[INFO] [stdout]     |
[INFO] [stdout] 109 |     pub const fn into_option(self) -> Option<TValue> {
[INFO] [stdout]     |                              ^^^^ the destructor for this type cannot be evaluated in constant functions
[INFO] [stdout] ...
[INFO] [stdout] 121 |     }
[INFO] [stdout]     |     - value is dropped here
[INFO] [stdout] 
[INFO] [stdout] 
[INFO] [stdout] error[E0493]: destructor of `Option<TValue>` cannot be evaluated at compile-time
[INFO] [stdout]    --> /opt/rustwide/cargo-home/registry/src/index.crates.io-1949cf8c6b5b557f/osom_lib_primitives-0.1.33/src/coption.rs:126:30
[INFO] [stdout]     |
[INFO] [stdout] 126 |     pub const fn from_option(option: Option<TValue>) -> Self {
[INFO] [stdout]     |                              ^^^^^^ the destructor for this type cannot be evaluated in constant functions
[INFO] [stdout] ...
[INFO] [stdout] 138 |     }
[INFO] [stdout]     |     - value is dropped here
[INFO] [stdout] 
[INFO] [stdout] 
[INFO] [stdout] error[E0493]: destructor of `CResult<TOk, TErr>` cannot be evaluated at compile-time
[INFO] [stdout]   --> /opt/rustwide/cargo-home/registry/src/index.crates.io-1949cf8c6b5b557f/osom_lib_primitives-0.1.33/src/cresult.rs:75:25
[INFO] [stdout]    |
[INFO] [stdout] 75 |     pub const fn unwrap(self) -> TOk {
[INFO] [stdout]    |                         ^^^^ the destructor for this type cannot be evaluated in constant functions
[INFO] [stdout] ...
[INFO] [stdout] 86 |     }
[INFO] [stdout]    |     - value is dropped here
[INFO] [stdout] 
[INFO] [stdout] 
[INFO] [stdout] error[E0493]: destructor of `CResult<TOk, TErr>` cannot be evaluated at compile-time
[INFO] [stdout]    --> /opt/rustwide/cargo-home/registry/src/index.crates.io-1949cf8c6b5b557f/osom_lib_primitives-0.1.33/src/cresult.rs:95:42
[INFO] [stdout]     |
[INFO] [stdout]  95 |     pub const unsafe fn unwrap_unchecked(self) -> TOk {
[INFO] [stdout]     |                                          ^^^^ the destructor for this type cannot be evaluated in constant functions
[INFO] [stdout] ...
[INFO] [stdout] 106 |     }
[INFO] [stdout]     |     - value is dropped here
[INFO] [stdout] 
[INFO] [stdout] 
[INFO] [stdout] error[E0493]: destructor of `CResult<TOk, TErr>` cannot be evaluated at compile-time
[INFO] [stdout]    --> /opt/rustwide/cargo-home/registry/src/index.crates.io-1949cf8c6b5b557f/osom_lib_primitives-0.1.33/src/cresult.rs:114:29
[INFO] [stdout]     |
[INFO] [stdout] 114 |     pub const fn unwrap_err(self) -> TErr {
[INFO] [stdout]     |                             ^^^^ the destructor for this type cannot be evaluated in constant functions
[INFO] [stdout] ...
[INFO] [stdout] 125 |     }
[INFO] [stdout]     |     - value is dropped here
[INFO] [stdout] 
[INFO] [stdout] 
[INFO] [stdout] error[E0493]: destructor of `CResult<TOk, TErr>` cannot be evaluated at compile-time
[INFO] [stdout]    --> /opt/rustwide/cargo-home/registry/src/index.crates.io-1949cf8c6b5b557f/osom_lib_primitives-0.1.33/src/cresult.rs:134:46
[INFO] [stdout]     |
[INFO] [stdout] 134 |     pub const unsafe fn unwrap_err_unchecked(self) -> TErr {
[INFO] [stdout]     |                                              ^^^^ the destructor for this type cannot be evaluated in constant functions
[INFO] [stdout] ...
[INFO] [stdout] 145 |     }
[INFO] [stdout]     |     - value is dropped here
[INFO] [stdout] 
[INFO] [stdout] 
[INFO] [stdout] error[E0493]: destructor of `CResult<TOk, TErr>` cannot be evaluated at compile-time
[INFO] [stdout]    --> /opt/rustwide/cargo-home/registry/src/index.crates.io-1949cf8c6b5b557f/osom_lib_primitives-0.1.33/src/cresult.rs:150:30
[INFO] [stdout]     |
[INFO] [stdout] 150 |     pub const fn into_result(self) -> Result<TOk, TErr> {
[INFO] [stdout]     |                              ^^^^ the destructor for this type cannot be evaluated in constant functions
[INFO] [stdout] ...
[INFO] [stdout] 163 |     }
[INFO] [stdout]     |     - value is dropped here
[INFO] [stdout] 
[INFO] [stdout] 
[INFO] [stdout] error[E0493]: destructor of `Result<TOk, TErr>` cannot be evaluated at compile-time
[INFO] [stdout]    --> /opt/rustwide/cargo-home/registry/src/index.crates.io-1949cf8c6b5b557f/osom_lib_primitives-0.1.33/src/cresult.rs:167:30
[INFO] [stdout]     |
[INFO] [stdout] 167 |     pub const fn from_result(result: Result<TOk, TErr>) -> Self {
[INFO] [stdout]     |                              ^^^^^^ the destructor for this type cannot be evaluated in constant functions
[INFO] [stdout] ...
[INFO] [stdout] 180 |     }
[INFO] [stdout]     |     - value is dropped here
[INFO] [stdout] 
[INFO] [stdout] 
[INFO] [stdout] error[E0493]: destructor of `KVP<TKey, TValue>` cannot be evaluated at compile-time
[INFO] [stdout]   --> /opt/rustwide/cargo-home/registry/src/index.crates.io-1949cf8c6b5b557f/osom_lib_primitives-0.1.33/src/kvp.rs:42:25
[INFO] [stdout]    |
[INFO] [stdout] 42 |     pub const fn unpack(self) -> (TKey, TValue) {
[INFO] [stdout]    |                         ^^^^ the destructor for this type cannot be evaluated in constant functions
[INFO] [stdout] ...
[INFO] [stdout] 47 |     }
[INFO] [stdout]    |     - value is dropped here
[INFO] [stdout] 
[INFO] [stdout] 
[INFO] [stdout] For more information about this error, try `rustc --explain E0493`.
[INFO] [stdout] 
[INFO] [stderr] error: could not compile `osom_lib_primitives` (lib) due to 11 previous errors
[INFO] [stderr] warning: build failed, waiting for other jobs to finish...
[INFO] running `Command { std: "docker" "inspect" "ad52922bb40333b8e3ff61660aa7374f411ad26ce55de9cb7fc2af488d815084", kill_on_drop: false }`
[INFO] running `Command { std: "docker" "rm" "-f" "ad52922bb40333b8e3ff61660aa7374f411ad26ce55de9cb7fc2af488d815084", kill_on_drop: false }`
[INFO] [stdout] ad52922bb40333b8e3ff61660aa7374f411ad26ce55de9cb7fc2af488d815084
