[INFO] fetching crate omnyssh-core 1.1.5...
[INFO] checking omnyssh-core-1.1.5 against c60b92c03ca8a3b101eb9d57f51e2232690638c7 for pr-164148-crater-rollup
[INFO] extracting crate omnyssh-core 1.1.5 into /workspace/builds/worker-2-tc2/source
[INFO] started tweaking crates.io crate omnyssh-core 1.1.5
[INFO] removed 0 missing tests
[INFO] finished tweaking crates.io crate omnyssh-core 1.1.5
[INFO] tweaked toml for crates.io crate omnyssh-core 1.1.5 written to /workspace/builds/worker-2-tc2/source/Cargo.toml
[INFO] validating manifest of crates.io crate omnyssh-core 1.1.5 on toolchain c60b92c03ca8a3b101eb9d57f51e2232690638c7
[INFO] running `Command { std: CARGO_HOME="/workspace/cargo-home" RUSTUP_HOME="/workspace/rustup-home" "/workspace/cargo-home/bin/cargo" "+c60b92c03ca8a3b101eb9d57f51e2232690638c7" "metadata" "--manifest-path" "Cargo.toml" "--no-deps", kill_on_drop: false }`
[INFO] crate crates.io crate omnyssh-core 1.1.5 already has a lockfile, it will not be regenerated
[INFO] running `Command { std: CARGO_HOME="/workspace/cargo-home" RUSTUP_HOME="/workspace/rustup-home" "/workspace/cargo-home/bin/cargo" "+c60b92c03ca8a3b101eb9d57f51e2232690638c7" "fetch" "--manifest-path" "Cargo.toml", kill_on_drop: false }`
[INFO] running `Command { std: "docker" "create" "-v" "/var/lib/crater-agent-workspace/builds/worker-2-tc2/source:/opt/rustwide/workdir:ro,Z" "-v" "/var/lib/crater-agent-workspace/builds/worker-2-tc2/target:/opt/rustwide/target:rw,Z" "-v" "/var/lib/crater-agent-workspace/cargo-home:/opt/rustwide/cargo-home:ro,Z" "-v" "/var/lib/crater-agent-workspace/rustup-home:/opt/rustwide/rustup-home:ro,Z" "-m" "1610612736" "--network" "none" "ghcr.io/rust-lang/crates-build-env/linux@sha256:77db811e55d90add9212f6832c23229e3de5f1c1f9905e8cb07319ea15df73ac" "sleep" "infinity", kill_on_drop: false }`
[INFO] [stdout] 78ef8fa66e5962f00adc0b42353499789d10516d5d57a49ecb64f4950c6f4946
[INFO] running `Command { std: "docker" "start" "78ef8fa66e5962f00adc0b42353499789d10516d5d57a49ecb64f4950c6f4946", kill_on_drop: false }`
[INFO] running `Command { std: "docker" "inspect" "78ef8fa66e5962f00adc0b42353499789d10516d5d57a49ecb64f4950c6f4946", kill_on_drop: false }`
[INFO] running `Command { std: "docker" "exec" "-e" "SOURCE_DIR=/opt/rustwide/workdir" "-e" "CARGO_HOME=/opt/rustwide/cargo-home" "-e" "RUSTUP_HOME=/opt/rustwide/rustup-home" "-e" "CARGO_TARGET_DIR=/opt/rustwide/target" "-w" "/opt/rustwide/workdir" "--user" "0:0" "78ef8fa66e5962f00adc0b42353499789d10516d5d57a49ecb64f4950c6f4946" "/opt/rustwide/cargo-home/bin/cargo" "+c60b92c03ca8a3b101eb9d57f51e2232690638c7" "metadata" "--no-deps" "--format-version=1", kill_on_drop: false }`
[INFO] running `Command { std: "docker" "inspect" "78ef8fa66e5962f00adc0b42353499789d10516d5d57a49ecb64f4950c6f4946", kill_on_drop: false }`
[INFO] running `Command { std: "docker" "exec" "-e" "SOURCE_DIR=/opt/rustwide/workdir" "-e" "CARGO_HOME=/opt/rustwide/cargo-home" "-e" "RUSTUP_HOME=/opt/rustwide/rustup-home" "-e" "CARGO_TARGET_DIR=/opt/rustwide/target" "-e" "CARGO_INCREMENTAL=0" "-e" "RUST_BACKTRACE=full" "-e" "RUSTFLAGS=--cap-lints=forbid" "-e" "RUSTDOCFLAGS=--cap-lints=forbid" "-w" "/opt/rustwide/workdir" "--user" "0:0" "78ef8fa66e5962f00adc0b42353499789d10516d5d57a49ecb64f4950c6f4946" "/opt/rustwide/cargo-home/bin/cargo" "+c60b92c03ca8a3b101eb9d57f51e2232690638c7" "check" "--frozen" "--all" "--all-targets" "--message-format=json", kill_on_drop: false }`
[INFO] [stderr]     Checking subtle v2.6.1
[INFO] [stderr]    Compiling getrandom v0.4.2
[INFO] [stderr]     Checking der v0.8.2
[INFO] [stderr]     Checking parking_lot_core v0.9.12
[INFO] [stderr]     Checking errno v0.3.14
[INFO] [stderr]     Checking mio v1.2.0
[INFO] [stderr]     Checking socket2 v0.6.3
[INFO] [stderr]     Checking bitflags v2.11.1
[INFO] [stderr]     Checking signal-hook-registry v1.4.8
[INFO] [stderr]     Checking ctutils v0.4.2
[INFO] [stderr]     Checking ff v0.14.0
[INFO] [stderr]     Checking parking_lot v0.12.5
[INFO] [stderr]    Compiling cc v1.2.60
[INFO] [stderr]     Checking tinystr v0.8.3
[INFO] [stderr]     Checking group v0.14.0
[INFO] [stderr]     Checking hybrid-array v0.4.15
[INFO] [stderr]     Checking futures-util v0.3.32
[INFO] [stderr]     Checking tokio v1.52.1
[INFO] [stderr]     Checking zerotrie v0.2.4
[INFO] [stderr]     Checking icu_collections v2.2.0
[INFO] [stderr]     Checking icu_locale_core v2.2.0
[INFO] [stderr]     Checking generic-array v0.14.7
[INFO] [stderr]     Checking rustls-pki-types v1.14.1
[INFO] [stderr]    Compiling getrandom v0.2.17
[INFO] [stderr]    Compiling curve25519-dalek v5.0.0
[INFO] [stderr]    Compiling rustls v0.23.40
[INFO] [stderr]     Checking spki v0.8.0
[INFO] [stderr]    Compiling nix v0.31.3
[INFO] [stderr]     Checking rustix v1.1.4
[INFO] [stderr]     Checking icu_provider v2.2.0
[INFO] [stderr]    Compiling const-random-macro v0.1.16
[INFO] [stderr]    Compiling ahash v0.8.12
[INFO] [stderr]     Checking icu_normalizer v2.2.0
[INFO] [stderr]     Checking icu_properties v2.2.0
[INFO] [stderr]     Checking keccak v0.2.2
[INFO] [stderr]    Compiling ring v0.17.14
[INFO] [stderr]     Checking const-random v0.1.18
[INFO] [stderr]     Checking pkcs1 v0.8.0-rc.4
[INFO] [stderr]     Checking crypto-common v0.2.2
[INFO] [stderr]     Checking block-buffer v0.12.1
[INFO] [stderr]     Checking block-padding v0.4.2
[INFO] [stderr]     Checking inout v0.2.2
[INFO] [stderr]     Checking crypto-bigint v0.7.5
[INFO] [stderr]     Checking sec1 v0.8.1
[INFO] [stderr]     Checking digest v0.11.3
[INFO] [stderr]     Checking cipher v0.5.2
[INFO] [stderr]     Checking hmac v0.13.0
[INFO] [stderr]     Checking universal-hash v0.6.1
[INFO] [stderr]     Checking polyval v0.7.3
[INFO] [stderr]     Checking aes v0.9.3
[INFO] [stderr]     Checking ghash v0.6.0
[INFO] [stderr]     Checking ctr v0.10.1
[INFO] [stderr]     Checking pbkdf2 v0.13.0
[INFO] [stderr]     Checking sha2 v0.11.0
[INFO] [stderr]     Checking aead v0.6.1
[INFO] [stderr]     Checking salsa20 v0.11.0
[INFO] [stderr]     Checking cbc v0.2.1
[INFO] [stderr]     Checking signature v3.0.0
[INFO] [stderr]     Checking hkdf v0.13.0
[INFO] [stderr]     Checking aes-gcm v0.11.1
[INFO] [stderr]     Checking chacha20 v0.10.2
[INFO] [stderr]     Checking idna_adapter v1.2.2
[INFO] [stderr]     Checking idna v1.1.0
[INFO] [stderr]     Checking blowfish v0.10.0
[INFO] [stderr]     Checking poly1305 v0.9.1
[INFO] [stderr]     Checking blake2 v0.11.0
[INFO] [stderr]     Checking url v2.5.8
[INFO] [stderr]     Checking argon2 v0.6.0
[INFO] [stderr]     Checking scrypt v0.12.0
[INFO] [stderr]     Checking pkcs5 v0.8.1
[INFO] [stderr]     Checking bcrypt-pbkdf v0.11.0
[INFO] [stderr]     Checking rand v0.10.3
[INFO] [stderr]     Checking sha3 v0.11.0
[INFO] [stderr]     Checking pkcs8 v0.11.0
[INFO] [stderr]     Checking ed25519 v3.0.0
[INFO] [stderr]     Checking sha1 v0.11.0
[INFO] [stderr]     Checking kem v0.3.0
[INFO] [stderr]     Checking module-lattice v0.2.3
[INFO] [stderr]     Checking webpki-roots v1.0.7
[INFO] [stderr]     Checking futures-executor v0.3.32
[INFO] [stderr]     Checking block-buffer v0.10.4
[INFO] [stderr]     Checking crypto-common v0.1.7
[INFO] [stderr]     Checking ed25519-dalek v3.0.0
[INFO] [stderr]    Compiling vte_generate_state_changes v0.1.2
[INFO] [stderr]     Checking num_cpus v1.17.0
[INFO] [stderr]     Checking sponge-cursor v0.1.0
[INFO] [stderr]     Checking seize v0.3.3
[INFO] [stderr]     Checking hex v0.4.3
[INFO] [stderr]     Checking sha3 v0.12.0
[INFO] [stderr]     Checking toml_edit v0.22.27
[INFO] [stderr]     Checking vte v0.11.1
[INFO] [stderr]     Checking flurry v0.5.2
[INFO] [stderr]     Checking tempfile v3.27.0
[INFO] [stderr]     Checking ml-kem v0.3.2
[INFO] [stderr]     Checking digest v0.10.7
[INFO] [stderr]     Checking num-bigint v0.5.1
[INFO] [stderr]     Checking futures v0.3.32
[INFO] [stderr]     Checking generic-array v1.4.2
[INFO] [stderr]     Checking xattr v1.6.1
[INFO] [stderr]    Compiling enum_dispatch v0.3.13
[INFO] [stderr]    Compiling delegate v0.13.5
[INFO] [stderr]     Checking primefield v0.14.0
[INFO] [stderr]     Checking elliptic-curve v0.14.1
[INFO] [stdout] error[E0493]: destructor of `ArrayBuilder<T, N>` cannot be evaluated at compile-time
[INFO] [stdout]    --> /opt/rustwide/cargo-home/registry/src/index.crates.io-1949cf8c6b5b557f/generic-array-1.4.2/src/internal.rs:103:31
[INFO] [stdout]     |
[INFO] [stdout] 103 |     pub unsafe fn assume_init(self) -> GenericArray<T, N> {
[INFO] [stdout]     |                               ^^^^ the destructor for this type cannot be evaluated in constant functions
[INFO] [stdout] ...
[INFO] [stdout] 109 |     }
[INFO] [stdout]     |     - value is dropped here
[INFO] [stdout] 
[INFO] [stdout] 
[INFO] [stdout] error[E0493]: destructor of `GenericArray<core::mem::MaybeUninit<*const T>, N>` cannot be evaluated at compile-time
[INFO] [stdout]    --> /opt/rustwide/cargo-home/registry/src/index.crates.io-1949cf8c6b5b557f/generic-array-1.4.2/src/lib.rs:970:13
[INFO] [stdout]     |
[INFO] [stdout] 970 |         let mut out: GenericArray<MaybeUninit<*const T>, N> = GenericArray::uninit();
[INFO] [stdout]     |             ^^^^^^^ the destructor for this type cannot be evaluated in constant functions
[INFO] [stdout] ...
[INFO] [stdout] 985 |     }
[INFO] [stdout]     |     - value is dropped here
[INFO] [stdout] 
[INFO] [stdout] 
[INFO] [stdout] error[E0493]: destructor of `GenericArray<core::mem::MaybeUninit<*mut T>, N>` cannot be evaluated at compile-time
[INFO] [stdout]     --> /opt/rustwide/cargo-home/registry/src/index.crates.io-1949cf8c6b5b557f/generic-array-1.4.2/src/lib.rs:1005:13
[INFO] [stdout]      |
[INFO] [stdout] 1005 |         let mut out: GenericArray<MaybeUninit<*mut T>, N> = GenericArray::uninit();
[INFO] [stdout]      |             ^^^^^^^ the destructor for this type cannot be evaluated in constant functions
[INFO] [stdout] ...
[INFO] [stdout] 1020 |     }
[INFO] [stdout]      |     - value is dropped here
[INFO] [stdout] 
[INFO] [stdout] 
[INFO] [stdout] For more information about this error, try `rustc --explain E0493`.
[INFO] [stdout] 
[INFO] [stderr] error: could not compile `generic-array` (lib) due to 3 previous errors
[INFO] [stderr] warning: build failed, waiting for other jobs to finish...
[INFO] running `Command { std: "docker" "inspect" "78ef8fa66e5962f00adc0b42353499789d10516d5d57a49ecb64f4950c6f4946", kill_on_drop: false }`
[INFO] running `Command { std: "docker" "rm" "-f" "78ef8fa66e5962f00adc0b42353499789d10516d5d57a49ecb64f4950c6f4946", kill_on_drop: false }`
[INFO] [stdout] 78ef8fa66e5962f00adc0b42353499789d10516d5d57a49ecb64f4950c6f4946
