[INFO] fetching crate object-rainbow-kubo-raw 0.0.0-a.1...
[INFO] checking object-rainbow-kubo-raw-0.0.0-a.1 against c60b92c03ca8a3b101eb9d57f51e2232690638c7 for pr-164148-crater-rollup
[INFO] extracting crate object-rainbow-kubo-raw 0.0.0-a.1 into /workspace/builds/worker-1-tc2/source
[INFO] started tweaking crates.io crate object-rainbow-kubo-raw 0.0.0-a.1
[INFO] removed 0 missing examples
[INFO] finished tweaking crates.io crate object-rainbow-kubo-raw 0.0.0-a.1
[INFO] tweaked toml for crates.io crate object-rainbow-kubo-raw 0.0.0-a.1 written to /workspace/builds/worker-1-tc2/source/Cargo.toml
[INFO] validating manifest of crates.io crate object-rainbow-kubo-raw 0.0.0-a.1 on toolchain c60b92c03ca8a3b101eb9d57f51e2232690638c7
[INFO] running `Command { std: CARGO_HOME="/workspace/cargo-home" RUSTUP_HOME="/workspace/rustup-home" "/workspace/cargo-home/bin/cargo" "+c60b92c03ca8a3b101eb9d57f51e2232690638c7" "metadata" "--manifest-path" "Cargo.toml" "--no-deps", kill_on_drop: false }`
[INFO] crate crates.io crate object-rainbow-kubo-raw 0.0.0-a.1 already has a lockfile, it will not be regenerated
[INFO] running `Command { std: CARGO_HOME="/workspace/cargo-home" RUSTUP_HOME="/workspace/rustup-home" "/workspace/cargo-home/bin/cargo" "+c60b92c03ca8a3b101eb9d57f51e2232690638c7" "fetch" "--manifest-path" "Cargo.toml", kill_on_drop: false }`
[INFO] running `Command { std: "docker" "create" "-v" "/var/lib/crater-agent-workspace/builds/worker-1-tc2/source:/opt/rustwide/workdir:ro,Z" "-v" "/var/lib/crater-agent-workspace/builds/worker-1-tc2/target:/opt/rustwide/target:rw,Z" "-v" "/var/lib/crater-agent-workspace/cargo-home:/opt/rustwide/cargo-home:ro,Z" "-v" "/var/lib/crater-agent-workspace/rustup-home:/opt/rustwide/rustup-home:ro,Z" "-m" "1610612736" "--network" "none" "ghcr.io/rust-lang/crates-build-env/linux@sha256:77db811e55d90add9212f6832c23229e3de5f1c1f9905e8cb07319ea15df73ac" "sleep" "infinity", kill_on_drop: false }`
[INFO] [stdout] be8477dd1a094eada77e5fa078a1275f3837ec252d8ed4100d8c6118b7699cff
[INFO] running `Command { std: "docker" "start" "be8477dd1a094eada77e5fa078a1275f3837ec252d8ed4100d8c6118b7699cff", kill_on_drop: false }`
[INFO] running `Command { std: "docker" "inspect" "be8477dd1a094eada77e5fa078a1275f3837ec252d8ed4100d8c6118b7699cff", kill_on_drop: false }`
[INFO] running `Command { std: "docker" "exec" "-e" "SOURCE_DIR=/opt/rustwide/workdir" "-e" "CARGO_HOME=/opt/rustwide/cargo-home" "-e" "RUSTUP_HOME=/opt/rustwide/rustup-home" "-e" "CARGO_TARGET_DIR=/opt/rustwide/target" "-w" "/opt/rustwide/workdir" "--user" "0:0" "be8477dd1a094eada77e5fa078a1275f3837ec252d8ed4100d8c6118b7699cff" "/opt/rustwide/cargo-home/bin/cargo" "+c60b92c03ca8a3b101eb9d57f51e2232690638c7" "metadata" "--no-deps" "--format-version=1", kill_on_drop: false }`
[INFO] running `Command { std: "docker" "inspect" "be8477dd1a094eada77e5fa078a1275f3837ec252d8ed4100d8c6118b7699cff", kill_on_drop: false }`
[INFO] running `Command { std: "docker" "exec" "-e" "SOURCE_DIR=/opt/rustwide/workdir" "-e" "CARGO_HOME=/opt/rustwide/cargo-home" "-e" "RUSTUP_HOME=/opt/rustwide/rustup-home" "-e" "CARGO_TARGET_DIR=/opt/rustwide/target" "-e" "CARGO_INCREMENTAL=0" "-e" "RUST_BACKTRACE=full" "-e" "RUSTFLAGS=--cap-lints=forbid" "-e" "RUSTDOCFLAGS=--cap-lints=forbid" "-w" "/opt/rustwide/workdir" "--user" "0:0" "be8477dd1a094eada77e5fa078a1275f3837ec252d8ed4100d8c6118b7699cff" "/opt/rustwide/cargo-home/bin/cargo" "+c60b92c03ca8a3b101eb9d57f51e2232690638c7" "check" "--frozen" "--all" "--all-targets" "--message-format=json", kill_on_drop: false }`
[INFO] [stderr]    Compiling syn v2.0.117
[INFO] [stderr]     Checking futures-util v0.3.32
[INFO] [stderr]     Checking futures-channel v0.3.32
[INFO] [stderr]     Checking block-buffer v0.12.0
[INFO] [stderr]     Checking parking_lot_core v0.9.12
[INFO] [stderr]     Checking mio v1.2.0
[INFO] [stderr]     Checking generic-array v1.4.1
[INFO] [stderr]    Compiling data-encoding v2.11.0
[INFO] [stderr]     Checking sha2-const v0.1.3
[INFO] [stderr]    Compiling mime_guess v2.0.5
[INFO] [stderr]     Checking const-str v0.4.3
[INFO] [stderr]     Checking tracing v0.1.44
[INFO] [stderr]     Checking unsigned-varint v0.8.0
[INFO] [stderr]     Checking bitflags v2.11.1
[INFO] [stderr]     Checking base-x v0.2.11
[INFO] [stderr]     Checking serde_json v1.0.150
[INFO] [stderr]     Checking http-body-util v0.1.3
[INFO] [stderr]     Checking multihash v0.19.5
[INFO] [stderr]     Checking parking_lot v0.12.5
[INFO] [stderr]     Checking digest v0.11.3
[INFO] [stderr]     Checking sha2 v0.11.0
[INFO] [stdout] error[E0493]: destructor of `ArrayBuilder<T, N>` cannot be evaluated at compile-time
[INFO] [stdout]    --> /opt/rustwide/cargo-home/registry/src/index.crates.io-1949cf8c6b5b557f/generic-array-1.4.1/src/internal.rs:103:31
[INFO] [stdout]     |
[INFO] [stdout] 103 |     pub unsafe fn assume_init(self) -> GenericArray<T, N> {
[INFO] [stdout]     |                               ^^^^ the destructor for this type cannot be evaluated in constant functions
[INFO] [stdout] ...
[INFO] [stdout] 109 |     }
[INFO] [stdout]     |     - value is dropped here
[INFO] [stdout] 
[INFO] [stdout] 
[INFO] [stdout] error[E0493]: destructor of `GenericArray<core::mem::MaybeUninit<*const T>, N>` cannot be evaluated at compile-time
[INFO] [stdout]    --> /opt/rustwide/cargo-home/registry/src/index.crates.io-1949cf8c6b5b557f/generic-array-1.4.1/src/lib.rs:970:13
[INFO] [stdout]     |
[INFO] [stdout] 970 |         let mut out: GenericArray<MaybeUninit<*const T>, N> = GenericArray::uninit();
[INFO] [stdout]     |             ^^^^^^^ the destructor for this type cannot be evaluated in constant functions
[INFO] [stdout] ...
[INFO] [stdout] 985 |     }
[INFO] [stdout]     |     - value is dropped here
[INFO] [stdout] 
[INFO] [stdout] 
[INFO] [stdout] error[E0493]: destructor of `GenericArray<core::mem::MaybeUninit<*mut T>, N>` cannot be evaluated at compile-time
[INFO] [stdout]     --> /opt/rustwide/cargo-home/registry/src/index.crates.io-1949cf8c6b5b557f/generic-array-1.4.1/src/lib.rs:1005:13
[INFO] [stdout]      |
[INFO] [stdout] 1005 |         let mut out: GenericArray<MaybeUninit<*mut T>, N> = GenericArray::uninit();
[INFO] [stdout]      |             ^^^^^^^ the destructor for this type cannot be evaluated in constant functions
[INFO] [stdout] ...
[INFO] [stdout] 1020 |     }
[INFO] [stdout]      |     - value is dropped here
[INFO] [stdout] 
[INFO] [stdout] 
[INFO] [stdout] For more information about this error, try `rustc --explain E0493`.
[INFO] [stdout] 
[INFO] [stderr] error: could not compile `generic-array` (lib) due to 3 previous errors
[INFO] [stderr] warning: build failed, waiting for other jobs to finish...
[INFO] running `Command { std: "docker" "inspect" "be8477dd1a094eada77e5fa078a1275f3837ec252d8ed4100d8c6118b7699cff", kill_on_drop: false }`
[INFO] running `Command { std: "docker" "rm" "-f" "be8477dd1a094eada77e5fa078a1275f3837ec252d8ed4100d8c6118b7699cff", kill_on_drop: false }`
[INFO] [stdout] be8477dd1a094eada77e5fa078a1275f3837ec252d8ed4100d8c6118b7699cff
