[INFO] fetching crate nethsm-cli 0.10.0...
[INFO] checking nethsm-cli-0.10.0 against c60b92c03ca8a3b101eb9d57f51e2232690638c7 for pr-164148-crater-rollup
[INFO] extracting crate nethsm-cli 0.10.0 into /workspace/builds/worker-6-tc2/source
[INFO] started tweaking crates.io crate nethsm-cli 0.10.0
[INFO] finished tweaking crates.io crate nethsm-cli 0.10.0
[INFO] tweaked toml for crates.io crate nethsm-cli 0.10.0 written to /workspace/builds/worker-6-tc2/source/Cargo.toml
[INFO] validating manifest of crates.io crate nethsm-cli 0.10.0 on toolchain c60b92c03ca8a3b101eb9d57f51e2232690638c7
[INFO] running `Command { std: CARGO_HOME="/workspace/cargo-home" RUSTUP_HOME="/workspace/rustup-home" "/workspace/cargo-home/bin/cargo" "+c60b92c03ca8a3b101eb9d57f51e2232690638c7" "metadata" "--manifest-path" "Cargo.toml" "--no-deps", kill_on_drop: false }`
[INFO] crate crates.io crate nethsm-cli 0.10.0 already has a lockfile, it will not be regenerated
[INFO] running `Command { std: CARGO_HOME="/workspace/cargo-home" RUSTUP_HOME="/workspace/rustup-home" "/workspace/cargo-home/bin/cargo" "+c60b92c03ca8a3b101eb9d57f51e2232690638c7" "fetch" "--manifest-path" "Cargo.toml", kill_on_drop: false }`
[INFO] running `Command { std: "docker" "create" "-v" "/var/lib/crater-agent-workspace/builds/worker-6-tc2/source:/opt/rustwide/workdir:ro,Z" "-v" "/var/lib/crater-agent-workspace/builds/worker-6-tc2/target:/opt/rustwide/target:rw,Z" "-v" "/var/lib/crater-agent-workspace/cargo-home:/opt/rustwide/cargo-home:ro,Z" "-v" "/var/lib/crater-agent-workspace/rustup-home:/opt/rustwide/rustup-home:ro,Z" "-m" "1610612736" "--network" "none" "ghcr.io/rust-lang/crates-build-env/linux@sha256:77db811e55d90add9212f6832c23229e3de5f1c1f9905e8cb07319ea15df73ac" "sleep" "infinity", kill_on_drop: false }`
[INFO] [stdout] 2084e7a2c82e267967f2b4b29c5fee6f0ef2a7ad1ba641326796f1a212a66d98
[INFO] running `Command { std: "docker" "start" "2084e7a2c82e267967f2b4b29c5fee6f0ef2a7ad1ba641326796f1a212a66d98", kill_on_drop: false }`
[INFO] running `Command { std: "docker" "inspect" "2084e7a2c82e267967f2b4b29c5fee6f0ef2a7ad1ba641326796f1a212a66d98", kill_on_drop: false }`
[INFO] running `Command { std: "docker" "exec" "-e" "SOURCE_DIR=/opt/rustwide/workdir" "-e" "CARGO_HOME=/opt/rustwide/cargo-home" "-e" "RUSTUP_HOME=/opt/rustwide/rustup-home" "-e" "CARGO_TARGET_DIR=/opt/rustwide/target" "-w" "/opt/rustwide/workdir" "--user" "0:0" "2084e7a2c82e267967f2b4b29c5fee6f0ef2a7ad1ba641326796f1a212a66d98" "/opt/rustwide/cargo-home/bin/cargo" "+c60b92c03ca8a3b101eb9d57f51e2232690638c7" "metadata" "--no-deps" "--format-version=1", kill_on_drop: false }`
[INFO] running `Command { std: "docker" "inspect" "2084e7a2c82e267967f2b4b29c5fee6f0ef2a7ad1ba641326796f1a212a66d98", kill_on_drop: false }`
[INFO] running `Command { std: "docker" "exec" "-e" "SOURCE_DIR=/opt/rustwide/workdir" "-e" "CARGO_HOME=/opt/rustwide/cargo-home" "-e" "RUSTUP_HOME=/opt/rustwide/rustup-home" "-e" "CARGO_TARGET_DIR=/opt/rustwide/target" "-e" "CARGO_INCREMENTAL=0" "-e" "RUST_BACKTRACE=full" "-e" "RUSTFLAGS=--cap-lints=forbid" "-e" "RUSTDOCFLAGS=--cap-lints=forbid" "-w" "/opt/rustwide/workdir" "--user" "0:0" "2084e7a2c82e267967f2b4b29c5fee6f0ef2a7ad1ba641326796f1a212a66d98" "/opt/rustwide/cargo-home/bin/cargo" "+c60b92c03ca8a3b101eb9d57f51e2232690638c7" "check" "--frozen" "--all" "--all-targets" "--message-format=json", kill_on_drop: false }`
[INFO] [stderr]    Compiling libc v0.2.189
[INFO] [stderr]     Checking subtle v2.6.1
[INFO] [stderr]     Checking base64ct v1.8.3
[INFO] [stderr]    Compiling num-traits v0.2.19
[INFO] [stderr]     Checking smallvec v1.16.2
[INFO] [stderr]    Compiling serde_json v1.0.151
[INFO] [stderr]     Checking value-bag v1.14.1
[INFO] [stderr]    Compiling zeroize_derive v1.5.0
[INFO] [stderr]     Checking serde v1.0.229
[INFO] [stderr]    Compiling yoke-derive v0.8.3
[INFO] [stderr]     Checking zerofrom v0.1.8
[INFO] [stderr]     Checking bitvec v1.1.1
[INFO] [stderr]    Compiling rustix v1.1.5
[INFO] [stderr]    Compiling fnv v1.0.7
[INFO] [stderr]    Compiling curve25519-dalek v5.0.0
[INFO] [stderr]     Checking ctutils v0.4.2
[INFO] [stderr]     Checking ff v0.14.0
[INFO] [stderr]     Checking pem-rfc7468 v1.0.0
[INFO] [stderr]     Checking pem-rfc7468 v0.7.0
[INFO] [stderr]     Checking log v0.4.34
[INFO] [stderr]    Compiling darling_core v0.20.11
[INFO] [stderr]    Compiling crc32fast v1.5.2
[INFO] [stderr]     Checking linux-raw-sys v0.12.1
[INFO] [stderr]     Checking spin v0.9.9
[INFO] [stderr]    Compiling nix v0.31.3
[INFO] [stderr]     Checking lazy_static v1.5.0
[INFO] [stderr]     Checking group v0.14.0
[INFO] [stderr]    Compiling curve25519-dalek v4.1.3
[INFO] [stderr]    Compiling num-bigint-dig v0.8.6
[INFO] [stderr]     Checking simd-adler32 v0.3.10
[INFO] [stderr]    Compiling httparse v1.10.1
[INFO] [stderr]    Compiling mime_guess v2.0.5
[INFO] [stderr]     Checking opaque-debug v0.3.1
[INFO] [stderr]     Checking zlib-rs v0.6.8
[INFO] [stderr]    Compiling time-macros v0.2.32
[INFO] [stderr]    Compiling thiserror v2.0.21
[INFO] [stderr]     Checking http v1.5.0
[INFO] [stderr]     Checking miniz_oxide v0.9.1
[INFO] [stderr]     Checking num_threads v0.1.7
[INFO] [stderr]    Compiling crc24 v0.1.6
[INFO] [stderr]     Checking base64 v0.23.1
[INFO] [stderr]     Checking unicase v2.9.0
[INFO] [stderr]     Checking zeroize v1.9.0
[INFO] [stderr]     Checking serdect v0.2.0
[INFO] [stderr]     Checking serdect v0.3.0
[INFO] [stderr]    Compiling derive_more-impl v2.1.1
[INFO] [stderr]     Checking num-integer v0.1.47
[INFO] [stderr]    Compiling bitfields-impl v1.0.3
[INFO] [stderr]     Checking mcf v0.6.0
[INFO] [stderr]     Checking hybrid-array v0.4.15
[INFO] [stderr]     Checking generic-array v0.14.7
[INFO] [stderr]     Checking der v0.8.2
[INFO] [stderr]    Compiling jobserver v0.1.35
[INFO] [stderr]     Checking der v0.7.10
[INFO] [stderr]     Checking yoke v0.8.3
[INFO] [stderr]     Checking rustls-pki-types v1.15.1
[INFO] [stderr]     Checking num-iter v0.1.46
[INFO] [stderr]     Checking flate2 v1.1.10
[INFO] [stderr]     Checking ureq-proto v0.6.4
[INFO] [stderr]     Checking zerovec v0.11.8
[INFO] [stderr]     Checking zerotrie v0.2.5
[INFO] [stderr]    Compiling cc v1.5.1
[INFO] [stderr]     Checking block-buffer v0.10.4
[INFO] [stderr]     Checking inout v0.1.4
[INFO] [stderr]     Checking dbl v0.3.2
[INFO] [stderr]     Checking spki v0.8.0
[INFO] [stderr]    Compiling snafu-derive v0.9.2
[INFO] [stderr]    Compiling num_enum_derive v0.7.6
[INFO] [stderr]    Compiling futures-macro v0.3.34
[INFO] [stderr]     Checking termcolor v1.4.1
[INFO] [stderr]     Checking tinystr v0.8.4
[INFO] [stderr]     Checking potential_utf v0.1.6
[INFO] [stderr]     Checking webpki-roots v1.0.9
[INFO] [stderr]     Checking pkcs1 v0.8.0-rc.4
[INFO] [stderr]     Checking icu_locale_core v2.3.0
[INFO] [stderr]     Checking utf8-zero v0.8.1
[INFO] [stderr]    Compiling regex-automata v0.4.18
[INFO] [stderr]     Checking icu_collections v2.3.0
[INFO] [stderr]     Checking block-padding v0.3.3
[INFO] [stderr]     Checking block-buffer v0.12.1
[INFO] [stderr]     Checking block-padding v0.4.2
[INFO] [stderr]     Checking sec1 v0.8.1
[INFO] [stderr]     Checking getrandom v0.4.3
[INFO] [stderr]     Checking getrandom v0.2.17
[INFO] [stderr]     Checking inout v0.2.2
[INFO] [stderr]     Checking rand_core v0.6.4
[INFO] [stderr]     Checking time v0.3.55
[INFO] [stderr]     Checking which v8.0.6
[INFO] [stderr]     Checking num_enum v0.7.6
[INFO] [stderr]     Checking bitfields v1.0.3
[INFO] [stderr]     Checking crypto-common v0.1.7
[INFO] [stderr]     Checking ff v0.13.1
[INFO] [stderr]     Checking digest v0.10.7
[INFO] [stderr]     Checking cipher v0.4.4
[INFO] [stderr]     Checking group v0.13.0
[INFO] [stderr]     Checking crypto-bigint v0.5.5
[INFO] [stderr]     Checking rand_chacha v0.3.1
[INFO] [stderr]     Checking ctr v0.9.2
[INFO] [stderr]     Checking crypto-common v0.2.2
[INFO] [stderr]     Checking crypto-bigint v0.7.5
[INFO] [stderr]     Checking universal-hash v0.5.1
[INFO] [stderr]     Checking aead v0.5.2
[INFO] [stderr]     Checking polyval v0.6.2
[INFO] [stderr]     Checking aes v0.8.4
[INFO] [stderr]     Checking password-hash v0.6.1
[INFO] [stderr]     Checking spki v0.7.3
[INFO] [stderr]     Checking ghash v0.5.1
[INFO] [stderr]     Checking password-hash v0.5.0
[INFO] [stderr]     Checking pkcs8 v0.10.2
[INFO] [stderr]     Checking ocb3 v0.1.0
[INFO] [stderr]     Checking hmac v0.12.1
[INFO] [stderr]     Checking signature v2.2.0
[INFO] [stderr]     Checking hkdf v0.12.4
[INFO] [stderr]     Checking rfc6979 v0.4.0
[INFO] [stderr]     Checking sec1 v0.7.3
[INFO] [stderr]     Checking sha2 v0.10.9
[INFO] [stderr]     Checking rand v0.8.8
[INFO] [stderr]     Checking pkcs1 v0.7.5
[INFO] [stderr]     Checking ed25519 v2.2.3
[INFO] [stderr]     Checking blake2 v0.10.6
[INFO] [stderr]     Checking cmac v0.7.2
[INFO] [stderr]     Checking icu_provider v2.3.1
[INFO] [stderr]     Checking sha3 v0.10.9
[INFO] [stderr]     Checking digest v0.11.3
[INFO] [stderr]     Checking cipher v0.5.2
[INFO] [stderr]     Checking universal-hash v0.6.1
[INFO] [stderr]     Checking aead v0.6.1
[INFO] [stderr]    Compiling darling_macro v0.20.11
[INFO] [stderr]     Checking hmac v0.13.0
[INFO] [stderr]     Checking sha2 v0.11.0
[INFO] [stderr]     Checking polyval v0.7.3
[INFO] [stderr]     Checking signature v3.0.0
[INFO] [stderr]     Checking icu_properties v2.3.0
[INFO] [stderr]     Checking icu_normalizer v2.3.0
[INFO] [stderr]    Compiling darling v0.20.11
[INFO] [stderr]     Checking salsa20 v0.11.0
[INFO] [stderr]     Checking ctr v0.10.1
[INFO] [stderr]     Checking pbkdf2 v0.13.0
[INFO] [stderr]     Checking aes v0.9.3
[INFO] [stderr]     Checking cbc v0.2.1
[INFO] [stderr]     Checking hkdf v0.13.0
[INFO] [stderr]     Checking chacha20 v0.10.2
[INFO] [stderr]     Checking elliptic-curve v0.13.8
[INFO] [stderr]     Checking ghash v0.6.0
[INFO] [stderr]    Compiling derive_builder_core v0.20.2
[INFO] [stderr]    Compiling cmake v0.1.58
[INFO] [stderr]     Checking sha1 v0.10.7
[INFO] [stderr]     Checking simplelog v0.12.2
[INFO] [stderr]     Checking scrypt v0.12.0
[INFO] [stderr]     Checking yescrypt v0.1.0
[INFO] [stderr]     Checking sha1-checked v0.10.0
[INFO] [stderr]     Checking rand v0.10.3
[INFO] [stderr]     Checking ed25519-dalek v2.2.0
[INFO] [stderr]    Compiling ring v0.17.14
[INFO] [stderr]     Checking x25519-dalek v2.0.1
[INFO] [stderr]     Checking aes-gcm v0.11.1
[INFO] [stderr]     Checking snafu v0.9.2
[INFO] [stderr]    Compiling aws-lc-sys v0.45.0
[INFO] [stderr]     Checking aes-kw v0.2.1
[INFO] [stderr]     Checking aes-gcm v0.10.3
[INFO] [stderr]     Checking sha1 v0.11.0
[INFO] [stderr]     Checking ecdsa v0.16.9
[INFO] [stderr]     Checking pkcs5 v0.8.1
[INFO] [stderr]     Checking primeorder v0.13.6
[INFO] [stderr]     Checking cx448 v0.1.1
[INFO] [stderr]     Checking argon2 v0.5.3
[INFO] [stderr]     Checking eax v0.5.0
[INFO] [stderr]     Checking md-5 v0.10.6
[INFO] [stderr]     Checking pkcs8 v0.11.0
[INFO] [stderr]     Checking ripemd v0.1.3
[INFO] [stderr]     Checking derive_more v2.1.1
[INFO] [stderr]    Compiling derive_builder_macro v0.20.2
[INFO] [stderr]     Checking futures-util v0.3.34
[INFO] [stderr]     Checking ed25519 v3.0.0
[INFO] [stderr]     Checking derive_builder v0.20.2
[INFO] [stderr]     Checking cfb-mode v0.8.2
[INFO] [stderr]     Checking cast5 v0.11.1
[INFO] [stderr]     Checking camellia v0.1.0
[INFO] [stderr]     Checking des v0.8.1
[INFO] [stderr]     Checking blowfish v0.9.1
[INFO] [stderr]     Checking twofish v0.7.1
[INFO] [stderr]     Checking idea v0.5.1
[INFO] [stderr]     Checking rsa v0.9.10
[INFO] [stderr]     Checking dsa v0.6.3
[INFO] [stderr]     Checking ed25519-dalek v3.0.0
[INFO] [stderr]     Checking p521 v0.13.3
[INFO] [stderr]     Checking p256 v0.13.2
[INFO] [stderr]     Checking p384 v0.13.1
[INFO] [stderr]     Checking k256 v0.13.4
[INFO] [stderr]     Checking parking_lot_core v0.9.12
[INFO] [stderr]     Checking errno v0.3.14
[INFO] [stderr]     Checking oid v0.2.1
[INFO] [stderr]     Checking idna_adapter v1.2.2
[INFO] [stderr]    Compiling strum_macros v0.28.0
[INFO] [stderr]     Checking serde_bytes v0.11.19
[INFO] [stderr]     Checking serde_spanned v1.1.1
[INFO] [stderr]     Checking nom v8.0.0
[INFO] [stderr]     Checking buffer-redux v1.1.0
[INFO] [stderr]     Checking idna v1.1.0
[INFO] [stderr]     Checking replace_with v0.1.8
[INFO] [stderr]     Checking base64 v0.21.7
[INFO] [stderr]     Checking picky-asn1 v0.10.1
[INFO] [stderr]     Checking signal-hook-registry v1.4.8
[INFO] [stderr]     Checking url v2.5.8
[INFO] [stderr]     Checking parking_lot v0.12.5
[INFO] [stderr]    Compiling regex v1.13.1
[INFO] [stderr]     Checking change-user-run v0.1.3
[INFO] [stderr]     Checking blowfish v0.10.0
[INFO] [stderr]     Checking tempfile v3.27.0
[INFO] [stderr]     Checking systemd-journal-logger v2.2.2
[INFO] [stderr]     Checking poly1305 v0.9.1
[INFO] [stderr]     Checking multipart v0.18.0
[INFO] [stderr]     Checking signstar-common v0.2.0
[INFO] [stderr]     Checking blake2 v0.11.0
[INFO] [stderr]     Checking socket2 v0.6.5
[INFO] [stderr]     Checking mio v1.2.3
[INFO] [stderr]     Checking secrecy v0.10.3
[INFO] [stderr]     Checking email_address v0.2.9
[INFO] [stderr]    Compiling tokio-macros v2.7.2
[INFO] [stderr]    Compiling aws-lc-rs v1.18.1
[INFO] [stderr]     Checking bcrypt-pbkdf v0.11.0
[INFO] [stderr]     Checking sha3 v0.11.0
[INFO] [stderr]     Checking kem v0.3.0
[INFO] [stderr]     Checking rtoolbox v0.0.6
[INFO] [stderr]     Checking module-lattice v0.2.3
[INFO] [stderr]     Checking castaway v0.2.4
[INFO] [stderr]     Checking argon2 v0.6.0
[INFO] [stderr]     Checking toml_datetime v0.7.5+spec-1.1.0
[INFO] [stderr]     Checking home v0.5.12
[INFO] [stderr]     Checking chrono v0.4.45
[INFO] [stderr]     Checking compact_str v0.9.1
[INFO] [stderr]     Checking etcetera v0.10.0
[INFO] [stderr]     Checking toml v0.9.12+spec-1.1.0
[INFO] [stderr]     Checking sha3 v0.12.0
[INFO] [stderr]     Checking tokio v1.53.1
[INFO] [stderr]    Compiling enum_dispatch v0.3.13
[INFO] [stderr]     Checking num-bigint v0.5.1
[INFO] [stderr]     Checking ml-kem v0.3.2
[INFO] [stderr]     Checking generic-array v1.4.5
[INFO] [stderr]    Compiling garde_derive v0.23.0
[INFO] [stderr]     Checking picky-asn1-der v0.5.6
[INFO] [stderr]     Checking elliptic-curve v0.14.1
[INFO] [stderr]     Checking rfc6979 v0.6.0
[INFO] [stdout] error[E0493]: destructor of `ArrayBuilder<T, N>` cannot be evaluated at compile-time
[INFO] [stdout]    --> /opt/rustwide/cargo-home/registry/src/index.crates.io-1949cf8c6b5b557f/generic-array-1.4.5/src/internal.rs:103:31
[INFO] [stdout]     |
[INFO] [stdout] 103 |     pub unsafe fn assume_init(self) -> GenericArray<T, N> {
[INFO] [stdout]     |                               ^^^^ the destructor for this type cannot be evaluated in constant functions
[INFO] [stdout] ...
[INFO] [stdout] 109 |     }
[INFO] [stdout]     |     - value is dropped here
[INFO] [stdout] 
[INFO] [stdout] 
[INFO] [stdout] error[E0493]: destructor of `GenericArray<core::mem::MaybeUninit<*const T>, N>` cannot be evaluated at compile-time
[INFO] [stdout]    --> /opt/rustwide/cargo-home/registry/src/index.crates.io-1949cf8c6b5b557f/generic-array-1.4.5/src/lib.rs:983:13
[INFO] [stdout]     |
[INFO] [stdout] 983 |         let mut out: GenericArray<MaybeUninit<*const T>, N> = GenericArray::uninit();
[INFO] [stdout]     |             ^^^^^^^ the destructor for this type cannot be evaluated in constant functions
[INFO] [stdout] ...
[INFO] [stdout] 998 |     }
[INFO] [stdout]     |     - value is dropped here
[INFO] [stdout] 
[INFO] [stdout] 
[INFO] [stdout] error[E0493]: destructor of `GenericArray<core::mem::MaybeUninit<*mut T>, N>` cannot be evaluated at compile-time
[INFO] [stdout]     --> /opt/rustwide/cargo-home/registry/src/index.crates.io-1949cf8c6b5b557f/generic-array-1.4.5/src/lib.rs:1018:13
[INFO] [stdout]      |
[INFO] [stdout] 1018 |         let mut out: GenericArray<MaybeUninit<*mut T>, N> = GenericArray::uninit();
[INFO] [stdout]      |             ^^^^^^^ the destructor for this type cannot be evaluated in constant functions
[INFO] [stdout] ...
[INFO] [stdout] 1033 |     }
[INFO] [stdout]      |     - value is dropped here
[INFO] [stdout] 
[INFO] [stdout] 
[INFO] [stdout] For more information about this error, try `rustc --explain E0493`.
[INFO] [stdout] 
[INFO] [stderr] error: could not compile `generic-array` (lib) due to 3 previous errors
[INFO] [stderr] warning: build failed, waiting for other jobs to finish...
[INFO] running `Command { std: "docker" "inspect" "2084e7a2c82e267967f2b4b29c5fee6f0ef2a7ad1ba641326796f1a212a66d98", kill_on_drop: false }`
[INFO] running `Command { std: "docker" "rm" "-f" "2084e7a2c82e267967f2b4b29c5fee6f0ef2a7ad1ba641326796f1a212a66d98", kill_on_drop: false }`
[INFO] [stdout] 2084e7a2c82e267967f2b4b29c5fee6f0ef2a7ad1ba641326796f1a212a66d98
