[INFO] fetching crate netgauze-udp-notif-service 0.13.0...
[INFO] checking netgauze-udp-notif-service-0.13.0 against c60b92c03ca8a3b101eb9d57f51e2232690638c7 for pr-164148-crater-rollup
[INFO] extracting crate netgauze-udp-notif-service 0.13.0 into /workspace/builds/worker-6-tc2/source
[INFO] started tweaking crates.io crate netgauze-udp-notif-service 0.13.0
[INFO] removed 0 missing examples
[INFO] finished tweaking crates.io crate netgauze-udp-notif-service 0.13.0
[INFO] tweaked toml for crates.io crate netgauze-udp-notif-service 0.13.0 written to /workspace/builds/worker-6-tc2/source/Cargo.toml
[INFO] validating manifest of crates.io crate netgauze-udp-notif-service 0.13.0 on toolchain c60b92c03ca8a3b101eb9d57f51e2232690638c7
[INFO] running `Command { std: CARGO_HOME="/workspace/cargo-home" RUSTUP_HOME="/workspace/rustup-home" "/workspace/cargo-home/bin/cargo" "+c60b92c03ca8a3b101eb9d57f51e2232690638c7" "metadata" "--manifest-path" "Cargo.toml" "--no-deps", kill_on_drop: false }`
[INFO] crate crates.io crate netgauze-udp-notif-service 0.13.0 already has a lockfile, it will not be regenerated
[INFO] running `Command { std: CARGO_HOME="/workspace/cargo-home" RUSTUP_HOME="/workspace/rustup-home" "/workspace/cargo-home/bin/cargo" "+c60b92c03ca8a3b101eb9d57f51e2232690638c7" "fetch" "--manifest-path" "Cargo.toml", kill_on_drop: false }`
[INFO] [stderr] warning: Cargo.toml: `lints.rust.rust-2024-compatibility` is deprecated in favor of `lints.rust.rust_2024_compatibility` and will not work in a future edition
[INFO] [stderr] warning: `package.homepage` is redundant with `package.repository`
[INFO] [stderr]    --> Cargo.toml:176:12
[INFO] [stderr]     |
[INFO] [stderr] 176 | homepage = "https://github.com/NetGauze/NetGauze"
[INFO] [stderr]     |            ^^^^^^^^^^^^^^^^^^^^^^^^^^^^^^^^^^^^^^
[INFO] [stderr] ...
[INFO] [stderr] 181 | repository = "https://github.com/NetGauze/NetGauze"
[INFO] [stderr]     |              --------------------------------------
[INFO] [stderr]     |
[INFO] [stderr]     = note: `cargo::redundant_homepage` is set to `warn` by default
[INFO] [stderr] help: consider removing `package.homepage`
[INFO] [stderr] warning: `netgauze-udp-notif-service` (manifest) generated 2 warnings
[INFO] running `Command { std: "docker" "create" "-v" "/var/lib/crater-agent-workspace/builds/worker-6-tc2/source:/opt/rustwide/workdir:ro,Z" "-v" "/var/lib/crater-agent-workspace/builds/worker-6-tc2/target:/opt/rustwide/target:rw,Z" "-v" "/var/lib/crater-agent-workspace/cargo-home:/opt/rustwide/cargo-home:ro,Z" "-v" "/var/lib/crater-agent-workspace/rustup-home:/opt/rustwide/rustup-home:ro,Z" "-m" "1610612736" "--network" "none" "ghcr.io/rust-lang/crates-build-env/linux@sha256:77db811e55d90add9212f6832c23229e3de5f1c1f9905e8cb07319ea15df73ac" "sleep" "infinity", kill_on_drop: false }`
[INFO] [stdout] c5c6c66a64b688f462af015c21fa75069679d386318bb5ea5dd45e82cedd5641
[INFO] running `Command { std: "docker" "start" "c5c6c66a64b688f462af015c21fa75069679d386318bb5ea5dd45e82cedd5641", kill_on_drop: false }`
[INFO] running `Command { std: "docker" "inspect" "c5c6c66a64b688f462af015c21fa75069679d386318bb5ea5dd45e82cedd5641", kill_on_drop: false }`
[INFO] running `Command { std: "docker" "exec" "-e" "SOURCE_DIR=/opt/rustwide/workdir" "-e" "CARGO_HOME=/opt/rustwide/cargo-home" "-e" "RUSTUP_HOME=/opt/rustwide/rustup-home" "-e" "CARGO_TARGET_DIR=/opt/rustwide/target" "-w" "/opt/rustwide/workdir" "--user" "0:0" "c5c6c66a64b688f462af015c21fa75069679d386318bb5ea5dd45e82cedd5641" "/opt/rustwide/cargo-home/bin/cargo" "+c60b92c03ca8a3b101eb9d57f51e2232690638c7" "metadata" "--no-deps" "--format-version=1", kill_on_drop: false }`
[INFO] running `Command { std: "docker" "inspect" "c5c6c66a64b688f462af015c21fa75069679d386318bb5ea5dd45e82cedd5641", kill_on_drop: false }`
[INFO] running `Command { std: "docker" "exec" "-e" "SOURCE_DIR=/opt/rustwide/workdir" "-e" "CARGO_HOME=/opt/rustwide/cargo-home" "-e" "RUSTUP_HOME=/opt/rustwide/rustup-home" "-e" "CARGO_TARGET_DIR=/opt/rustwide/target" "-e" "CARGO_INCREMENTAL=0" "-e" "RUST_BACKTRACE=full" "-e" "RUSTFLAGS=--cap-lints=forbid" "-e" "RUSTDOCFLAGS=--cap-lints=forbid" "-w" "/opt/rustwide/workdir" "--user" "0:0" "c5c6c66a64b688f462af015c21fa75069679d386318bb5ea5dd45e82cedd5641" "/opt/rustwide/cargo-home/bin/cargo" "+c60b92c03ca8a3b101eb9d57f51e2232690638c7" "check" "--frozen" "--all" "--all-targets" "--message-format=json", kill_on_drop: false }`
[INFO] [stderr] warning: Cargo.toml: `lints.rust.rust-2024-compatibility` is deprecated in favor of `lints.rust.rust_2024_compatibility` and will not work in a future edition
[INFO] [stderr] warning: `package.homepage` is redundant with `package.repository`
[INFO] [stderr]    --> Cargo.toml:176:12
[INFO] [stderr]     |
[INFO] [stderr] 176 | homepage = "https://github.com/NetGauze/NetGauze"
[INFO] [stderr]     |            ^^^^^^^^^^^^^^^^^^^^^^^^^^^^^^^^^^^^^^
[INFO] [stderr] ...
[INFO] [stderr] 181 | repository = "https://github.com/NetGauze/NetGauze"
[INFO] [stderr]     |              --------------------------------------
[INFO] [stderr]     |
[INFO] [stderr]     = note: `cargo::redundant_homepage` is set to `warn` by default
[INFO] [stderr] help: consider removing `package.homepage`
[INFO] [stderr] warning: `netgauze-udp-notif-service` (manifest) generated 2 warnings
[INFO] [stderr]     Checking hybrid-array v0.4.13
[INFO] [stderr]    Compiling zerocopy v0.8.55
[INFO] [stderr]    Compiling syn v3.0.3
[INFO] [stderr]     Checking der v0.8.1
[INFO] [stderr]     Checking mio v1.2.2
[INFO] [stderr]    Compiling either v1.17.0
[INFO] [stderr]    Compiling zerovec-derive v0.11.3
[INFO] [stderr]    Compiling zerocopy-derive v0.8.55
[INFO] [stderr]    Compiling tokio-macros v2.7.1
[INFO] [stderr]    Compiling cc v1.4.0
[INFO] [stderr]    Compiling aws-lc-rs v1.17.3
[INFO] [stderr]    Compiling futures-macro v0.3.33
[INFO] [stderr]     Checking num-integer v0.1.46
[INFO] [stderr]     Checking tracing v0.1.44
[INFO] [stderr]    Compiling prettyplease v0.2.37
[INFO] [stderr]     Checking indexmap v2.14.0
[INFO] [stderr]     Checking getrandom v0.3.4
[INFO] [stderr]     Checking aho-corasick v1.1.4
[INFO] [stderr]    Compiling bitflags v2.13.1
[INFO] [stderr]    Compiling rustls v0.23.42
[INFO] [stderr]    Compiling regex-automata v0.4.16
[INFO] [stderr]     Checking digest v0.10.7
[INFO] [stderr]    Compiling itertools v0.14.0
[INFO] [stderr]     Checking parking_lot_core v0.9.12
[INFO] [stderr]    Compiling rustix v1.1.4
[INFO] [stderr]    Compiling thiserror v2.0.19
[INFO] [stderr]    Compiling petgraph v0.7.1
[INFO] [stderr]    Compiling darling_core v0.23.0
[INFO] [stderr]    Compiling cmake v0.1.58
[INFO] [stderr]     Checking futures-util v0.3.33
[INFO] [stderr]     Checking zerovec v0.11.6
[INFO] [stderr]     Checking spki v0.8.0
[INFO] [stderr]    Compiling log v0.4.33
[INFO] [stderr]    Compiling ref-cast v1.0.26
[INFO] [stderr]     Checking serde_json v1.0.151
[INFO] [stderr]     Checking getrandom v0.2.17
[INFO] [stderr]     Checking rand_core v0.6.4
[INFO] [stderr]     Checking rand_core v0.9.5
[INFO] [stderr]     Checking potential_utf v0.1.5
[INFO] [stderr]     Checking num-iter v0.1.46
[INFO] [stderr]    Compiling aws-lc-sys v0.43.0
[INFO] [stderr]    Compiling bigdecimal v0.4.10
[INFO] [stderr]     Checking keccak v0.2.0
[INFO] [stderr]     Checking borrow-or-share v0.2.4
[INFO] [stderr]    Compiling unicode-general-category v1.1.0
[INFO] [stderr]     Checking pkcs1 v0.8.0-rc.4
[INFO] [stderr]     Checking hmac v0.12.1
[INFO] [stderr]     Checking parking_lot v0.12.5
[INFO] [stderr]     Checking ordered-float v2.10.1
[INFO] [stderr]    Compiling mini-moka v0.10.3
[INFO] [stderr]     Checking uuid-simd v0.8.0
[INFO] [stderr]     Checking hkdf v0.12.4
[INFO] [stderr]     Checking nix v0.31.3
[INFO] [stderr]     Checking sha-1 v0.10.1
[INFO] [stderr]     Checking sha2 v0.10.9
[INFO] [stderr]     Checking dashmap v5.5.3
[INFO] [stderr]    Compiling regex v1.13.1
[INFO] [stderr]     Checking crossbeam-channel v0.5.16
[INFO] [stderr]     Checking crypto-common v0.2.2
[INFO] [stderr]     Checking block-buffer v0.12.1
[INFO] [stderr]     Checking block-padding v0.4.2
[INFO] [stderr]     Checking inout v0.2.2
[INFO] [stderr]     Checking crypto-bigint v0.7.5
[INFO] [stderr]     Checking sec1 v0.8.1
[INFO] [stderr]     Checking wnaf v0.14.0
[INFO] [stderr]     Checking module-lattice v0.2.3
[INFO] [stderr]    Compiling strum_macros v0.27.2
[INFO] [stderr]     Checking uuid v1.24.0
[INFO] [stderr]    Compiling prost-reflect-derive v0.15.1
[INFO] [stderr]     Checking serde_bytes v0.11.19
[INFO] [stderr]     Checking strum v0.27.2
[INFO] [stderr]     Checking regex-lite v0.1.9
[INFO] [stderr]     Checking bytecount v0.6.9
[INFO] [stderr]    Compiling prost-derive v0.13.5
[INFO] [stderr]     Checking tagptr v0.2.0
[INFO] [stderr]     Checking triomphe v0.1.16
[INFO] [stderr]     Checking num-cmp v0.1.0
[INFO] [stderr]     Checking hashbrown v0.15.5
[INFO] [stderr]     Checking dashmap v6.2.1
[INFO] [stderr]     Checking generic-array v1.4.4
[INFO] [stderr]    Compiling enum_dispatch v0.3.13
[INFO] [stderr]     Checking digest v0.11.3
[INFO] [stderr]     Checking cipher v0.5.2
[INFO] [stderr]     Checking hmac v0.13.0
[INFO] [stderr]     Checking universal-hash v0.6.1
[INFO] [stdout] error[E0493]: destructor of `ArrayBuilder<T, N>` cannot be evaluated at compile-time
[INFO] [stdout]    --> /opt/rustwide/cargo-home/registry/src/index.crates.io-1949cf8c6b5b557f/generic-array-1.4.4/src/internal.rs:103:31
[INFO] [stdout]     |
[INFO] [stdout] 103 |     pub unsafe fn assume_init(self) -> GenericArray<T, N> {
[INFO] [stdout]     |                               ^^^^ the destructor for this type cannot be evaluated in constant functions
[INFO] [stdout] ...
[INFO] [stdout] 109 |     }
[INFO] [stdout]     |     - value is dropped here
[INFO] [stdout] 
[INFO] [stdout] 
[INFO] [stderr]     Checking pbkdf2 v0.13.0
[INFO] [stdout] error[E0493]: destructor of `GenericArray<core::mem::MaybeUninit<*const T>, N>` cannot be evaluated at compile-time
[INFO] [stdout]    --> /opt/rustwide/cargo-home/registry/src/index.crates.io-1949cf8c6b5b557f/generic-array-1.4.4/src/lib.rs:981:13
[INFO] [stdout]     |
[INFO] [stdout] 981 |         let mut out: GenericArray<MaybeUninit<*const T>, N> = GenericArray::uninit();
[INFO] [stdout]     |             ^^^^^^^ the destructor for this type cannot be evaluated in constant functions
[INFO] [stdout] ...
[INFO] [stdout] 996 |     }
[INFO] [stdout]     |     - value is dropped here
[INFO] [stdout] 
[INFO] [stdout] 
[INFO] [stdout] error[E0493]: destructor of `GenericArray<core::mem::MaybeUninit<*mut T>, N>` cannot be evaluated at compile-time
[INFO] [stdout]     --> /opt/rustwide/cargo-home/registry/src/index.crates.io-1949cf8c6b5b557f/generic-array-1.4.4/src/lib.rs:1016:13
[INFO] [stdout]      |
[INFO] [stdout] 1016 |         let mut out: GenericArray<MaybeUninit<*mut T>, N> = GenericArray::uninit();
[INFO] [stdout]      |             ^^^^^^^ the destructor for this type cannot be evaluated in constant functions
[INFO] [stdout] ...
[INFO] [stdout] 1031 |     }
[INFO] [stdout]      |     - value is dropped here
[INFO] [stdout] 
[INFO] [stdout] 
[INFO] [stdout] For more information about this error, try `rustc --explain E0493`.
[INFO] [stdout] 
[INFO] [stderr] error: could not compile `generic-array` (lib) due to 3 previous errors
[INFO] [stderr] warning: build failed, waiting for other jobs to finish...
[INFO] running `Command { std: "docker" "inspect" "c5c6c66a64b688f462af015c21fa75069679d386318bb5ea5dd45e82cedd5641", kill_on_drop: false }`
[INFO] running `Command { std: "docker" "rm" "-f" "c5c6c66a64b688f462af015c21fa75069679d386318bb5ea5dd45e82cedd5641", kill_on_drop: false }`
[INFO] [stdout] c5c6c66a64b688f462af015c21fa75069679d386318bb5ea5dd45e82cedd5641
