[INFO] fetching crate nam-ec-gpu-gen 0.7.2-nam.0...
[INFO] checking nam-ec-gpu-gen-0.7.2-nam.0 against c60b92c03ca8a3b101eb9d57f51e2232690638c7 for pr-164148-crater-rollup
[INFO] extracting crate nam-ec-gpu-gen 0.7.2-nam.0 into /workspace/builds/worker-1-tc2/source
[INFO] started tweaking crates.io crate nam-ec-gpu-gen 0.7.2-nam.0
[INFO] finished tweaking crates.io crate nam-ec-gpu-gen 0.7.2-nam.0
[INFO] tweaked toml for crates.io crate nam-ec-gpu-gen 0.7.2-nam.0 written to /workspace/builds/worker-1-tc2/source/Cargo.toml
[INFO] validating manifest of crates.io crate nam-ec-gpu-gen 0.7.2-nam.0 on toolchain c60b92c03ca8a3b101eb9d57f51e2232690638c7
[INFO] running `Command { std: CARGO_HOME="/workspace/cargo-home" RUSTUP_HOME="/workspace/rustup-home" "/workspace/cargo-home/bin/cargo" "+c60b92c03ca8a3b101eb9d57f51e2232690638c7" "metadata" "--manifest-path" "Cargo.toml" "--no-deps", kill_on_drop: false }`
[INFO] running `Command { std: CARGO_HOME="/workspace/cargo-home" RUSTUP_HOME="/workspace/rustup-home" "/workspace/cargo-home/bin/cargo" "+c60b92c03ca8a3b101eb9d57f51e2232690638c7" "generate-lockfile" "--manifest-path" "Cargo.toml", kill_on_drop: false }`
[INFO] [stderr]     Updating crates.io index
[INFO] [stderr]      Locking 104 packages to highest compatible versions
[INFO] [stderr]       Adding execute v0.2.15 (available: v0.3.0)
[INFO] [stderr]       Adding ff v0.13.1 (available: v0.14.0)
[INFO] [stderr]       Adding flume v0.11.1 (available: v0.12.0)
[INFO] [stderr]       Adding generic-array v0.14.7 (available: v0.14.9)
[INFO] [stderr]       Adding group v0.13.0 (available: v0.14.0)
[INFO] [stderr]       Adding pairing v0.23.0 (available: v0.24.0)
[INFO] [stderr]       Adding rand v0.8.8 (available: v0.10.3)
[INFO] [stderr]       Adding rand_core v0.6.4 (available: v0.10.1)
[INFO] [stderr]       Adding rand_xorshift v0.3.0 (available: v0.5.0)
[INFO] [stderr]       Adding sha2 v0.10.9 (available: v0.11.1)
[INFO] [stderr]       Adding thiserror v1.0.69 (available: v2.0.21)
[INFO] running `Command { std: CARGO_HOME="/workspace/cargo-home" RUSTUP_HOME="/workspace/rustup-home" "/workspace/cargo-home/bin/cargo" "+c60b92c03ca8a3b101eb9d57f51e2232690638c7" "fetch" "--manifest-path" "Cargo.toml", kill_on_drop: false }`
[INFO] [stderr] warning: `package.homepage` is redundant with `package.repository`
[INFO] [stderr]   --> Cargo.toml:84:12
[INFO] [stderr]    |
[INFO] [stderr] 84 | homepage = "https://github.com/filecoin-project/ff-cl-gen"
[INFO] [stderr]    |            ^^^^^^^^^^^^^^^^^^^^^^^^^^^^^^^^^^^^^^^^^^^^^^^
[INFO] [stderr] ...
[INFO] [stderr] 88 | repository = "https://github.com/filecoin-project/ff-cl-gen"
[INFO] [stderr]    |              -----------------------------------------------
[INFO] [stderr]    |
[INFO] [stderr]    = note: `cargo::redundant_homepage` is set to `warn` by default
[INFO] [stderr] help: consider removing `package.homepage`
[INFO] [stderr] warning: `nam-ec-gpu-gen` (manifest) generated 1 warning
[INFO] running `Command { std: "docker" "create" "-v" "/var/lib/crater-agent-workspace/builds/worker-1-tc2/source:/opt/rustwide/workdir:ro,Z" "-v" "/var/lib/crater-agent-workspace/builds/worker-1-tc2/target:/opt/rustwide/target:rw,Z" "-v" "/var/lib/crater-agent-workspace/cargo-home:/opt/rustwide/cargo-home:ro,Z" "-v" "/var/lib/crater-agent-workspace/rustup-home:/opt/rustwide/rustup-home:ro,Z" "-m" "1610612736" "--network" "none" "ghcr.io/rust-lang/crates-build-env/linux@sha256:77db811e55d90add9212f6832c23229e3de5f1c1f9905e8cb07319ea15df73ac" "sleep" "infinity", kill_on_drop: false }`
[INFO] [stdout] 70e3bf7b886dfb8957cc23d56625015387aefb9c6bbb1757b9cd3d2cf0324753
[INFO] running `Command { std: "docker" "start" "70e3bf7b886dfb8957cc23d56625015387aefb9c6bbb1757b9cd3d2cf0324753", kill_on_drop: false }`
[INFO] running `Command { std: "docker" "inspect" "70e3bf7b886dfb8957cc23d56625015387aefb9c6bbb1757b9cd3d2cf0324753", kill_on_drop: false }`
[INFO] running `Command { std: "docker" "exec" "-e" "SOURCE_DIR=/opt/rustwide/workdir" "-e" "CARGO_HOME=/opt/rustwide/cargo-home" "-e" "RUSTUP_HOME=/opt/rustwide/rustup-home" "-e" "CARGO_TARGET_DIR=/opt/rustwide/target" "-w" "/opt/rustwide/workdir" "--user" "0:0" "70e3bf7b886dfb8957cc23d56625015387aefb9c6bbb1757b9cd3d2cf0324753" "/opt/rustwide/cargo-home/bin/cargo" "+c60b92c03ca8a3b101eb9d57f51e2232690638c7" "metadata" "--no-deps" "--format-version=1", kill_on_drop: false }`
[INFO] running `Command { std: "docker" "inspect" "70e3bf7b886dfb8957cc23d56625015387aefb9c6bbb1757b9cd3d2cf0324753", kill_on_drop: false }`
[INFO] running `Command { std: "docker" "exec" "-e" "SOURCE_DIR=/opt/rustwide/workdir" "-e" "CARGO_HOME=/opt/rustwide/cargo-home" "-e" "RUSTUP_HOME=/opt/rustwide/rustup-home" "-e" "CARGO_TARGET_DIR=/opt/rustwide/target" "-e" "CARGO_INCREMENTAL=0" "-e" "RUST_BACKTRACE=full" "-e" "RUSTFLAGS=--cap-lints=forbid" "-e" "RUSTDOCFLAGS=--cap-lints=forbid" "-w" "/opt/rustwide/workdir" "--user" "0:0" "70e3bf7b886dfb8957cc23d56625015387aefb9c6bbb1757b9cd3d2cf0324753" "/opt/rustwide/cargo-home/bin/cargo" "+c60b92c03ca8a3b101eb9d57f51e2232690638c7" "check" "--frozen" "--all" "--all-targets" "--message-format=json", kill_on_drop: false }`
[INFO] [stderr] warning: `package.homepage` is redundant with `package.repository`
[INFO] [stderr]   --> Cargo.toml:84:12
[INFO] [stderr]    |
[INFO] [stderr] 84 | homepage = "https://github.com/filecoin-project/ff-cl-gen"
[INFO] [stderr]    |            ^^^^^^^^^^^^^^^^^^^^^^^^^^^^^^^^^^^^^^^^^^^^^^^
[INFO] [stderr] ...
[INFO] [stderr] 88 | repository = "https://github.com/filecoin-project/ff-cl-gen"
[INFO] [stderr]    |              -----------------------------------------------
[INFO] [stderr]    |
[INFO] [stderr]    = note: `cargo::redundant_homepage` is set to `warn` by default
[INFO] [stderr] help: consider removing `package.homepage`
[INFO] [stderr] warning: `nam-ec-gpu-gen` (manifest) generated 1 warning
[INFO] [stderr]     Checking getrandom v0.2.17
[INFO] [stderr]     Checking subtle v2.6.1
[INFO] [stderr]    Compiling execute-command-tokens v0.1.9
[INFO] [stderr]    Compiling blst v0.3.17
[INFO] [stderr]     Checking smallvec v1.16.3
[INFO] [stderr]    Compiling syn v2.0.119
[INFO] [stderr]     Checking generic-array v0.14.7
[INFO] [stderr]     Checking generic-array v1.4.5
[INFO] [stderr]     Checking spin v0.9.9
[INFO] [stderr]     Checking threadpool v1.8.1
[INFO] [stderr]     Checking futures-core v0.3.34
[INFO] [stderr]    Compiling nam-ec-gpu-gen v0.7.2-nam.0 (/opt/rustwide/workdir)
[INFO] [stderr]     Checking futures-sink v0.3.34
[INFO] [stderr]     Checking ec-gpu v0.2.0
[INFO] [stderr]     Checking byte-slice-cast v1.2.3
[INFO] [stderr]     Checking rand_core v0.6.4
[INFO] [stderr]     Checking nanorand v0.7.0
[INFO] [stderr]     Checking parking_lot_core v0.9.12
[INFO] [stderr]     Checking rand_chacha v0.3.1
[INFO] [stderr]     Checking rand_xorshift v0.3.0
[INFO] [stderr]     Checking ff v0.13.1
[INFO] [stderr]     Checking flume v0.11.1
[INFO] [stderr]     Checking parking_lot v0.12.5
[INFO] [stderr]     Checking temp-env v0.3.6
[INFO] [stderr]     Checking rand v0.8.8
[INFO] [stdout] error[E0493]: destructor of `ArrayBuilder<T, N>` cannot be evaluated at compile-time
[INFO] [stdout]    --> /opt/rustwide/cargo-home/registry/src/index.crates.io-1949cf8c6b5b557f/generic-array-1.4.5/src/internal.rs:103:31
[INFO] [stdout]     |
[INFO] [stdout] 103 |     pub unsafe fn assume_init(self) -> GenericArray<T, N> {
[INFO] [stdout]     |                               ^^^^ the destructor for this type cannot be evaluated in constant functions
[INFO] [stdout] ...
[INFO] [stdout] 109 |     }
[INFO] [stdout]     |     - value is dropped here
[INFO] [stdout] 
[INFO] [stdout] 
[INFO] [stdout] error[E0493]: destructor of `GenericArray<core::mem::MaybeUninit<*const T>, N>` cannot be evaluated at compile-time
[INFO] [stdout]    --> /opt/rustwide/cargo-home/registry/src/index.crates.io-1949cf8c6b5b557f/generic-array-1.4.5/src/lib.rs:983:13
[INFO] [stdout]     |
[INFO] [stdout] 983 |         let mut out: GenericArray<MaybeUninit<*const T>, N> = GenericArray::uninit();
[INFO] [stdout]     |             ^^^^^^^ the destructor for this type cannot be evaluated in constant functions
[INFO] [stdout] ...
[INFO] [stdout] 998 |     }
[INFO] [stdout]     |     - value is dropped here
[INFO] [stdout] 
[INFO] [stdout] 
[INFO] [stdout] error[E0493]: destructor of `GenericArray<core::mem::MaybeUninit<*mut T>, N>` cannot be evaluated at compile-time
[INFO] [stdout]     --> /opt/rustwide/cargo-home/registry/src/index.crates.io-1949cf8c6b5b557f/generic-array-1.4.5/src/lib.rs:1018:13
[INFO] [stdout]      |
[INFO] [stdout] 1018 |         let mut out: GenericArray<MaybeUninit<*mut T>, N> = GenericArray::uninit();
[INFO] [stdout]      |             ^^^^^^^ the destructor for this type cannot be evaluated in constant functions
[INFO] [stdout] ...
[INFO] [stdout] 1033 |     }
[INFO] [stdout]      |     - value is dropped here
[INFO] [stdout] 
[INFO] [stdout] 
[INFO] [stderr]     Checking crypto-common v0.1.7
[INFO] [stderr]     Checking block-buffer v0.10.4
[INFO] [stdout] For more information about this error, try `rustc --explain E0493`.
[INFO] [stdout] 
[INFO] [stderr] error: could not compile `generic-array` (lib) due to 3 previous errors
[INFO] [stderr] warning: build failed, waiting for other jobs to finish...
[INFO] running `Command { std: "docker" "inspect" "70e3bf7b886dfb8957cc23d56625015387aefb9c6bbb1757b9cd3d2cf0324753", kill_on_drop: false }`
[INFO] running `Command { std: "docker" "rm" "-f" "70e3bf7b886dfb8957cc23d56625015387aefb9c6bbb1757b9cd3d2cf0324753", kill_on_drop: false }`
[INFO] [stdout] 70e3bf7b886dfb8957cc23d56625015387aefb9c6bbb1757b9cd3d2cf0324753
