[INFO] fetching crate myd-tui 1.8.1...
[INFO] checking myd-tui-1.8.1 against c60b92c03ca8a3b101eb9d57f51e2232690638c7 for pr-164148-crater-rollup
[INFO] extracting crate myd-tui 1.8.1 into /workspace/builds/worker-7-tc2/source
[INFO] started tweaking crates.io crate myd-tui 1.8.1
[INFO] removed 0 missing tests
[INFO] finished tweaking crates.io crate myd-tui 1.8.1
[INFO] tweaked toml for crates.io crate myd-tui 1.8.1 written to /workspace/builds/worker-7-tc2/source/Cargo.toml
[INFO] validating manifest of crates.io crate myd-tui 1.8.1 on toolchain c60b92c03ca8a3b101eb9d57f51e2232690638c7
[INFO] running `Command { std: CARGO_HOME="/workspace/cargo-home" RUSTUP_HOME="/workspace/rustup-home" "/workspace/cargo-home/bin/cargo" "+c60b92c03ca8a3b101eb9d57f51e2232690638c7" "metadata" "--manifest-path" "Cargo.toml" "--no-deps", kill_on_drop: false }`
[INFO] crate crates.io crate myd-tui 1.8.1 already has a lockfile, it will not be regenerated
[INFO] running `Command { std: CARGO_HOME="/workspace/cargo-home" RUSTUP_HOME="/workspace/rustup-home" "/workspace/cargo-home/bin/cargo" "+c60b92c03ca8a3b101eb9d57f51e2232690638c7" "fetch" "--manifest-path" "Cargo.toml", kill_on_drop: false }`
[INFO] [stderr] warning: `package.homepage` is redundant with `package.repository`
[INFO] [stderr]    --> Cargo.toml:166:12
[INFO] [stderr]     |
[INFO] [stderr] 166 | homepage = "https://github.com/tachijuan/myd"
[INFO] [stderr]     |            ^^^^^^^^^^^^^^^^^^^^^^^^^^^^^^^^^^
[INFO] [stderr] ...
[INFO] [stderr] 171 | repository = "https://github.com/tachijuan/myd"
[INFO] [stderr]     |              ----------------------------------
[INFO] [stderr]     |
[INFO] [stderr]     = note: `cargo::redundant_homepage` is set to `warn` by default
[INFO] [stderr] help: consider removing `package.homepage`
[INFO] [stderr] warning: `myd-tui` (manifest) generated 1 warning
[INFO] running `Command { std: "docker" "create" "-v" "/var/lib/crater-agent-workspace/builds/worker-7-tc2/source:/opt/rustwide/workdir:ro,Z" "-v" "/var/lib/crater-agent-workspace/builds/worker-7-tc2/target:/opt/rustwide/target:rw,Z" "-v" "/var/lib/crater-agent-workspace/cargo-home:/opt/rustwide/cargo-home:ro,Z" "-v" "/var/lib/crater-agent-workspace/rustup-home:/opt/rustwide/rustup-home:ro,Z" "-m" "1610612736" "--network" "none" "ghcr.io/rust-lang/crates-build-env/linux@sha256:77db811e55d90add9212f6832c23229e3de5f1c1f9905e8cb07319ea15df73ac" "sleep" "infinity", kill_on_drop: false }`
[INFO] [stdout] 088ff7861b37a7c11f2f796d678f7f5eb379df9c3f68d986d492e2f2511dafc9
[INFO] running `Command { std: "docker" "start" "088ff7861b37a7c11f2f796d678f7f5eb379df9c3f68d986d492e2f2511dafc9", kill_on_drop: false }`
[INFO] running `Command { std: "docker" "inspect" "088ff7861b37a7c11f2f796d678f7f5eb379df9c3f68d986d492e2f2511dafc9", kill_on_drop: false }`
[INFO] running `Command { std: "docker" "exec" "-e" "SOURCE_DIR=/opt/rustwide/workdir" "-e" "CARGO_HOME=/opt/rustwide/cargo-home" "-e" "RUSTUP_HOME=/opt/rustwide/rustup-home" "-e" "CARGO_TARGET_DIR=/opt/rustwide/target" "-w" "/opt/rustwide/workdir" "--user" "0:0" "088ff7861b37a7c11f2f796d678f7f5eb379df9c3f68d986d492e2f2511dafc9" "/opt/rustwide/cargo-home/bin/cargo" "+c60b92c03ca8a3b101eb9d57f51e2232690638c7" "metadata" "--no-deps" "--format-version=1", kill_on_drop: false }`
[INFO] running `Command { std: "docker" "inspect" "088ff7861b37a7c11f2f796d678f7f5eb379df9c3f68d986d492e2f2511dafc9", kill_on_drop: false }`
[INFO] running `Command { std: "docker" "exec" "-e" "SOURCE_DIR=/opt/rustwide/workdir" "-e" "CARGO_HOME=/opt/rustwide/cargo-home" "-e" "RUSTUP_HOME=/opt/rustwide/rustup-home" "-e" "CARGO_TARGET_DIR=/opt/rustwide/target" "-e" "CARGO_INCREMENTAL=0" "-e" "RUST_BACKTRACE=full" "-e" "RUSTFLAGS=--cap-lints=forbid" "-e" "RUSTDOCFLAGS=--cap-lints=forbid" "-w" "/opt/rustwide/workdir" "--user" "0:0" "088ff7861b37a7c11f2f796d678f7f5eb379df9c3f68d986d492e2f2511dafc9" "/opt/rustwide/cargo-home/bin/cargo" "+c60b92c03ca8a3b101eb9d57f51e2232690638c7" "check" "--frozen" "--all" "--all-targets" "--message-format=json", kill_on_drop: false }`
[INFO] [stderr] warning: `package.homepage` is redundant with `package.repository`
[INFO] [stderr]    --> Cargo.toml:166:12
[INFO] [stderr]     |
[INFO] [stderr] 166 | homepage = "https://github.com/tachijuan/myd"
[INFO] [stderr]     |            ^^^^^^^^^^^^^^^^^^^^^^^^^^^^^^^^^^
[INFO] [stderr] ...
[INFO] [stderr] 171 | repository = "https://github.com/tachijuan/myd"
[INFO] [stderr]     |              ----------------------------------
[INFO] [stderr]     |
[INFO] [stderr]     = note: `cargo::redundant_homepage` is set to `warn` by default
[INFO] [stderr] help: consider removing `package.homepage`
[INFO] [stderr] warning: `myd-tui` (manifest) generated 1 warning
[INFO] [stderr]     Checking subtle v2.6.1
[INFO] [stderr]     Checking smallvec v1.15.2
[INFO] [stderr]     Checking pem-rfc7468 v1.0.0
[INFO] [stderr]     Checking scopeguard v1.2.0
[INFO] [stderr]     Checking getrandom v0.4.3
[INFO] [stderr]    Compiling jobserver v0.1.35
[INFO] [stderr]    Compiling syn v3.0.1
[INFO] [stderr]    Compiling zeroize_derive v1.5.0
[INFO] [stderr]    Compiling zerovec-derive v0.11.3
[INFO] [stderr]    Compiling displaydoc v0.2.6
[INFO] [stderr]     Checking mio v1.2.2
[INFO] [stderr]    Compiling zerofrom v0.1.8
[INFO] [stderr]     Checking lock_api v0.4.14
[INFO] [stderr]    Compiling tokio-macros v2.7.1
[INFO] [stderr]     Checking socket2 v0.6.5
[INFO] [stderr]     Checking aho-corasick v1.1.4
[INFO] [stderr]     Checking ctutils v0.4.2
[INFO] [stderr]     Checking ff v0.14.0
[INFO] [stderr]    Compiling yoke v0.8.3
[INFO] [stderr]    Compiling cc v1.3.0
[INFO] [stderr]     Checking group v0.14.0
[INFO] [stderr]     Checking simd-adler32 v0.3.10
[INFO] [stderr]     Checking parking_lot_core v0.9.12
[INFO] [stderr]    Compiling signal-hook v0.3.18
[INFO] [stderr]     Checking thin-vec v0.2.18
[INFO] [stderr]    Compiling curve25519-dalek v5.0.0
[INFO] [stderr]    Compiling rustix v0.38.44
[INFO] [stderr]     Checking num-conv v0.2.2
[INFO] [stderr]     Checking time-core v0.1.9
[INFO] [stderr]     Checking zlib-rs v0.6.6
[INFO] [stderr]     Checking miniz_oxide v0.8.9
[INFO] [stderr]     Checking deranged v0.5.8
[INFO] [stderr]    Compiling darling_core v0.23.0
[INFO] [stderr]    Compiling generic-array v0.14.9
[INFO] [stderr]     Checking parking_lot v0.12.5
[INFO] [stderr]     Checking zeroize v1.9.0
[INFO] [stderr]    Compiling nix v0.31.3
[INFO] [stderr]     Checking futures-channel v0.3.33
[INFO] [stderr]     Checking arc-swap v1.9.2
[INFO] [stderr]     Checking hybrid-array v0.4.13
[INFO] [stderr]     Checking der v0.8.1
[INFO] [stderr]    Compiling zerotrie v0.2.4
[INFO] [stderr]     Checking tokio v1.53.0
[INFO] [stderr]    Compiling curve25519-dalek-derive v0.1.1
[INFO] [stderr]    Compiling futures-macro v0.3.33
[INFO] [stderr]     Checking keccak v0.2.0
[INFO] [stderr]    Compiling log v0.4.33
[INFO] [stderr]     Checking regex-automata v0.4.16
[INFO] [stderr]     Checking awaitable-error v0.1.0
[INFO] [stderr]     Checking linux-raw-sys v0.4.15
[INFO] [stderr]     Checking signal-hook-mio v0.2.5
[INFO] [stderr]     Checking serde_json v1.0.151
[INFO] [stderr]    Compiling anyhow v1.0.104
[INFO] [stderr]     Checking num-integer v0.1.46
[INFO] [stderr]    Compiling zerovec v0.11.6
[INFO] [stderr]    Compiling cmake v0.1.58
[INFO] [stderr]     Checking flate2 v1.1.9
[INFO] [stderr]     Checking futures-util v0.3.33
[INFO] [stderr]     Checking spki v0.8.0
[INFO] [stderr]    Compiling pin-project-internal v1.1.13
[INFO] [stderr]    Compiling tracing-attributes v0.1.31
[INFO] [stderr]     Checking pkcs1 v0.8.0-rc.4
[INFO] [stderr]     Checking libbz2-rs-sys v0.2.5
[INFO] [stderr]    Compiling tinystr v0.8.3
[INFO] [stderr]    Compiling potential_utf v0.1.5
[INFO] [stderr]    Compiling icu_locale_core v2.2.0
[INFO] [stderr]    Compiling icu_collections v2.2.0
[INFO] [stderr]     Checking time v0.3.54
[INFO] [stderr]    Compiling instability v0.3.12
[INFO] [stderr]    Compiling libz-sys v1.1.29
[INFO] [stderr]    Compiling openssl-sys v0.9.117
[INFO] [stderr]    Compiling libssh2-sys v0.3.2
[INFO] [stderr]    Compiling zstd-sys v2.0.16+zstd.1.5.7
[INFO] [stderr]    Compiling libgit2-sys v0.18.7+1.9.6
[INFO] [stderr]    Compiling aws-lc-sys v0.43.0
[INFO] [stderr]     Checking crypto-common v0.2.2
[INFO] [stderr]     Checking block-buffer v0.12.1
[INFO] [stderr]     Checking block-padding v0.4.2
[INFO] [stderr]     Checking crypto-bigint v0.7.5
[INFO] [stderr]     Checking inout v0.2.2
[INFO] [stderr]    Compiling icu_provider v2.2.0
[INFO] [stderr]     Checking sec1 v0.8.1
[INFO] [stderr]     Checking wnaf v0.14.0
[INFO] [stderr]    Compiling icu_properties v2.2.0
[INFO] [stderr]    Compiling icu_normalizer v2.2.0
[INFO] [stderr]    Compiling liblzma-sys v0.4.7
[INFO] [stderr]    Compiling aws-lc-rs v1.17.3
[INFO] [stderr]     Checking dirs-sys v0.5.0
[INFO] [stderr]     Checking digest v0.11.3
[INFO] [stderr]     Checking cipher v0.5.2
[INFO] [stderr]     Checking hmac v0.13.0
[INFO] [stderr]     Checking universal-hash v0.6.1
[INFO] [stderr]     Checking sha2 v0.11.0
[INFO] [stderr]     Checking polyval v0.7.3
[INFO] [stderr]     Checking ghash v0.6.0
[INFO] [stderr]     Checking pbkdf2 v0.13.0
[INFO] [stderr]     Checking aead v0.6.1
[INFO] [stderr]     Checking signature v3.0.0
[INFO] [stderr]     Checking hkdf v0.13.0
[INFO] [stderr]     Checking aes v0.9.1
[INFO] [stderr]     Checking ctr v0.10.1
[INFO] [stderr]     Checking cbc v0.2.1
[INFO] [stderr]     Checking salsa20 v0.11.0
[INFO] [stderr]     Checking chacha20 v0.10.2
[INFO] [stderr]    Compiling darling_macro v0.23.0
[INFO] [stderr]     Checking blowfish v0.10.0
[INFO] [stderr]    Compiling serde_derive v1.0.229
[INFO] [stderr]    Compiling thiserror-impl v2.0.19
[INFO] [stderr]    Compiling num-derive v0.5.1
[INFO] [stderr]     Checking poly1305 v0.9.1
[INFO] [stderr]     Checking aes-gcm v0.11.0
[INFO] [stderr]     Checking sha1 v0.11.0
[INFO] [stderr]     Checking blake2 v0.11.0-rc.6
[INFO] [stderr]    Compiling idna_adapter v1.2.2
[INFO] [stderr]    Compiling idna v1.1.0
[INFO] [stderr]     Checking scrypt v0.12.0
[INFO] [stderr]     Checking bcrypt-pbkdf v0.11.0
[INFO] [stderr]     Checking argon2 v0.6.0-rc.8
[INFO] [stderr]     Checking pkcs5 v0.8.1
[INFO] [stderr]    Compiling darling v0.23.0
[INFO] [stderr]     Checking rand v0.10.2
[INFO] [stderr]     Checking matchers v0.2.0
[INFO] [stderr]    Compiling url v2.5.8
[INFO] [stderr]     Checking sha3 v0.11.0
[INFO] [stderr]     Checking kem v0.3.0
[INFO] [stderr]     Checking pkcs8 v0.11.0
[INFO] [stderr]     Checking tracing v0.1.44
[INFO] [stderr]     Checking module-lattice v0.2.3
[INFO] [stderr]     Checking pin-project v1.1.13
[INFO] [stderr]     Checking crossterm v0.28.1
[INFO] [stderr]     Checking thiserror v2.0.19
[INFO] [stderr]     Checking bzip2 v0.6.1
[INFO] [stderr]     Checking ed25519 v3.0.0
[INFO] [stderr]     Checking awaitable v0.4.0
[INFO] [stderr]    Compiling strum_macros v0.26.4
[INFO] [stderr]     Checking castaway v0.2.4
[INFO] [stderr]    Compiling derive_destructure2 v0.1.3
[INFO] [stderr]     Checking quick-xml v0.41.0
[INFO] [stderr]     Checking untrusted v0.7.1
[INFO] [stderr]     Checking winnow v0.7.15
[INFO] [stderr]     Checking hex v0.4.3
[INFO] [stderr]     Checking ed25519-dalek v3.0.0
[INFO] [stderr]     Checking sha3 v0.12.0
[INFO] [stderr]     Checking internal-russh-num-bigint v0.5.0
[INFO] [stderr]     Checking futures-executor v0.3.33
[INFO] [stderr]     Checking unicode-truncate v1.1.0
[INFO] [stderr]     Checking futures v0.3.33
[INFO] [stderr]     Checking compact_str v0.8.2
[INFO] [stderr]     Checking clap_builder v4.6.2
[INFO] [stderr]     Checking yaml-rust v0.4.5
[INFO] [stderr]     Checking zopfli v0.8.3
[INFO] [stderr]    Compiling enum_dispatch v0.3.13
[INFO] [stderr]     Checking generic-array v1.4.4
[INFO] [stderr]     Checking ml-kem v0.3.2
[INFO] [stderr]     Checking fancy-regex v0.16.2
[INFO] [stderr]     Checking liblzma v0.4.7
[INFO] [stderr]     Checking lru v0.12.5
[INFO] [stderr]     Checking dirs v6.0.0
[INFO] [stderr]     Checking num-bigint v0.4.8
[INFO] [stderr]     Checking crossbeam-channel v0.5.16
[INFO] [stderr]     Checking elliptic-curve v0.14.1
[INFO] [stderr]     Checking rfc6979 v0.6.0
[INFO] [stderr]     Checking primefield v0.14.0
[INFO] [stderr]     Checking ssh-encoding v0.3.0
[INFO] [stderr]     Checking ecdsa v0.17.0
[INFO] [stderr]     Checking crypto-primes v0.7.2
[INFO] [stderr]     Checking ssh-cipher v0.3.0
[INFO] [stderr]     Checking russh-cryptovec v0.62.0
[INFO] [stderr]     Checking primeorder v0.14.0
[INFO] [stderr]     Checking xattr v1.6.1
[INFO] [stderr]    Compiling clap_derive v4.6.1
[INFO] [stderr]    Compiling delegate v0.13.5
[INFO] [stdout] error[E0493]: destructor of `ArrayBuilder<T, N>` cannot be evaluated at compile-time
[INFO] [stdout]    --> /opt/rustwide/cargo-home/registry/src/index.crates.io-1949cf8c6b5b557f/generic-array-1.4.4/src/internal.rs:103:31
[INFO] [stdout]     |
[INFO] [stdout] 103 |     pub unsafe fn assume_init(self) -> GenericArray<T, N> {
[INFO] [stdout]     |                               ^^^^ the destructor for this type cannot be evaluated in constant functions
[INFO] [stdout] ...
[INFO] [stdout] 109 |     }
[INFO] [stdout]     |     - value is dropped here
[INFO] [stdout] 
[INFO] [stdout] 
[INFO] [stderr]     Checking filetime v0.2.29
[INFO] [stdout] error[E0493]: destructor of `GenericArray<core::mem::MaybeUninit<*const T>, N>` cannot be evaluated at compile-time
[INFO] [stdout]    --> /opt/rustwide/cargo-home/registry/src/index.crates.io-1949cf8c6b5b557f/generic-array-1.4.4/src/lib.rs:981:13
[INFO] [stdout]     |
[INFO] [stdout] 981 |         let mut out: GenericArray<MaybeUninit<*const T>, N> = GenericArray::uninit();
[INFO] [stdout]     |             ^^^^^^^ the destructor for this type cannot be evaluated in constant functions
[INFO] [stdout] ...
[INFO] [stdout] 996 |     }
[INFO] [stdout]     |     - value is dropped here
[INFO] [stdout] 
[INFO] [stdout] 
[INFO] [stdout] error[E0493]: destructor of `GenericArray<core::mem::MaybeUninit<*mut T>, N>` cannot be evaluated at compile-time
[INFO] [stdout]     --> /opt/rustwide/cargo-home/registry/src/index.crates.io-1949cf8c6b5b557f/generic-array-1.4.4/src/lib.rs:1016:13
[INFO] [stdout]      |
[INFO] [stdout] 1016 |         let mut out: GenericArray<MaybeUninit<*mut T>, N> = GenericArray::uninit();
[INFO] [stdout]      |             ^^^^^^^ the destructor for this type cannot be evaluated in constant functions
[INFO] [stdout] ...
[INFO] [stdout] 1031 |     }
[INFO] [stdout]      |     - value is dropped here
[INFO] [stdout] 
[INFO] [stdout] 
[INFO] [stdout] For more information about this error, try `rustc --explain E0493`.
[INFO] [stdout] 
[INFO] [stderr] error: could not compile `generic-array` (lib) due to 3 previous errors
[INFO] [stderr] warning: build failed, waiting for other jobs to finish...
[INFO] running `Command { std: "docker" "inspect" "088ff7861b37a7c11f2f796d678f7f5eb379df9c3f68d986d492e2f2511dafc9", kill_on_drop: false }`
[INFO] running `Command { std: "docker" "rm" "-f" "088ff7861b37a7c11f2f796d678f7f5eb379df9c3f68d986d492e2f2511dafc9", kill_on_drop: false }`
[INFO] [stdout] 088ff7861b37a7c11f2f796d678f7f5eb379df9c3f68d986d492e2f2511dafc9
