[INFO] fetching crate multiversx-sc-meta 0.66.2...
[INFO] checking multiversx-sc-meta-0.66.2 against c60b92c03ca8a3b101eb9d57f51e2232690638c7 for pr-164148-crater-rollup
[INFO] extracting crate multiversx-sc-meta 0.66.2 into /workspace/builds/worker-7-tc2/source
[INFO] started tweaking crates.io crate multiversx-sc-meta 0.66.2
[INFO] removed 0 missing tests
[INFO] finished tweaking crates.io crate multiversx-sc-meta 0.66.2
[INFO] tweaked toml for crates.io crate multiversx-sc-meta 0.66.2 written to /workspace/builds/worker-7-tc2/source/Cargo.toml
[INFO] validating manifest of crates.io crate multiversx-sc-meta 0.66.2 on toolchain c60b92c03ca8a3b101eb9d57f51e2232690638c7
[INFO] running `Command { std: CARGO_HOME="/workspace/cargo-home" RUSTUP_HOME="/workspace/rustup-home" "/workspace/cargo-home/bin/cargo" "+c60b92c03ca8a3b101eb9d57f51e2232690638c7" "metadata" "--manifest-path" "Cargo.toml" "--no-deps", kill_on_drop: false }`
[INFO] crate crates.io crate multiversx-sc-meta 0.66.2 already has a lockfile, it will not be regenerated
[INFO] running `Command { std: CARGO_HOME="/workspace/cargo-home" RUSTUP_HOME="/workspace/rustup-home" "/workspace/cargo-home/bin/cargo" "+c60b92c03ca8a3b101eb9d57f51e2232690638c7" "fetch" "--manifest-path" "Cargo.toml", kill_on_drop: false }`
[INFO] running `Command { std: "docker" "create" "-v" "/var/lib/crater-agent-workspace/builds/worker-7-tc2/source:/opt/rustwide/workdir:ro,Z" "-v" "/var/lib/crater-agent-workspace/builds/worker-7-tc2/target:/opt/rustwide/target:rw,Z" "-v" "/var/lib/crater-agent-workspace/cargo-home:/opt/rustwide/cargo-home:ro,Z" "-v" "/var/lib/crater-agent-workspace/rustup-home:/opt/rustwide/rustup-home:ro,Z" "-m" "1610612736" "--network" "none" "ghcr.io/rust-lang/crates-build-env/linux@sha256:77db811e55d90add9212f6832c23229e3de5f1c1f9905e8cb07319ea15df73ac" "sleep" "infinity", kill_on_drop: false }`
[INFO] [stdout] e66a8c02121767781603edd0ac10a02b423d90f2886614a00ce540f972a77203
[INFO] running `Command { std: "docker" "start" "e66a8c02121767781603edd0ac10a02b423d90f2886614a00ce540f972a77203", kill_on_drop: false }`
[INFO] running `Command { std: "docker" "inspect" "e66a8c02121767781603edd0ac10a02b423d90f2886614a00ce540f972a77203", kill_on_drop: false }`
[INFO] running `Command { std: "docker" "exec" "-e" "SOURCE_DIR=/opt/rustwide/workdir" "-e" "CARGO_HOME=/opt/rustwide/cargo-home" "-e" "RUSTUP_HOME=/opt/rustwide/rustup-home" "-e" "CARGO_TARGET_DIR=/opt/rustwide/target" "-w" "/opt/rustwide/workdir" "--user" "0:0" "e66a8c02121767781603edd0ac10a02b423d90f2886614a00ce540f972a77203" "/opt/rustwide/cargo-home/bin/cargo" "+c60b92c03ca8a3b101eb9d57f51e2232690638c7" "metadata" "--no-deps" "--format-version=1", kill_on_drop: false }`
[INFO] running `Command { std: "docker" "inspect" "e66a8c02121767781603edd0ac10a02b423d90f2886614a00ce540f972a77203", kill_on_drop: false }`
[INFO] running `Command { std: "docker" "exec" "-e" "SOURCE_DIR=/opt/rustwide/workdir" "-e" "CARGO_HOME=/opt/rustwide/cargo-home" "-e" "RUSTUP_HOME=/opt/rustwide/rustup-home" "-e" "CARGO_TARGET_DIR=/opt/rustwide/target" "-e" "CARGO_INCREMENTAL=0" "-e" "RUST_BACKTRACE=full" "-e" "RUSTFLAGS=--cap-lints=forbid" "-e" "RUSTDOCFLAGS=--cap-lints=forbid" "-w" "/opt/rustwide/workdir" "--user" "0:0" "e66a8c02121767781603edd0ac10a02b423d90f2886614a00ce540f972a77203" "/opt/rustwide/cargo-home/bin/cargo" "+c60b92c03ca8a3b101eb9d57f51e2232690638c7" "check" "--frozen" "--all" "--all-targets" "--message-format=json", kill_on_drop: false }`
[INFO] [stderr]    Compiling syn v2.0.117
[INFO] [stderr]     Checking memchr v2.8.1
[INFO] [stderr]     Checking futures-core v0.3.32
[INFO] [stderr]     Checking hybrid-array v0.4.12
[INFO] [stderr]    Compiling libc v0.2.186
[INFO] [stderr]     Checking log v0.4.30
[INFO] [stderr]     Checking bytes v1.11.1
[INFO] [stderr]     Checking futures-sink v0.3.32
[INFO] [stderr]     Checking parking_lot_core v0.9.12
[INFO] [stderr]     Checking hashbrown v0.17.1
[INFO] [stderr]     Checking generic-array v0.14.7
[INFO] [stderr]     Checking lock_api v0.4.14
[INFO] [stderr]    Compiling num-traits v0.2.19
[INFO] [stderr]    Compiling dunce v1.0.5
[INFO] [stderr]    Compiling fs_extra v1.3.0
[INFO] [stderr]     Checking errno v0.3.14
[INFO] [stderr]     Checking bitflags v2.11.1
[INFO] [stderr]     Checking slab v0.4.12
[INFO] [stderr]     Checking signal-hook-registry v1.4.8
[INFO] [stderr]     Checking futures-channel v0.3.32
[INFO] [stderr]     Checking mio v1.2.1
[INFO] [stderr]     Checking socket2 v0.6.4
[INFO] [stderr]     Checking arrayvec v0.7.6
[INFO] [stderr]    Compiling hex v0.4.3
[INFO] [stderr]    Compiling aws-lc-rs v1.17.0
[INFO] [stderr]     Checking parking_lot v0.12.5
[INFO] [stderr]     Checking litemap v0.8.2
[INFO] [stderr]     Checking writeable v0.6.3
[INFO] [stderr]     Checking futures-task v0.3.32
[INFO] [stderr]     Checking futures-io v0.3.32
[INFO] [stderr]     Checking keccak v0.2.0
[INFO] [stderr]    Compiling anyhow v1.0.102
[INFO] [stderr]    Compiling icu_properties_data v2.1.2
[INFO] [stderr]     Checking rustls-pki-types v1.14.1
[INFO] [stderr]    Compiling serde_json v1.0.150
[INFO] [stderr]     Checking regex-syntax v0.8.10
[INFO] [stderr]    Compiling zerocopy v0.8.50
[INFO] [stderr]    Compiling getrandom v0.4.2
[INFO] [stderr]     Checking bech32 v0.11.1
[INFO] [stderr]     Checking unwrap-infallible v1.0.0
[INFO] [stderr]     Checking block-buffer v0.10.4
[INFO] [stderr]     Checking crypto-common v0.1.7
[INFO] [stderr]    Compiling rustls v0.23.40
[INFO] [stderr]     Checking http v1.4.1
[INFO] [stderr]     Checking crypto-common v0.2.2
[INFO] [stderr]     Checking block-buffer v0.12.0
[INFO] [stderr]     Checking aho-corasick v1.1.4
[INFO] [stderr]     Checking digest v0.10.7
[INFO] [stderr]     Checking inout v0.2.2
[INFO] [stderr]     Checking tracing v0.1.44
[INFO] [stderr]     Checking blake2 v0.10.6
[INFO] [stderr]     Checking getrandom v0.2.17
[INFO] [stderr]     Checking bumpalo v3.20.3
[INFO] [stderr]     Checking digest v0.11.3
[INFO] [stderr]     Checking cipher v0.5.2
[INFO] [stderr]    Compiling smallvec v1.15.1
[INFO] [stderr]     Checking rand_core v0.6.4
[INFO] [stderr]    Compiling curve25519-dalek v4.1.3
[INFO] [stderr]     Checking sha2 v0.11.0
[INFO] [stderr]     Checking sha3 v0.12.0
[INFO] [stderr]     Checking chacha20 v0.10.0
[INFO] [stderr]     Checking indexmap v2.14.0
[INFO] [stderr]    Compiling crossbeam-utils v0.8.21
[INFO] [stderr]     Checking leb128fmt v0.1.0
[INFO] [stderr]     Checking semver v1.0.28
[INFO] [stderr]    Compiling endian-type v0.2.0
[INFO] [stderr]     Checking itertools v0.14.0
[INFO] [stderr]     Checking wasm-encoder v0.251.0
[INFO] [stderr]     Checking num-integer v0.1.46
[INFO] [stderr]     Checking clap_builder v4.6.0
[INFO] [stderr]    Compiling nibble_vec v0.1.0
[INFO] [stderr]     Checking toml_parser v1.1.2+spec-1.1.0
[INFO] [stderr]     Checking rand v0.10.1
[INFO] [stderr]     Checking hmac v0.13.0
[INFO] [stderr]    Compiling radix_trie v0.3.0
[INFO] [stderr]    Compiling jobserver v0.1.34
[INFO] [stderr]     Checking form_urlencoded v1.2.2
[INFO] [stderr]     Checking hex-conservative v0.2.2
[INFO] [stderr]     Checking sync_wrapper v1.0.2
[INFO] [stderr]     Checking num-bigint v0.4.6
[INFO] [stderr]     Checking serde_spanned v1.1.1
[INFO] [stderr]    Compiling cc v1.2.63
[INFO] [stderr]     Checking http-body v1.0.1
[INFO] [stderr]     Checking toml_datetime v1.1.1+spec-1.1.0
[INFO] [stderr]     Checking toml_writer v1.1.1+spec-1.1.0
[INFO] [stderr]     Checking signature v2.2.0
[INFO] [stderr]     Checking openssl-probe v0.2.1
[INFO] [stderr]     Checking ipnet v2.12.0
[INFO] [stderr]     Checking ed25519 v2.2.3
[INFO] [stderr]     Checking rustls-native-certs v0.8.3
[INFO] [stderr]     Checking bitcoin_hashes v0.14.100
[INFO] [stderr]     Checking pbkdf2 v0.13.0
[INFO] [stderr]     Checking generic-array v1.4.3
[INFO] [stderr]     Checking unicode-normalization v0.1.25
[INFO] [stderr]     Checking toml v1.1.2+spec-1.1.0
[INFO] [stderr]     Checking salsa20 v0.11.0
[INFO] [stderr]     Checking sha2 v0.10.9
[INFO] [stderr]     Checking rtoolbox v0.0.5
[INFO] [stderr]     Checking unicode-segmentation v1.13.2
[INFO] [stderr]     Checking termcolor v1.4.1
[INFO] [stderr]    Compiling crc32fast v1.5.0
[INFO] [stderr]     Checking colored v3.1.1
[INFO] [stderr]     Checking aes v0.9.1
[INFO] [stderr]     Checking regex-automata v0.4.14
[INFO] [stdout] error[E0493]: destructor of `ArrayBuilder<T, N>` cannot be evaluated at compile-time
[INFO] [stdout]    --> /opt/rustwide/cargo-home/registry/src/index.crates.io-1949cf8c6b5b557f/generic-array-1.4.3/src/internal.rs:103:31
[INFO] [stdout]     |
[INFO] [stdout] 103 |     pub unsafe fn assume_init(self) -> GenericArray<T, N> {
[INFO] [stdout]     |                               ^^^^ the destructor for this type cannot be evaluated in constant functions
[INFO] [stdout] ...
[INFO] [stdout] 109 |     }
[INFO] [stdout]     |     - value is dropped here
[INFO] [stdout] 
[INFO] [stdout] 
[INFO] [stderr]     Checking crossbeam-epoch v0.9.18
[INFO] [stdout] error[E0493]: destructor of `GenericArray<core::mem::MaybeUninit<*const T>, N>` cannot be evaluated at compile-time
[INFO] [stdout]    --> /opt/rustwide/cargo-home/registry/src/index.crates.io-1949cf8c6b5b557f/generic-array-1.4.3/src/lib.rs:970:13
[INFO] [stdout]     |
[INFO] [stdout] 970 |         let mut out: GenericArray<MaybeUninit<*const T>, N> = GenericArray::uninit();
[INFO] [stdout]     |             ^^^^^^^ the destructor for this type cannot be evaluated in constant functions
[INFO] [stdout] ...
[INFO] [stdout] 985 |     }
[INFO] [stdout]     |     - value is dropped here
[INFO] [stdout] 
[INFO] [stdout] 
[INFO] [stdout] error[E0493]: destructor of `GenericArray<core::mem::MaybeUninit<*mut T>, N>` cannot be evaluated at compile-time
[INFO] [stdout]     --> /opt/rustwide/cargo-home/registry/src/index.crates.io-1949cf8c6b5b557f/generic-array-1.4.3/src/lib.rs:1005:13
[INFO] [stdout]      |
[INFO] [stdout] 1005 |         let mut out: GenericArray<MaybeUninit<*mut T>, N> = GenericArray::uninit();
[INFO] [stdout]      |             ^^^^^^^ the destructor for this type cannot be evaluated in constant functions
[INFO] [stdout] ...
[INFO] [stdout] 1020 |     }
[INFO] [stdout]      |     - value is dropped here
[INFO] [stdout] 
[INFO] [stdout] 
[INFO] [stdout] For more information about this error, try `rustc --explain E0493`.
[INFO] [stdout] 
[INFO] [stderr] error: could not compile `generic-array` (lib) due to 3 previous errors
[INFO] [stderr] warning: build failed, waiting for other jobs to finish...
[INFO] running `Command { std: "docker" "inspect" "e66a8c02121767781603edd0ac10a02b423d90f2886614a00ce540f972a77203", kill_on_drop: false }`
[INFO] running `Command { std: "docker" "rm" "-f" "e66a8c02121767781603edd0ac10a02b423d90f2886614a00ce540f972a77203", kill_on_drop: false }`
[INFO] [stdout] e66a8c02121767781603edd0ac10a02b423d90f2886614a00ce540f972a77203
