[INFO] fetching crate midnight-onchain-vm 3.1.2...
[INFO] checking midnight-onchain-vm-3.1.2 against c60b92c03ca8a3b101eb9d57f51e2232690638c7 for pr-164148-crater-rollup
[INFO] extracting crate midnight-onchain-vm 3.1.2 into /workspace/builds/worker-3-tc2/source
[INFO] started tweaking crates.io crate midnight-onchain-vm 3.1.2
[INFO] finished tweaking crates.io crate midnight-onchain-vm 3.1.2
[INFO] tweaked toml for crates.io crate midnight-onchain-vm 3.1.2 written to /workspace/builds/worker-3-tc2/source/Cargo.toml
[INFO] validating manifest of crates.io crate midnight-onchain-vm 3.1.2 on toolchain c60b92c03ca8a3b101eb9d57f51e2232690638c7
[INFO] running `Command { std: CARGO_HOME="/workspace/cargo-home" RUSTUP_HOME="/workspace/rustup-home" "/workspace/cargo-home/bin/cargo" "+c60b92c03ca8a3b101eb9d57f51e2232690638c7" "metadata" "--manifest-path" "Cargo.toml" "--no-deps", kill_on_drop: false }`
[INFO] crate crates.io crate midnight-onchain-vm 3.1.2 already has a lockfile, it will not be regenerated
[INFO] running `Command { std: CARGO_HOME="/workspace/cargo-home" RUSTUP_HOME="/workspace/rustup-home" "/workspace/cargo-home/bin/cargo" "+c60b92c03ca8a3b101eb9d57f51e2232690638c7" "fetch" "--manifest-path" "Cargo.toml", kill_on_drop: false }`
[INFO] running `Command { std: "docker" "create" "-v" "/var/lib/crater-agent-workspace/builds/worker-3-tc2/source:/opt/rustwide/workdir:ro,Z" "-v" "/var/lib/crater-agent-workspace/builds/worker-3-tc2/target:/opt/rustwide/target:rw,Z" "-v" "/var/lib/crater-agent-workspace/cargo-home:/opt/rustwide/cargo-home:ro,Z" "-v" "/var/lib/crater-agent-workspace/rustup-home:/opt/rustwide/rustup-home:ro,Z" "-m" "1610612736" "--network" "none" "ghcr.io/rust-lang/crates-build-env/linux@sha256:77db811e55d90add9212f6832c23229e3de5f1c1f9905e8cb07319ea15df73ac" "sleep" "infinity", kill_on_drop: false }`
[INFO] [stdout] acaababa66ff2108de08f6adc14cca15d7a7019bcfce623e233500638e79b920
[INFO] running `Command { std: "docker" "start" "acaababa66ff2108de08f6adc14cca15d7a7019bcfce623e233500638e79b920", kill_on_drop: false }`
[INFO] running `Command { std: "docker" "inspect" "acaababa66ff2108de08f6adc14cca15d7a7019bcfce623e233500638e79b920", kill_on_drop: false }`
[INFO] running `Command { std: "docker" "exec" "-e" "SOURCE_DIR=/opt/rustwide/workdir" "-e" "CARGO_HOME=/opt/rustwide/cargo-home" "-e" "RUSTUP_HOME=/opt/rustwide/rustup-home" "-e" "CARGO_TARGET_DIR=/opt/rustwide/target" "-w" "/opt/rustwide/workdir" "--user" "0:0" "acaababa66ff2108de08f6adc14cca15d7a7019bcfce623e233500638e79b920" "/opt/rustwide/cargo-home/bin/cargo" "+c60b92c03ca8a3b101eb9d57f51e2232690638c7" "metadata" "--no-deps" "--format-version=1", kill_on_drop: false }`
[INFO] running `Command { std: "docker" "inspect" "acaababa66ff2108de08f6adc14cca15d7a7019bcfce623e233500638e79b920", kill_on_drop: false }`
[INFO] running `Command { std: "docker" "exec" "-e" "SOURCE_DIR=/opt/rustwide/workdir" "-e" "CARGO_HOME=/opt/rustwide/cargo-home" "-e" "RUSTUP_HOME=/opt/rustwide/rustup-home" "-e" "CARGO_TARGET_DIR=/opt/rustwide/target" "-e" "CARGO_INCREMENTAL=0" "-e" "RUST_BACKTRACE=full" "-e" "RUSTFLAGS=--cap-lints=forbid" "-e" "RUSTDOCFLAGS=--cap-lints=forbid" "-w" "/opt/rustwide/workdir" "--user" "0:0" "acaababa66ff2108de08f6adc14cca15d7a7019bcfce623e233500638e79b920" "/opt/rustwide/cargo-home/bin/cargo" "+c60b92c03ca8a3b101eb9d57f51e2232690638c7" "check" "--frozen" "--all" "--all-targets" "--message-format=json", kill_on_drop: false }`
[INFO] [stderr]    Compiling libc v0.2.186
[INFO] [stderr]     Checking subtle v2.6.1
[INFO] [stderr]     Checking typenum v1.20.0
[INFO] [stderr]    Compiling zerocopy v0.8.48
[INFO] [stderr]     Checking const-oid v0.9.6
[INFO] [stderr]    Compiling serde_core v1.0.228
[INFO] [stderr]    Compiling serde v1.0.228
[INFO] [stderr]    Compiling generic-array v0.14.9
[INFO] [stderr]    Compiling radium v0.7.0
[INFO] [stderr]     Checking tap v1.0.1
[INFO] [stderr]     Checking futures-core v0.3.32
[INFO] [stderr]     Checking funty v2.0.0
[INFO] [stderr]    Compiling pkg-config v0.3.33
[INFO] [stderr]    Compiling syn v2.0.117
[INFO] [stderr]     Checking bytes v1.11.1
[INFO] [stderr]     Checking futures-sink v0.3.32
[INFO] [stderr]     Checking wyz v0.5.1
[INFO] [stderr]     Checking smallvec v1.15.1
[INFO] [stderr]    Compiling syn v1.0.109
[INFO] [stderr]     Checking futures-channel v0.3.32
[INFO] [stderr]     Checking litemap v0.8.2
[INFO] [stderr]     Checking writeable v0.6.3
[INFO] [stderr]    Compiling aws-lc-rs v1.18.1
[INFO] [stderr]    Compiling num-traits v0.2.19
[INFO] [stderr]    Compiling icu_normalizer_data v2.2.0
[INFO] [stderr]    Compiling icu_properties_data v2.2.0
[INFO] [stderr]     Checking futures-task v0.3.32
[INFO] [stderr]    Compiling crossbeam-epoch v0.9.21
[INFO] [stderr]     Checking futures-io v0.3.32
[INFO] [stderr]     Checking either v1.15.0
[INFO] [stderr]    Compiling rustls v0.23.45
[INFO] [stderr]     Checking bitflags v2.11.1
[INFO] [stderr]    Compiling httparse v1.10.1
[INFO] [stderr]     Checking bitvec v1.0.1
[INFO] [stderr]     Checking untrusted v0.9.0
[INFO] [stderr]     Checking base16ct v0.2.0
[INFO] [stderr]     Checking tower-service v0.3.3
[INFO] [stderr]     Checking try-lock v0.2.5
[INFO] [stderr]     Checking num-integer v0.1.46
[INFO] [stderr]    Compiling cfg_aliases v0.2.1
[INFO] [stderr]    Compiling nix v0.30.1
[INFO] [stderr]     Checking form_urlencoded v1.2.2
[INFO] [stderr]     Checking want v0.3.1
[INFO] [stderr]     Checking crossbeam-deque v0.8.6
[INFO] [stderr]     Checking http v1.4.0
[INFO] [stderr]     Checking sync_wrapper v1.0.2
[INFO] [stderr]     Checking typewit v1.15.2
[INFO] [stderr]     Checking ipnet v2.12.0
[INFO] [stderr]     Checking rayon-core v1.13.0
[INFO] [stderr]     Checking num-bigint v0.4.6
[INFO] [stderr]     Checking tower-layer v0.3.3
[INFO] [stderr]     Checking constant_time_eq v0.4.2
[INFO] [stderr]     Checking byte-slice-cast v1.2.3
[INFO] [stderr]     Checking openssl-probe v0.2.1
[INFO] [stderr]     Checking arrayref v0.3.9
[INFO] [stderr]     Checking blake2b_simd v1.0.4
[INFO] [stderr]    Compiling rustix v1.1.4
[INFO] [stderr]     Checking simd-adler32 v0.3.9
[INFO] [stderr]     Checking rayon v1.12.0
[INFO] [stderr]    Compiling jobserver v0.1.34
[INFO] [stderr]     Checking const_panic v0.2.15
[INFO] [stderr]    Compiling konst_proc_macros v0.4.1
[INFO] [stderr]    Compiling getrandom v0.4.2
[INFO] [stderr]    Compiling anyhow v1.0.102
[INFO] [stderr]    Compiling cc v1.2.62
[INFO] [stderr]     Checking miniz_oxide v0.8.9
[INFO] [stderr]     Checking http-body v1.0.1
[INFO] [stderr]     Checking triomphe v0.1.15
[INFO] [stderr]     Checking http-body-util v0.1.3
[INFO] [stderr]     Checking deunicode v1.6.2
[INFO] [stderr]     Checking archery v1.2.2
[INFO] [stderr]     Checking konst v0.4.3
[INFO] [stderr]     Checking const-hex v1.19.0
[INFO] [stderr]     Checking fastrand v2.4.1
[INFO] [stderr]     Checking flate2 v1.1.9
[INFO] [stderr]    Compiling virtue v0.0.18
[INFO] [stderr]    Compiling pastey v0.2.2
[INFO] [stderr]     Checking ethnum v1.5.3
[INFO] [stderr]     Checking lru v0.16.4
[INFO] [stderr]     Checking itertools v0.14.0
[INFO] [stderr]     Checking rustc-hash v2.1.2
[INFO] [stderr]     Checking unty v0.0.4
[INFO] [stderr]     Checking base64 v0.13.1
[INFO] [stderr]     Checking rpds v1.2.0
[INFO] [stderr]     Checking getrandom v0.2.17
[INFO] [stderr]     Checking mio v1.2.0
[INFO] [stdout] error[E0493]: destructor of `ArrayBuilder<T, N, D>` cannot be evaluated at compile-time
[INFO] [stdout]    --> /opt/rustwide/cargo-home/registry/src/index.crates.io-1949cf8c6b5b557f/konst-0.4.3/src/array/array_builder.rs:421:24
[INFO] [stdout]     |
[INFO] [stdout] 421 |     pub const fn build(self) -> [T; N] {
[INFO] [stdout]     |                        ^^^^ the destructor for this type cannot be evaluated in constant functions
[INFO] [stdout] ...
[INFO] [stdout] 437 |     }
[INFO] [stdout]     |     - value is dropped here
[INFO] [stdout] 
[INFO] [stdout] 
[INFO] [stdout] error[E0493]: destructor of `array_into_iter::IntoIter<T, N, D>` cannot be evaluated at compile-time
[INFO] [stdout]    --> /opt/rustwide/cargo-home/registry/src/index.crates.io-1949cf8c6b5b557f/konst-0.4.3/src/array/array_into_iter.rs:324:34
[INFO] [stdout]     |
[INFO] [stdout] 324 |     pub const fn assert_is_empty(self) {
[INFO] [stdout]     |                                  ^^^^ the destructor for this type cannot be evaluated in constant functions
[INFO] [stdout] ...
[INFO] [stdout] 327 |     }
[INFO] [stdout]     |     - value is dropped here
[INFO] [stdout] 
[INFO] [stdout] 
[INFO] [stderr]     Checking rand_core v0.6.4
[INFO] [stderr]     Checking socket2 v0.6.3
[INFO] [stdout] error[E0493]: destructor of `Option<(T, U)>` cannot be evaluated at compile-time
[INFO] [stdout]    --> /opt/rustwide/cargo-home/registry/src/index.crates.io-1949cf8c6b5b557f/konst-0.4.3/src/macros/control_flow.rs:83:42
[INFO] [stdout]     |
[INFO] [stdout]  81 |   macro_rules! if_let_Some {
[INFO] [stdout]  82 |       ($some:pat = $e:expr => $then:block $(else $else:block)?) => {
[INFO] [stdout]  83 |           match $crate::option::__opt($e) {opt =>
[INFO] [stdout]     |                                            ^^^ the destructor for this type cannot be evaluated in constant functions
[INFO] [stdout] ...
[INFO] [stdout]  90 |               }
[INFO] [stdout]     |               - value is dropped here
[INFO] [stdout]     |
[INFO] [stdout]    ::: /opt/rustwide/cargo-home/registry/src/index.crates.io-1949cf8c6b5b557f/konst-0.4.3/src/option.rs:635:5
[INFO] [stdout]     |
[INFO] [stdout] 635 | /     crate::if_let_Some! {tuple = opt => {
[INFO] [stdout] 636 | |         crate::destructure!{(l, r) = tuple}
[INFO] [stdout] 637 | |
[INFO] [stdout] 638 | |         (Some(l), Some(r))
[INFO] [stdout] 639 | |     } else {
[INFO] [stdout] 640 | |         (None, None)
[INFO] [stdout] 641 | |     }}
[INFO] [stdout]     | |______- in this macro invocation
[INFO] [stdout] 
[INFO] [stdout] 
[INFO] [stderr]    Compiling cmake v0.1.58
[INFO] [stderr]     Checking rand_xorshift v0.3.0
[INFO] [stderr]     Checking num_cpus v1.17.0
[INFO] [stderr]     Checking getrandom v0.3.4
[INFO] [stdout] For more information about this error, try `rustc --explain E0493`.
[INFO] [stdout] 
[INFO] [stderr] error: could not compile `konst` (lib) due to 3 previous errors
[INFO] [stderr] warning: build failed, waiting for other jobs to finish...
[INFO] running `Command { std: "docker" "inspect" "acaababa66ff2108de08f6adc14cca15d7a7019bcfce623e233500638e79b920", kill_on_drop: false }`
[INFO] running `Command { std: "docker" "rm" "-f" "acaababa66ff2108de08f6adc14cca15d7a7019bcfce623e233500638e79b920", kill_on_drop: false }`
[INFO] [stdout] acaababa66ff2108de08f6adc14cca15d7a7019bcfce623e233500638e79b920
