[INFO] fetching crate memberlist-plumtree 0.1.6...
[INFO] checking memberlist-plumtree-0.1.6 against c60b92c03ca8a3b101eb9d57f51e2232690638c7 for pr-164148-crater-rollup
[INFO] extracting crate memberlist-plumtree 0.1.6 into /workspace/builds/worker-6-tc2/source
[INFO] started tweaking crates.io crate memberlist-plumtree 0.1.6
[INFO] removed 0 missing examples
[INFO] removed 0 missing tests
[INFO] finished tweaking crates.io crate memberlist-plumtree 0.1.6
[INFO] tweaked toml for crates.io crate memberlist-plumtree 0.1.6 written to /workspace/builds/worker-6-tc2/source/Cargo.toml
[INFO] validating manifest of crates.io crate memberlist-plumtree 0.1.6 on toolchain c60b92c03ca8a3b101eb9d57f51e2232690638c7
[INFO] running `Command { std: CARGO_HOME="/workspace/cargo-home" RUSTUP_HOME="/workspace/rustup-home" "/workspace/cargo-home/bin/cargo" "+c60b92c03ca8a3b101eb9d57f51e2232690638c7" "metadata" "--manifest-path" "Cargo.toml" "--no-deps", kill_on_drop: false }`
[INFO] crate crates.io crate memberlist-plumtree 0.1.6 already has a lockfile, it will not be regenerated
[INFO] running `Command { std: CARGO_HOME="/workspace/cargo-home" RUSTUP_HOME="/workspace/rustup-home" "/workspace/cargo-home/bin/cargo" "+c60b92c03ca8a3b101eb9d57f51e2232690638c7" "fetch" "--manifest-path" "Cargo.toml", kill_on_drop: false }`
[INFO] running `Command { std: "docker" "create" "-v" "/var/lib/crater-agent-workspace/builds/worker-6-tc2/source:/opt/rustwide/workdir:ro,Z" "-v" "/var/lib/crater-agent-workspace/builds/worker-6-tc2/target:/opt/rustwide/target:rw,Z" "-v" "/var/lib/crater-agent-workspace/cargo-home:/opt/rustwide/cargo-home:ro,Z" "-v" "/var/lib/crater-agent-workspace/rustup-home:/opt/rustwide/rustup-home:ro,Z" "-m" "1610612736" "--network" "none" "ghcr.io/rust-lang/crates-build-env/linux@sha256:77db811e55d90add9212f6832c23229e3de5f1c1f9905e8cb07319ea15df73ac" "sleep" "infinity", kill_on_drop: false }`
[INFO] [stdout] cbb00a9d82899e2cc711d0f8a447cf6a77b26e8cd420ae23b4a5942fb517c075
[INFO] running `Command { std: "docker" "start" "cbb00a9d82899e2cc711d0f8a447cf6a77b26e8cd420ae23b4a5942fb517c075", kill_on_drop: false }`
[INFO] running `Command { std: "docker" "inspect" "cbb00a9d82899e2cc711d0f8a447cf6a77b26e8cd420ae23b4a5942fb517c075", kill_on_drop: false }`
[INFO] running `Command { std: "docker" "exec" "-e" "SOURCE_DIR=/opt/rustwide/workdir" "-e" "CARGO_HOME=/opt/rustwide/cargo-home" "-e" "RUSTUP_HOME=/opt/rustwide/rustup-home" "-e" "CARGO_TARGET_DIR=/opt/rustwide/target" "-w" "/opt/rustwide/workdir" "--user" "0:0" "cbb00a9d82899e2cc711d0f8a447cf6a77b26e8cd420ae23b4a5942fb517c075" "/opt/rustwide/cargo-home/bin/cargo" "+c60b92c03ca8a3b101eb9d57f51e2232690638c7" "metadata" "--no-deps" "--format-version=1", kill_on_drop: false }`
[INFO] running `Command { std: "docker" "inspect" "cbb00a9d82899e2cc711d0f8a447cf6a77b26e8cd420ae23b4a5942fb517c075", kill_on_drop: false }`
[INFO] running `Command { std: "docker" "exec" "-e" "SOURCE_DIR=/opt/rustwide/workdir" "-e" "CARGO_HOME=/opt/rustwide/cargo-home" "-e" "RUSTUP_HOME=/opt/rustwide/rustup-home" "-e" "CARGO_TARGET_DIR=/opt/rustwide/target" "-e" "CARGO_INCREMENTAL=0" "-e" "RUST_BACKTRACE=full" "-e" "RUSTFLAGS=--cap-lints=forbid" "-e" "RUSTDOCFLAGS=--cap-lints=forbid" "-w" "/opt/rustwide/workdir" "--user" "0:0" "cbb00a9d82899e2cc711d0f8a447cf6a77b26e8cd420ae23b4a5942fb517c075" "/opt/rustwide/cargo-home/bin/cargo" "+c60b92c03ca8a3b101eb9d57f51e2232690638c7" "check" "--frozen" "--all" "--all-targets" "--message-format=json", kill_on_drop: false }`
[INFO] [stderr]     Checking smallvec v1.15.1
[INFO] [stderr]     Checking futures-core v0.3.32
[INFO] [stderr]    Compiling cc v1.2.62
[INFO] [stderr]     Checking typenum v1.20.0
[INFO] [stderr]     Checking lock_api v0.4.14
[INFO] [stderr]     Checking futures-io v0.3.32
[INFO] [stderr]     Checking mio v1.2.0
[INFO] [stderr]    Compiling displaydoc v0.2.5
[INFO] [stderr]     Checking futures-channel v0.3.32
[INFO] [stderr]     Checking futures-task v0.3.32
[INFO] [stderr]     Checking parking_lot_core v0.9.12
[INFO] [stderr]     Checking tracing v0.1.44
[INFO] [stderr]    Compiling aws-lc-rs v1.16.3
[INFO] [stderr]     Checking futures-util v0.3.32
[INFO] [stderr]     Checking rand v0.8.6
[INFO] [stderr]    Compiling rustix v1.1.4
[INFO] [stderr]     Checking parking_lot v0.12.5
[INFO] [stderr]     Checking serde v1.0.228
[INFO] [stderr]     Checking linux-raw-sys v0.12.1
[INFO] [stderr]     Checking tokio v1.52.3
[INFO] [stderr]     Checking tinystr v0.8.3
[INFO] [stderr]     Checking icu_locale_core v2.2.0
[INFO] [stderr]    Compiling cmake v0.1.58
[INFO] [stderr]     Checking zerotrie v0.2.4
[INFO] [stderr]     Checking icu_collections v2.2.0
[INFO] [stderr]    Compiling rustls v0.23.40
[INFO] [stderr]     Checking generic-array v0.14.7
[INFO] [stderr]    Compiling syn v1.0.109
[INFO] [stderr]    Compiling aws-lc-sys v0.40.0
[INFO] [stderr]    Compiling ring v0.17.14
[INFO] [stderr]     Checking icu_provider v2.2.0
[INFO] [stderr]     Checking icu_properties v2.2.0
[INFO] [stderr]     Checking crypto-common v0.1.7
[INFO] [stderr]     Checking icu_normalizer v2.2.0
[INFO] [stderr]     Checking block-padding v0.3.3
[INFO] [stderr]    Compiling pin-project-internal v1.1.12
[INFO] [stderr]     Checking idna_adapter v1.2.2
[INFO] [stderr]     Checking idna v1.1.0
[INFO] [stderr]     Checking chacha20 v0.10.2
[INFO] [stderr]     Checking pin-project v1.1.12
[INFO] [stderr]    Compiling enum-as-inner v0.6.1
[INFO] [stderr]     Checking url v2.5.8
[INFO] [stderr]     Checking atomic-time v0.1.5
[INFO] [stderr]     Checking inout v0.1.4
[INFO] [stderr]     Checking indexmap v2.14.0
[INFO] [stderr]    Compiling quinn-udp v0.5.14
[INFO] [stderr]     Checking triomphe v0.1.15
[INFO] [stderr]    Compiling strsim v0.10.0
[INFO] [stderr]     Checking either v1.15.0
[INFO] [stderr]    Compiling darling_core v0.14.4
[INFO] [stderr]    Compiling derive_more-impl v2.1.1
[INFO] [stderr]     Checking hickory-proto v0.24.4
[INFO] [stderr]     Checking cipher v0.4.4
[INFO] [stderr]     Checking rand v0.10.2
[INFO] [stderr]    Compiling quinn v0.11.9
[INFO] [stderr]     Checking rand_pcg v0.10.2
[INFO] [stderr]    Compiling prettyplease v0.1.25
[INFO] [stderr]     Checking lru-slab v0.1.2
[INFO] [stderr]    Compiling seq-macro v0.3.6
[INFO] [stderr]     Checking rand_chacha v0.9.0
[INFO] [stderr]     Checking universal-hash v0.5.1
[INFO] [stderr]     Checking rapidhash v4.4.1
[INFO] [stderr]     Checking polyval v0.6.2
[INFO] [stderr]     Checking rand v0.9.4
[INFO] [stderr]     Checking cheap-clone v0.3.0
[INFO] [stderr]     Checking metrics v0.24.5
[INFO] [stderr]    Compiling darling_macro v0.14.4
[INFO] [stderr]    Compiling darling v0.14.4
[INFO] [stderr]     Checking futures-executor v0.3.32
[INFO] [stderr]    Compiling snap v1.1.1
[INFO] [stderr]     Checking humantime v2.3.0
[INFO] [stderr]     Checking hickory-resolver v0.24.4
[INFO] [stderr]     Checking time v0.3.47
[INFO] [stderr]     Checking humantime-serde v1.1.1
[INFO] [stderr]    Compiling derivit-core v0.1.5
[INFO] [stderr]     Checking futures v0.3.32
[INFO] [stderr]     Checking ghash v0.5.1
[INFO] [stderr]     Checking derive_more v2.1.1
[INFO] [stderr]     Checking ctr v0.9.2
[INFO] [stderr]     Checking aes v0.8.4
[INFO] [stderr]     Checking smallvec-wrapper v0.3.0
[INFO] [stderr]     Checking tokio-util v0.7.18
[INFO] [stderr]     Checking tokio-stream v0.1.18
[INFO] [stderr]     Checking agnostic-lite v0.6.1
[INFO] [stderr]     Checking aead v0.5.2
[INFO] [stderr]     Checking hostaddr v0.2.4
[INFO] [stderr]     Checking crossbeam-skiplist v0.1.3
[INFO] [stderr]    Compiling derive_utils v0.15.1
[INFO] [stderr]    Compiling memberlist-proto v0.2.0
[INFO] [stderr]     Checking nom v7.1.3
[INFO] [stderr]     Checking agnostic-io v0.2.0
[INFO] [stderr]     Checking aes-gcm v0.10.3
[INFO] [stderr]    Compiling viewit v0.1.5
[INFO] [stderr]     Checking agnostic-net v0.3.0
[INFO] [stderr]    Compiling auto_enums v0.8.8
[INFO] [stderr]     Checking rayon v1.12.0
[INFO] [stderr]     Checking agnostic-dns v0.3.0
[INFO] [stderr]     Checking varing v0.10.0
[INFO] [stderr]     Checking cbc v0.1.2
[INFO] [stderr]     Checking peekable v0.4.1
[INFO] [stderr]     Checking generic-array v1.4.1
[INFO] [stderr]     Checking among v0.1.8
[INFO] [stderr]    Compiling memberlist-core v0.7.0
[INFO] [stderr]    Compiling hardware-address v0.2.0
[INFO] [stderr]     Checking h2 v0.4.19
[INFO] [stderr]     Checking async-channel v2.5.0
[INFO] [stderr]     Checking block-buffer v0.10.4
[INFO] [stdout] error[E0493]: destructor of `ArrayBuilder<T, N>` cannot be evaluated at compile-time
[INFO] [stdout]    --> /opt/rustwide/cargo-home/registry/src/index.crates.io-1949cf8c6b5b557f/generic-array-1.4.1/src/internal.rs:103:31
[INFO] [stdout]     |
[INFO] [stdout] 103 |     pub unsafe fn assume_init(self) -> GenericArray<T, N> {
[INFO] [stdout]     |                               ^^^^ the destructor for this type cannot be evaluated in constant functions
[INFO] [stdout] ...
[INFO] [stdout] 109 |     }
[INFO] [stdout]     |     - value is dropped here
[INFO] [stdout] 
[INFO] [stdout] 
[INFO] [stderr]    Compiling asn1-rs-derive v0.6.0
[INFO] [stdout] error[E0493]: destructor of `GenericArray<core::mem::MaybeUninit<*const T>, N>` cannot be evaluated at compile-time
[INFO] [stdout]    --> /opt/rustwide/cargo-home/registry/src/index.crates.io-1949cf8c6b5b557f/generic-array-1.4.1/src/lib.rs:970:13
[INFO] [stdout]     |
[INFO] [stdout] 970 |         let mut out: GenericArray<MaybeUninit<*const T>, N> = GenericArray::uninit();
[INFO] [stdout]     |             ^^^^^^^ the destructor for this type cannot be evaluated in constant functions
[INFO] [stdout] ...
[INFO] [stdout] 985 |     }
[INFO] [stdout]     |     - value is dropped here
[INFO] [stdout] 
[INFO] [stdout] 
[INFO] [stdout] error[E0493]: destructor of `GenericArray<core::mem::MaybeUninit<*mut T>, N>` cannot be evaluated at compile-time
[INFO] [stdout]     --> /opt/rustwide/cargo-home/registry/src/index.crates.io-1949cf8c6b5b557f/generic-array-1.4.1/src/lib.rs:1005:13
[INFO] [stdout]      |
[INFO] [stdout] 1005 |         let mut out: GenericArray<MaybeUninit<*mut T>, N> = GenericArray::uninit();
[INFO] [stdout]      |             ^^^^^^^ the destructor for this type cannot be evaluated in constant functions
[INFO] [stdout] ...
[INFO] [stdout] 1020 |     }
[INFO] [stdout]      |     - value is dropped here
[INFO] [stdout] 
[INFO] [stdout] 
[INFO] [stdout] For more information about this error, try `rustc --explain E0493`.
[INFO] [stdout] 
[INFO] [stderr]    Compiling auto_impl v1.3.0
[INFO] [stderr] error: could not compile `generic-array` (lib) due to 3 previous errors
[INFO] [stderr] warning: build failed, waiting for other jobs to finish...
[INFO] running `Command { std: "docker" "inspect" "cbb00a9d82899e2cc711d0f8a447cf6a77b26e8cd420ae23b4a5942fb517c075", kill_on_drop: false }`
[INFO] running `Command { std: "docker" "rm" "-f" "cbb00a9d82899e2cc711d0f8a447cf6a77b26e8cd420ae23b4a5942fb517c075", kill_on_drop: false }`
[INFO] [stdout] cbb00a9d82899e2cc711d0f8a447cf6a77b26e8cd420ae23b4a5942fb517c075
