[INFO] fetching crate matrix-sdk-test 0.19.1...
[INFO] checking matrix-sdk-test-0.19.1 against c60b92c03ca8a3b101eb9d57f51e2232690638c7 for pr-164148-crater-rollup
[INFO] extracting crate matrix-sdk-test 0.19.1 into /workspace/builds/worker-5-tc2/source
[INFO] started tweaking crates.io crate matrix-sdk-test 0.19.1
[INFO] finished tweaking crates.io crate matrix-sdk-test 0.19.1
[INFO] tweaked toml for crates.io crate matrix-sdk-test 0.19.1 written to /workspace/builds/worker-5-tc2/source/Cargo.toml
[INFO] validating manifest of crates.io crate matrix-sdk-test 0.19.1 on toolchain c60b92c03ca8a3b101eb9d57f51e2232690638c7
[INFO] running `Command { std: CARGO_HOME="/workspace/cargo-home" RUSTUP_HOME="/workspace/rustup-home" "/workspace/cargo-home/bin/cargo" "+c60b92c03ca8a3b101eb9d57f51e2232690638c7" "metadata" "--manifest-path" "Cargo.toml" "--no-deps", kill_on_drop: false }`
[INFO] crate crates.io crate matrix-sdk-test 0.19.1 already has a lockfile, it will not be regenerated
[INFO] running `Command { std: CARGO_HOME="/workspace/cargo-home" RUSTUP_HOME="/workspace/rustup-home" "/workspace/cargo-home/bin/cargo" "+c60b92c03ca8a3b101eb9d57f51e2232690638c7" "fetch" "--manifest-path" "Cargo.toml", kill_on_drop: false }`
[INFO] running `Command { std: "docker" "create" "-v" "/var/lib/crater-agent-workspace/builds/worker-5-tc2/source:/opt/rustwide/workdir:ro,Z" "-v" "/var/lib/crater-agent-workspace/builds/worker-5-tc2/target:/opt/rustwide/target:rw,Z" "-v" "/var/lib/crater-agent-workspace/cargo-home:/opt/rustwide/cargo-home:ro,Z" "-v" "/var/lib/crater-agent-workspace/rustup-home:/opt/rustwide/rustup-home:ro,Z" "-m" "1610612736" "--network" "none" "ghcr.io/rust-lang/crates-build-env/linux@sha256:77db811e55d90add9212f6832c23229e3de5f1c1f9905e8cb07319ea15df73ac" "sleep" "infinity", kill_on_drop: false }`
[INFO] [stdout] ea6c71470ec3ffba518deca5acd6da3b29ac1254d80b96006c5efe85c3add91a
[INFO] running `Command { std: "docker" "start" "ea6c71470ec3ffba518deca5acd6da3b29ac1254d80b96006c5efe85c3add91a", kill_on_drop: false }`
[INFO] running `Command { std: "docker" "inspect" "ea6c71470ec3ffba518deca5acd6da3b29ac1254d80b96006c5efe85c3add91a", kill_on_drop: false }`
[INFO] running `Command { std: "docker" "exec" "-e" "SOURCE_DIR=/opt/rustwide/workdir" "-e" "CARGO_HOME=/opt/rustwide/cargo-home" "-e" "RUSTUP_HOME=/opt/rustwide/rustup-home" "-e" "CARGO_TARGET_DIR=/opt/rustwide/target" "-w" "/opt/rustwide/workdir" "--user" "0:0" "ea6c71470ec3ffba518deca5acd6da3b29ac1254d80b96006c5efe85c3add91a" "/opt/rustwide/cargo-home/bin/cargo" "+c60b92c03ca8a3b101eb9d57f51e2232690638c7" "metadata" "--no-deps" "--format-version=1", kill_on_drop: false }`
[INFO] running `Command { std: "docker" "inspect" "ea6c71470ec3ffba518deca5acd6da3b29ac1254d80b96006c5efe85c3add91a", kill_on_drop: false }`
[INFO] running `Command { std: "docker" "exec" "-e" "SOURCE_DIR=/opt/rustwide/workdir" "-e" "CARGO_HOME=/opt/rustwide/cargo-home" "-e" "RUSTUP_HOME=/opt/rustwide/rustup-home" "-e" "CARGO_TARGET_DIR=/opt/rustwide/target" "-e" "CARGO_INCREMENTAL=0" "-e" "RUST_BACKTRACE=full" "-e" "RUSTFLAGS=--cap-lints=forbid" "-e" "RUSTDOCFLAGS=--cap-lints=forbid" "-w" "/opt/rustwide/workdir" "--user" "0:0" "ea6c71470ec3ffba518deca5acd6da3b29ac1254d80b96006c5efe85c3add91a" "/opt/rustwide/cargo-home/bin/cargo" "+c60b92c03ca8a3b101eb9d57f51e2232690638c7" "check" "--frozen" "--all" "--all-targets" "--message-format=json", kill_on_drop: false }`
[INFO] [stderr]    Compiling serde v1.0.229
[INFO] [stderr]    Compiling syn v3.0.5
[INFO] [stderr]    Compiling yoke-derive v0.7.5
[INFO] [stderr]    Compiling zerovec-derive v0.10.3
[INFO] [stderr]     Checking crypto-common v0.2.2
[INFO] [stderr]     Checking zerofrom v0.1.8
[INFO] [stderr]    Compiling serde_core v1.0.229
[INFO] [stderr]     Checking block-padding v0.4.2
[INFO] [stderr]     Checking litemap v0.7.4
[INFO] [stderr]     Checking inout v0.2.2
[INFO] [stderr]     Checking writeable v0.5.5
[INFO] [stderr]    Compiling icu_provider_macros v1.5.0
[INFO] [stderr]     Checking smallvec v1.16.1
[INFO] [stderr]    Compiling winnow v1.0.1
[INFO] [stderr]    Compiling hashbrown v0.17.1
[INFO] [stderr]     Checking icu_locid_transform_data v1.5.0
[INFO] [stderr]     Checking tracing v0.1.44
[INFO] [stderr]    Compiling zeroize_derive v1.5.0
[INFO] [stderr]     Checking cipher v0.5.2
[INFO] [stderr]     Checking icu_properties_data v1.5.0
[INFO] [stderr]     Checking indexmap v2.14.2
[INFO] [stderr]     Checking yoke v0.7.5
[INFO] [stderr]     Checking utf16_iter v1.0.5
[INFO] [stderr]     Checking icu_normalizer_data v1.5.0
[INFO] [stderr]     Checking write16 v1.0.0
[INFO] [stderr]     Checking zeroize v1.9.0
[INFO] [stderr]     Checking regex-automata v0.4.18
[INFO] [stderr]     Checking zerovec v0.10.4
[INFO] [stderr]     Checking chacha20 v0.10.2
[INFO] [stderr]     Checking digest v0.11.2
[INFO] [stderr]     Checking serde_json v1.0.151
[INFO] [stderr]    Compiling rustc_version v0.4.0
[INFO] [stderr]     Checking typewit v1.14.2
[INFO] [stderr]    Compiling js_int v0.2.2
[INFO] [stderr]    Compiling toml_parser v1.1.2+spec-1.1.0
[INFO] [stderr]    Compiling curve25519-dalek v5.0.0
[INFO] [stderr]     Checking rand v0.10.2
[INFO] [stderr]     Checking const_panic v0.2.17
[INFO] [stderr]    Compiling as_variant v1.3.0
[INFO] [stderr]    Compiling ruma-common v0.20.0
[INFO] [stderr]     Checking time v0.3.55
[INFO] [stderr]     Checking serde_html_form v0.4.1
[INFO] [stderr]     Checking uuid v1.26.1
[INFO] [stderr]    Compiling toml_datetime v1.1.1+spec-1.1.0
[INFO] [stderr]    Compiling serde_spanned v1.1.1
[INFO] [stderr]     Checking konst v0.4.3
[INFO] [stderr]    Compiling ruma-events v0.35.0
[INFO] [stderr]     Checking subtle v2.6.1
[INFO] [stderr]     Checking bytemuck v1.25.2
[INFO] [stderr]    Compiling toml_edit v0.25.6+spec-1.1.0
[INFO] [stderr]    Compiling toml v1.1.2+spec-1.1.0
[INFO] [stderr]     Checking date_header v1.0.5
[INFO] [stderr]     Checking wildmatch v2.6.1
[INFO] [stderr]    Compiling pest v2.8.7
[INFO] [stderr]     Checking safe_arch v0.7.4
[INFO] [stderr]     Checking universal-hash v0.6.1
[INFO] [stderr]     Checking js_option v0.2.0
[INFO] [stderr]     Checking rand_core v0.9.5
[INFO] [stderr]    Compiling ruma-client-api v0.25.0
[INFO] [stdout] error[E0493]: destructor of `ArrayBuilder<T, N, D>` cannot be evaluated at compile-time
[INFO] [stdout]    --> /opt/rustwide/cargo-home/registry/src/index.crates.io-1949cf8c6b5b557f/konst-0.4.3/src/array/array_builder.rs:421:24
[INFO] [stdout]     |
[INFO] [stdout] 421 |     pub const fn build(self) -> [T; N] {
[INFO] [stdout]     |                        ^^^^ the destructor for this type cannot be evaluated in constant functions
[INFO] [stdout] ...
[INFO] [stdout] 437 |     }
[INFO] [stdout]     |     - value is dropped here
[INFO] [stdout] 
[INFO] [stdout] 
[INFO] [stdout] error[E0493]: destructor of `array_into_iter::IntoIter<T, N, D>` cannot be evaluated at compile-time
[INFO] [stdout]    --> /opt/rustwide/cargo-home/registry/src/index.crates.io-1949cf8c6b5b557f/konst-0.4.3/src/array/array_into_iter.rs:324:34
[INFO] [stdout]     |
[INFO] [stdout] 324 |     pub const fn assert_is_empty(self) {
[INFO] [stdout]     |                                  ^^^^ the destructor for this type cannot be evaluated in constant functions
[INFO] [stdout] ...
[INFO] [stdout] 327 |     }
[INFO] [stdout]     |     - value is dropped here
[INFO] [stdout] 
[INFO] [stdout] 
[INFO] [stderr]     Checking base16ct v1.0.0
[INFO] [stdout] error[E0493]: destructor of `Option<(T, U)>` cannot be evaluated at compile-time
[INFO] [stdout]    --> /opt/rustwide/cargo-home/registry/src/index.crates.io-1949cf8c6b5b557f/konst-0.4.3/src/macros/control_flow.rs:83:42
[INFO] [stdout]     |
[INFO] [stdout]  81 |   macro_rules! if_let_Some {
[INFO] [stdout]  82 |       ($some:pat = $e:expr => $then:block $(else $else:block)?) => {
[INFO] [stdout]  83 |           match $crate::option::__opt($e) {opt =>
[INFO] [stdout]     |                                            ^^^ the destructor for this type cannot be evaluated in constant functions
[INFO] [stdout] ...
[INFO] [stdout]  90 |               }
[INFO] [stdout]     |               - value is dropped here
[INFO] [stdout]     |
[INFO] [stdout]    ::: /opt/rustwide/cargo-home/registry/src/index.crates.io-1949cf8c6b5b557f/konst-0.4.3/src/option.rs:635:5
[INFO] [stdout]     |
[INFO] [stdout] 635 | /     crate::if_let_Some! {tuple = opt => {
[INFO] [stdout] 636 | |         crate::destructure!{(l, r) = tuple}
[INFO] [stdout] 637 | |
[INFO] [stdout] 638 | |         (Some(l), Some(r))
[INFO] [stdout] 639 | |     } else {
[INFO] [stdout] 640 | |         (None, None)
[INFO] [stdout] 641 | |     }}
[INFO] [stdout]     | |______- in this macro invocation
[INFO] [stdout] 
[INFO] [stdout] 
[INFO] [stderr]     Checking wide v0.7.33
[INFO] [stderr]    Compiling itertools v0.10.5
[INFO] [stderr]     Checking rand_xoshiro v0.7.0
[INFO] [stdout] For more information about this error, try `rustc --explain E0493`.
[INFO] [stdout] 
[INFO] [stderr] error: could not compile `konst` (lib) due to 3 previous errors
[INFO] [stderr] warning: build failed, waiting for other jobs to finish...
[INFO] running `Command { std: "docker" "inspect" "ea6c71470ec3ffba518deca5acd6da3b29ac1254d80b96006c5efe85c3add91a", kill_on_drop: false }`
[INFO] running `Command { std: "docker" "rm" "-f" "ea6c71470ec3ffba518deca5acd6da3b29ac1254d80b96006c5efe85c3add91a", kill_on_drop: false }`
[INFO] [stdout] ea6c71470ec3ffba518deca5acd6da3b29ac1254d80b96006c5efe85c3add91a
