[INFO] fetching crate matrix-commander 0.11.0...
[INFO] checking matrix-commander-0.11.0 against c60b92c03ca8a3b101eb9d57f51e2232690638c7 for pr-164148-crater-rollup
[INFO] extracting crate matrix-commander 0.11.0 into /workspace/builds/worker-7-tc2/source
[INFO] started tweaking crates.io crate matrix-commander 0.11.0
[INFO] finished tweaking crates.io crate matrix-commander 0.11.0
[INFO] tweaked toml for crates.io crate matrix-commander 0.11.0 written to /workspace/builds/worker-7-tc2/source/Cargo.toml
[INFO] validating manifest of crates.io crate matrix-commander 0.11.0 on toolchain c60b92c03ca8a3b101eb9d57f51e2232690638c7
[INFO] running `Command { std: CARGO_HOME="/workspace/cargo-home" RUSTUP_HOME="/workspace/rustup-home" "/workspace/cargo-home/bin/cargo" "+c60b92c03ca8a3b101eb9d57f51e2232690638c7" "metadata" "--manifest-path" "Cargo.toml" "--no-deps", kill_on_drop: false }`
[INFO] crate crates.io crate matrix-commander 0.11.0 already has a lockfile, it will not be regenerated
[INFO] running `Command { std: CARGO_HOME="/workspace/cargo-home" RUSTUP_HOME="/workspace/rustup-home" "/workspace/cargo-home/bin/cargo" "+c60b92c03ca8a3b101eb9d57f51e2232690638c7" "fetch" "--manifest-path" "Cargo.toml", kill_on_drop: false }`
[INFO] running `Command { std: "docker" "create" "-v" "/var/lib/crater-agent-workspace/builds/worker-7-tc2/source:/opt/rustwide/workdir:ro,Z" "-v" "/var/lib/crater-agent-workspace/builds/worker-7-tc2/target:/opt/rustwide/target:rw,Z" "-v" "/var/lib/crater-agent-workspace/cargo-home:/opt/rustwide/cargo-home:ro,Z" "-v" "/var/lib/crater-agent-workspace/rustup-home:/opt/rustwide/rustup-home:ro,Z" "-m" "1610612736" "--network" "none" "ghcr.io/rust-lang/crates-build-env/linux@sha256:77db811e55d90add9212f6832c23229e3de5f1c1f9905e8cb07319ea15df73ac" "sleep" "infinity", kill_on_drop: false }`
[INFO] [stdout] 305e729211c5fc5dc6a4892c714e386207f76e7761b0484831571c60c0d4cbec
[INFO] running `Command { std: "docker" "start" "305e729211c5fc5dc6a4892c714e386207f76e7761b0484831571c60c0d4cbec", kill_on_drop: false }`
[INFO] running `Command { std: "docker" "inspect" "305e729211c5fc5dc6a4892c714e386207f76e7761b0484831571c60c0d4cbec", kill_on_drop: false }`
[INFO] running `Command { std: "docker" "exec" "-e" "SOURCE_DIR=/opt/rustwide/workdir" "-e" "CARGO_HOME=/opt/rustwide/cargo-home" "-e" "RUSTUP_HOME=/opt/rustwide/rustup-home" "-e" "CARGO_TARGET_DIR=/opt/rustwide/target" "-w" "/opt/rustwide/workdir" "--user" "0:0" "305e729211c5fc5dc6a4892c714e386207f76e7761b0484831571c60c0d4cbec" "/opt/rustwide/cargo-home/bin/cargo" "+c60b92c03ca8a3b101eb9d57f51e2232690638c7" "metadata" "--no-deps" "--format-version=1", kill_on_drop: false }`
[INFO] running `Command { std: "docker" "inspect" "305e729211c5fc5dc6a4892c714e386207f76e7761b0484831571c60c0d4cbec", kill_on_drop: false }`
[INFO] running `Command { std: "docker" "exec" "-e" "SOURCE_DIR=/opt/rustwide/workdir" "-e" "CARGO_HOME=/opt/rustwide/cargo-home" "-e" "RUSTUP_HOME=/opt/rustwide/rustup-home" "-e" "CARGO_TARGET_DIR=/opt/rustwide/target" "-e" "CARGO_INCREMENTAL=0" "-e" "RUST_BACKTRACE=full" "-e" "RUSTFLAGS=--cap-lints=forbid" "-e" "RUSTDOCFLAGS=--cap-lints=forbid" "-w" "/opt/rustwide/workdir" "--user" "0:0" "305e729211c5fc5dc6a4892c714e386207f76e7761b0484831571c60c0d4cbec" "/opt/rustwide/cargo-home/bin/cargo" "+c60b92c03ca8a3b101eb9d57f51e2232690638c7" "check" "--frozen" "--all" "--all-targets" "--message-format=json", kill_on_drop: false }`
[INFO] [stderr]     Checking bytes v1.12.0
[INFO] [stderr]    Compiling cc v1.2.65
[INFO] [stderr]     Checking serde v1.0.228
[INFO] [stderr]     Checking bitflags v2.13.0
[INFO] [stderr]    Compiling serde_core v1.0.228
[INFO] [stderr]     Checking tracing v0.1.44
[INFO] [stderr]     Checking crypto-common v0.1.7
[INFO] [stderr]     Checking indexmap v2.14.0
[INFO] [stderr]     Checking serde_json v1.0.150
[INFO] [stderr]    Compiling zerocopy v0.8.52
[INFO] [stderr]     Checking block-padding v0.3.3
[INFO] [stderr]     Checking aho-corasick v1.1.4
[INFO] [stderr]    Compiling aws-lc-rs v1.17.1
[INFO] [stderr]     Checking rustls-pki-types v1.15.0
[INFO] [stderr]     Checking chacha20 v0.10.1
[INFO] [stderr]    Compiling thiserror v2.0.18
[INFO] [stderr]     Checking digest v0.10.7
[INFO] [stderr]     Checking inout v0.1.4
[INFO] [stderr]     Checking typewit v1.15.2
[INFO] [stderr]    Compiling js_int v0.2.2
[INFO] [stderr]     Checking cipher v0.4.4
[INFO] [stderr]    Compiling as_variant v1.3.0
[INFO] [stderr]    Compiling pulldown-cmark v0.13.4
[INFO] [stderr]    Compiling ruma-common v0.19.0
[INFO] [stderr]     Checking rand v0.10.2
[INFO] [stderr]    Compiling ruma-identifiers-validation v0.12.1
[INFO] [stderr]    Compiling either v1.16.0
[INFO] [stderr]    Compiling rustls v0.23.41
[INFO] [stderr]     Checking sha2 v0.10.9
[INFO] [stderr]     Checking time v0.3.53
[INFO] [stderr]    Compiling curve25519-dalek v4.1.3
[INFO] [stderr]    Compiling proc-macro-error-attr2 v2.0.0
[INFO] [stderr]    Compiling ruma-events v0.34.0
[INFO] [stderr]     Checking pulldown-cmark-escape v0.11.0
[INFO] [stderr]     Checking web-time v1.1.0
[INFO] [stderr]     Checking date_header v1.0.5
[INFO] [stderr]     Checking wildmatch v2.6.1
[INFO] [stderr]    Compiling anyhow v1.0.103
[INFO] [stderr]     Checking const_panic v0.2.15
[INFO] [stderr]    Compiling proc-macro-error2 v2.0.1
[INFO] [stderr]     Checking universal-hash v0.5.1
[INFO] [stderr]     Checking tokio v1.52.3
[INFO] [stderr]     Checking http v1.4.2
[INFO] [stderr]     Checking js_option v0.2.0
[INFO] [stderr]    Compiling ruma-client-api v0.24.0
[INFO] [stderr]     Checking url v2.5.8
[INFO] [stderr]     Checking bitmaps v3.2.1
[INFO] [stderr]     Checking arrayvec v0.7.8
[INFO] [stderr]     Checking poly1305 v0.8.0
[INFO] [stderr]     Checking serde_html_form v0.4.1
[INFO] [stderr]    Compiling itertools v0.14.0
[INFO] [stderr]     Checking konst v0.4.3
[INFO] [stderr]    Compiling cmake v0.1.58
[INFO] [stderr]     Checking regex-automata v0.4.14
[INFO] [stderr]     Checking imbl-sized-chunks v0.1.3
[INFO] [stderr]     Checking chacha20 v0.9.1
[INFO] [stderr]     Checking hmac v0.12.1
[INFO] [stderr]     Checking aead v0.5.2
[INFO] [stderr]     Checking http-body v1.0.1
[INFO] [stderr]     Checking rand_xoshiro v0.7.0
[INFO] [stderr]    Compiling crossbeam-utils v0.8.21
[INFO] [stderr]     Checking maplit v1.0.2
[INFO] [stderr]     Checking assign v1.1.1
[INFO] [stderr]     Checking archery v1.2.2
[INFO] [stderr]    Compiling rustix v1.1.4
[INFO] [stderr]     Checking ed25519 v2.2.3
[INFO] [stderr]     Checking chacha20poly1305 v0.10.1
[INFO] [stderr]     Checking rmp v0.8.15
[INFO] [stderr]     Checking imbl v6.1.0
[INFO] [stderr]    Compiling include_dir_macros v0.7.4
[INFO] [stderr]     Checking compression-core v0.4.32
[INFO] [stderr]    Compiling matrix-sdk-common v0.18.0
[INFO] [stderr]     Checking compression-codecs v0.4.38
[INFO] [stderr]     Checking hkdf v0.12.4
[INFO] [stderr]    Compiling openssl-src v300.6.1+3.6.3
[INFO] [stderr]     Checking rmp-serde v1.3.1
[INFO] [stdout] error[E0493]: destructor of `ArrayBuilder<T, N, D>` cannot be evaluated at compile-time
[INFO] [stdout]    --> /opt/rustwide/cargo-home/registry/src/index.crates.io-1949cf8c6b5b557f/konst-0.4.3/src/array/array_builder.rs:421:24
[INFO] [stdout]     |
[INFO] [stdout] 421 |     pub const fn build(self) -> [T; N] {
[INFO] [stdout]     |                        ^^^^ the destructor for this type cannot be evaluated in constant functions
[INFO] [stdout] ...
[INFO] [stdout] 437 |     }
[INFO] [stdout]     |     - value is dropped here
[INFO] [stdout] 
[INFO] [stdout] 
[INFO] [stderr]    Compiling itertools v0.10.5
[INFO] [stdout] error[E0493]: destructor of `array_into_iter::IntoIter<T, N, D>` cannot be evaluated at compile-time
[INFO] [stdout]    --> /opt/rustwide/cargo-home/registry/src/index.crates.io-1949cf8c6b5b557f/konst-0.4.3/src/array/array_into_iter.rs:324:34
[INFO] [stdout]     |
[INFO] [stdout] 324 |     pub const fn assert_is_empty(self) {
[INFO] [stdout]     |                                  ^^^^ the destructor for this type cannot be evaluated in constant functions
[INFO] [stdout] ...
[INFO] [stdout] 327 |     }
[INFO] [stdout]     |     - value is dropped here
[INFO] [stdout] 
[INFO] [stdout] 
[INFO] [stderr]    Compiling aws-lc-sys v0.42.0
[INFO] [stdout] error[E0493]: destructor of `Option<(T, U)>` cannot be evaluated at compile-time
[INFO] [stdout]    --> /opt/rustwide/cargo-home/registry/src/index.crates.io-1949cf8c6b5b557f/konst-0.4.3/src/macros/control_flow.rs:83:42
[INFO] [stdout]     |
[INFO] [stdout]  81 |   macro_rules! if_let_Some {
[INFO] [stdout]  82 |       ($some:pat = $e:expr => $then:block $(else $else:block)?) => {
[INFO] [stdout]  83 |           match $crate::option::__opt($e) {opt =>
[INFO] [stdout]     |                                            ^^^ the destructor for this type cannot be evaluated in constant functions
[INFO] [stdout] ...
[INFO] [stdout]  90 |               }
[INFO] [stdout]     |               - value is dropped here
[INFO] [stdout]     |
[INFO] [stdout]    ::: /opt/rustwide/cargo-home/registry/src/index.crates.io-1949cf8c6b5b557f/konst-0.4.3/src/option.rs:635:5
[INFO] [stdout]     |
[INFO] [stdout] 635 | /     crate::if_let_Some! {tuple = opt => {
[INFO] [stdout] 636 | |         crate::destructure!{(l, r) = tuple}
[INFO] [stdout] 637 | |
[INFO] [stdout] 638 | |         (Some(l), Some(r))
[INFO] [stdout] 639 | |     } else {
[INFO] [stdout] 640 | |         (None, None)
[INFO] [stdout] 641 | |     }}
[INFO] [stdout]     | |______- in this macro invocation
[INFO] [stdout] 
[INFO] [stdout] 
[INFO] [stderr]    Compiling ring v0.17.14
[INFO] [stderr]    Compiling blake3 v1.8.5
[INFO] [stdout] For more information about this error, try `rustc --explain E0493`.
[INFO] [stdout] 
[INFO] [stderr] error: could not compile `konst` (lib) due to 3 previous errors
[INFO] [stderr] warning: build failed, waiting for other jobs to finish...
[INFO] running `Command { std: "docker" "inspect" "305e729211c5fc5dc6a4892c714e386207f76e7761b0484831571c60c0d4cbec", kill_on_drop: false }`
[INFO] running `Command { std: "docker" "rm" "-f" "305e729211c5fc5dc6a4892c714e386207f76e7761b0484831571c60c0d4cbec", kill_on_drop: false }`
[INFO] [stdout] 305e729211c5fc5dc6a4892c714e386207f76e7761b0484831571c60c0d4cbec
