[INFO] fetching crate kyber-rs 0.1.0-alpha.9...
[INFO] checking kyber-rs-0.1.0-alpha.9 against c60b92c03ca8a3b101eb9d57f51e2232690638c7 for pr-164148-crater-rollup
[INFO] extracting crate kyber-rs 0.1.0-alpha.9 into /workspace/builds/worker-3-tc2/source
[INFO] started tweaking crates.io crate kyber-rs 0.1.0-alpha.9
[INFO] finished tweaking crates.io crate kyber-rs 0.1.0-alpha.9
[INFO] tweaked toml for crates.io crate kyber-rs 0.1.0-alpha.9 written to /workspace/builds/worker-3-tc2/source/Cargo.toml
[INFO] validating manifest of crates.io crate kyber-rs 0.1.0-alpha.9 on toolchain c60b92c03ca8a3b101eb9d57f51e2232690638c7
[INFO] running `Command { std: CARGO_HOME="/workspace/cargo-home" RUSTUP_HOME="/workspace/rustup-home" "/workspace/cargo-home/bin/cargo" "+c60b92c03ca8a3b101eb9d57f51e2232690638c7" "metadata" "--manifest-path" "Cargo.toml" "--no-deps", kill_on_drop: false }`
[INFO] running `Command { std: CARGO_HOME="/workspace/cargo-home" RUSTUP_HOME="/workspace/rustup-home" "/workspace/cargo-home/bin/cargo" "+c60b92c03ca8a3b101eb9d57f51e2232690638c7" "generate-lockfile" "--manifest-path" "Cargo.toml", kill_on_drop: false }`
[INFO] [stderr]     Updating crates.io index
[INFO] [stderr]      Locking 136 packages to highest compatible versions
[INFO] [stderr]       Adding aes-gcm v0.10.3 (available: v0.11.1)
[INFO] [stderr]       Adding bincode v1.3.3 (available: v3.0.0)
[INFO] [stderr]       Adding criterion v0.4.0 (available: v0.8.2)
[INFO] [stderr]       Adding crypto v0.4.0 (available: v0.5.1)
[INFO] [stderr]       Adding digest v0.10.7 (available: v0.11.3)
[INFO] [stderr]       Adding generic-array v0.14.7 (available: v0.14.9)
[INFO] [stderr]       Adding hkdf v0.12.4 (available: v0.13.0)
[INFO] [stderr]       Adding num-bigint-dig v0.8.6 (available: v0.9.1)
[INFO] [stderr]       Adding rand v0.8.8 (available: v0.10.3)
[INFO] [stderr]       Adding scanner-rust v2.0.18 (available: v3.0.0)
[INFO] [stderr]       Adding sha2 v0.10.9 (available: v0.11.1)
[INFO] [stderr]       Adding thiserror v1.0.69 (available: v2.0.21)
[INFO] running `Command { std: CARGO_HOME="/workspace/cargo-home" RUSTUP_HOME="/workspace/rustup-home" "/workspace/cargo-home/bin/cargo" "+c60b92c03ca8a3b101eb9d57f51e2232690638c7" "fetch" "--manifest-path" "Cargo.toml", kill_on_drop: false }`
[INFO] running `Command { std: "docker" "create" "-v" "/var/lib/crater-agent-workspace/builds/worker-3-tc2/source:/opt/rustwide/workdir:ro,Z" "-v" "/var/lib/crater-agent-workspace/builds/worker-3-tc2/target:/opt/rustwide/target:rw,Z" "-v" "/var/lib/crater-agent-workspace/cargo-home:/opt/rustwide/cargo-home:ro,Z" "-v" "/var/lib/crater-agent-workspace/rustup-home:/opt/rustwide/rustup-home:ro,Z" "-m" "1610612736" "--network" "none" "ghcr.io/rust-lang/crates-build-env/linux@sha256:77db811e55d90add9212f6832c23229e3de5f1c1f9905e8cb07319ea15df73ac" "sleep" "infinity", kill_on_drop: false }`
[INFO] [stdout] 35eee782c1d0bfed12a5b55d30ef69daa6f9df6e5df308ea843bf0dc14576ed9
[INFO] running `Command { std: "docker" "start" "35eee782c1d0bfed12a5b55d30ef69daa6f9df6e5df308ea843bf0dc14576ed9", kill_on_drop: false }`
[INFO] running `Command { std: "docker" "inspect" "35eee782c1d0bfed12a5b55d30ef69daa6f9df6e5df308ea843bf0dc14576ed9", kill_on_drop: false }`
[INFO] running `Command { std: "docker" "exec" "-e" "SOURCE_DIR=/opt/rustwide/workdir" "-e" "CARGO_HOME=/opt/rustwide/cargo-home" "-e" "RUSTUP_HOME=/opt/rustwide/rustup-home" "-e" "CARGO_TARGET_DIR=/opt/rustwide/target" "-w" "/opt/rustwide/workdir" "--user" "0:0" "35eee782c1d0bfed12a5b55d30ef69daa6f9df6e5df308ea843bf0dc14576ed9" "/opt/rustwide/cargo-home/bin/cargo" "+c60b92c03ca8a3b101eb9d57f51e2232690638c7" "metadata" "--no-deps" "--format-version=1", kill_on_drop: false }`
[INFO] running `Command { std: "docker" "inspect" "35eee782c1d0bfed12a5b55d30ef69daa6f9df6e5df308ea843bf0dc14576ed9", kill_on_drop: false }`
[INFO] running `Command { std: "docker" "exec" "-e" "SOURCE_DIR=/opt/rustwide/workdir" "-e" "CARGO_HOME=/opt/rustwide/cargo-home" "-e" "RUSTUP_HOME=/opt/rustwide/rustup-home" "-e" "CARGO_TARGET_DIR=/opt/rustwide/target" "-e" "CARGO_INCREMENTAL=0" "-e" "RUST_BACKTRACE=full" "-e" "RUSTFLAGS=--cap-lints=forbid" "-e" "RUSTDOCFLAGS=--cap-lints=forbid" "-w" "/opt/rustwide/workdir" "--user" "0:0" "35eee782c1d0bfed12a5b55d30ef69daa6f9df6e5df308ea843bf0dc14576ed9" "/opt/rustwide/cargo-home/bin/cargo" "+c60b92c03ca8a3b101eb9d57f51e2232690638c7" "check" "--frozen" "--all" "--all-targets" "--message-format=json", kill_on_drop: false }`
[INFO] [stderr]     Checking cfg-if v1.0.5
[INFO] [stderr]    Compiling proc-macro2 v1.0.107
[INFO] [stderr]    Compiling quote v1.0.47
[INFO] [stderr]    Compiling unicode-ident v1.0.27
[INFO] [stderr]    Compiling libc v0.2.191
[INFO] [stderr]    Compiling version_check v0.9.5
[INFO] [stderr]     Checking typenum v1.20.1
[INFO] [stderr]    Compiling autocfg v1.5.1
[INFO] [stderr]    Compiling zerocopy v0.8.63
[INFO] [stderr]    Compiling serde_core v1.0.229
[INFO] [stderr]     Checking subtle v2.6.1
[INFO] [stderr]    Compiling num-traits v0.2.19
[INFO] [stderr]    Compiling crossbeam-utils v0.8.23
[INFO] [stderr]    Compiling serde v1.0.229
[INFO] [stderr]    Compiling generic-array v0.14.7
[INFO] [stderr]    Compiling crossbeam-epoch v0.9.21
[INFO] [stderr]     Checking cpufeatures v0.2.17
[INFO] [stderr]    Compiling zmij v1.0.23
[INFO] [stderr]    Compiling crossbeam-deque v0.8.8
[INFO] [stderr]    Compiling indexmap v1.9.3
[INFO] [stderr]    Compiling syn v2.0.119
[INFO] [stderr]    Compiling syn v3.0.9
[INFO] [stderr]    Compiling serde_json v1.0.154
[INFO] [stderr]    Compiling find-msvc-tools v0.1.14
[INFO] [stderr]    Compiling rustversion v1.0.23
[INFO] [stderr]     Checking either v1.19.0
[INFO] [stderr]    Compiling shlex v2.0.1
[INFO] [stderr]    Compiling rayon-core v1.13.0
[INFO] [stderr]    Compiling cc v1.8.0
[INFO] [stderr]     Checking ciborium-io v0.2.2
[INFO] [stderr]     Checking memchr v2.8.3
[INFO] [stderr]    Compiling crc32fast v1.5.2
[INFO] [stderr]     Checking spin v0.9.9
[INFO] [stderr]     Checking os_str_bytes v6.6.1
[INFO] [stderr]     Checking getrandom v0.2.17
[INFO] [stderr]     Checking rand_core v0.6.4
[INFO] [stderr]    Compiling libm v0.2.16
[INFO] [stderr]     Checking plotters-backend v0.3.7
[INFO] [stderr]     Checking hashbrown v0.12.3
[INFO] [stderr]     Checking regex-syntax v0.8.11
[INFO] [stderr]     Checking opaque-debug v0.3.1
[INFO] [stderr]     Checking itoa v1.0.18
[INFO] [stderr]     Checking plotters-svg v0.3.7
[INFO] [stderr]     Checking clap_lex v0.2.4
[INFO] [stderr]     Checking lazy_static v1.5.1
[INFO] [stderr]     Checking crypto-common v0.1.7
[INFO] [stderr]     Checking inout v0.1.4
[INFO] [stderr]     Checking block-buffer v0.10.4
[INFO] [stderr]     Checking cipher v0.4.4
[INFO] [stderr]     Checking digest v0.10.7
[INFO] [stderr]     Checking universal-hash v0.5.1
[INFO] [stderr]     Checking polyval v0.6.2
[INFO] [stderr]     Checking num-integer v0.1.47
[INFO] [stderr]     Checking itertools v0.10.5
[INFO] [stderr]     Checking cast v0.3.0
[INFO] [stderr]    Compiling thiserror v1.0.69
[INFO] [stderr]    Compiling num-bigint-dig v0.8.6
[INFO] [stderr]     Checking same-file v1.0.6
[INFO] [stderr]    Compiling blake3 v1.8.7
[INFO] [stderr]    Compiling anyhow v1.0.104
[INFO] [stderr]     Checking simd-adler32 v0.3.10
[INFO] [stderr]     Checking regex-automata v0.4.18
[INFO] [stderr]     Checking textwrap v0.16.4
[INFO] [stderr]     Checking bitflags v1.3.2
[INFO] [stderr]     Checking adler2 v2.0.1
[INFO] [stderr]    Compiling serde_derive v1.0.229
[INFO] [stderr]    Compiling enum-ordinalize-derive v4.4.2
[INFO] [stderr]     Checking miniz_oxide v0.9.1
[INFO] [stderr]     Checking clap v3.2.25
[INFO] [stderr]    Compiling enum-ordinalize v4.4.2
[INFO] [stderr]     Checking walkdir v2.5.0
[INFO] [stderr]     Checking generic-array v1.4.5
[INFO] [stderr]     Checking rayon v1.12.0
[INFO] [stderr]     Checking num-iter v0.1.46
[INFO] [stderr]     Checking ghash v0.5.1
[INFO] [stderr]     Checking hmac v0.12.1
[INFO] [stderr]     Checking aes v0.8.4
[INFO] [stdout] error[E0493]: destructor of `ArrayBuilder<T, N>` cannot be evaluated at compile-time
[INFO] [stdout]    --> /opt/rustwide/cargo-home/registry/src/index.crates.io-1949cf8c6b5b557f/generic-array-1.4.5/src/internal.rs:103:31
[INFO] [stdout]     |
[INFO] [stdout] 103 |     pub unsafe fn assume_init(self) -> GenericArray<T, N> {
[INFO] [stdout]     |                               ^^^^ the destructor for this type cannot be evaluated in constant functions
[INFO] [stdout] ...
[INFO] [stdout] 109 |     }
[INFO] [stdout]     |     - value is dropped here
[INFO] [stdout] 
[INFO] [stdout] 
[INFO] [stdout] error[E0493]: destructor of `GenericArray<core::mem::MaybeUninit<*const T>, N>` cannot be evaluated at compile-time
[INFO] [stdout]    --> /opt/rustwide/cargo-home/registry/src/index.crates.io-1949cf8c6b5b557f/generic-array-1.4.5/src/lib.rs:983:13
[INFO] [stdout]     |
[INFO] [stdout] 983 |         let mut out: GenericArray<MaybeUninit<*const T>, N> = GenericArray::uninit();
[INFO] [stdout]     |             ^^^^^^^ the destructor for this type cannot be evaluated in constant functions
[INFO] [stdout] ...
[INFO] [stdout] 998 |     }
[INFO] [stdout]     |     - value is dropped here
[INFO] [stdout] 
[INFO] [stdout] 
[INFO] [stdout] error[E0493]: destructor of `GenericArray<core::mem::MaybeUninit<*mut T>, N>` cannot be evaluated at compile-time
[INFO] [stdout]     --> /opt/rustwide/cargo-home/registry/src/index.crates.io-1949cf8c6b5b557f/generic-array-1.4.5/src/lib.rs:1018:13
[INFO] [stdout]      |
[INFO] [stdout] 1018 |         let mut out: GenericArray<MaybeUninit<*mut T>, N> = GenericArray::uninit();
[INFO] [stdout]      |             ^^^^^^^ the destructor for this type cannot be evaluated in constant functions
[INFO] [stdout] ...
[INFO] [stdout] 1033 |     }
[INFO] [stdout]      |     - value is dropped here
[INFO] [stdout] 
[INFO] [stdout] 
[INFO] [stdout] For more information about this error, try `rustc --explain E0493`.
[INFO] [stdout] 
[INFO] [stderr] error: could not compile `generic-array` (lib) due to 3 previous errors
[INFO] [stderr] warning: build failed, waiting for other jobs to finish...
[INFO] running `Command { std: "docker" "inspect" "35eee782c1d0bfed12a5b55d30ef69daa6f9df6e5df308ea843bf0dc14576ed9", kill_on_drop: false }`
[INFO] running `Command { std: "docker" "rm" "-f" "35eee782c1d0bfed12a5b55d30ef69daa6f9df6e5df308ea843bf0dc14576ed9", kill_on_drop: false }`
[INFO] [stdout] 35eee782c1d0bfed12a5b55d30ef69daa6f9df6e5df308ea843bf0dc14576ed9
