[INFO] fetching crate knope 0.23.0...
[INFO] checking knope-0.23.0 against c60b92c03ca8a3b101eb9d57f51e2232690638c7 for pr-164148-crater-rollup
[INFO] extracting crate knope 0.23.0 into /workspace/builds/worker-3-tc2/source
[INFO] started tweaking crates.io crate knope 0.23.0
[INFO] removed 0 missing tests
[INFO] finished tweaking crates.io crate knope 0.23.0
[INFO] tweaked toml for crates.io crate knope 0.23.0 written to /workspace/builds/worker-3-tc2/source/Cargo.toml
[INFO] validating manifest of crates.io crate knope 0.23.0 on toolchain c60b92c03ca8a3b101eb9d57f51e2232690638c7
[INFO] running `Command { std: CARGO_HOME="/workspace/cargo-home" RUSTUP_HOME="/workspace/rustup-home" "/workspace/cargo-home/bin/cargo" "+c60b92c03ca8a3b101eb9d57f51e2232690638c7" "metadata" "--manifest-path" "Cargo.toml" "--no-deps", kill_on_drop: false }`
[INFO] crate crates.io crate knope 0.23.0 already has a lockfile, it will not be regenerated
[INFO] running `Command { std: CARGO_HOME="/workspace/cargo-home" RUSTUP_HOME="/workspace/rustup-home" "/workspace/cargo-home/bin/cargo" "+c60b92c03ca8a3b101eb9d57f51e2232690638c7" "fetch" "--manifest-path" "Cargo.toml", kill_on_drop: false }`
[INFO] [stderr] warning: `package.homepage` is redundant with `package.documentation`
[INFO] [stderr]    --> Cargo.toml:168:12
[INFO] [stderr]     |
[INFO] [stderr] 166 | documentation = "https://knope.tech"
[INFO] [stderr]     |                 --------------------
[INFO] [stderr] 167 | edition = "2024"
[INFO] [stderr] 168 | homepage = "https://knope.tech"
[INFO] [stderr]     |            ^^^^^^^^^^^^^^^^^^^^
[INFO] [stderr]     |
[INFO] [stderr]     = note: `cargo::redundant_homepage` is set to `warn` by default
[INFO] [stderr] help: consider removing `package.homepage`
[INFO] [stderr] warning: `knope` (manifest) generated 1 warning
[INFO] running `Command { std: "docker" "create" "-v" "/var/lib/crater-agent-workspace/builds/worker-3-tc2/source:/opt/rustwide/workdir:ro,Z" "-v" "/var/lib/crater-agent-workspace/builds/worker-3-tc2/target:/opt/rustwide/target:rw,Z" "-v" "/var/lib/crater-agent-workspace/cargo-home:/opt/rustwide/cargo-home:ro,Z" "-v" "/var/lib/crater-agent-workspace/rustup-home:/opt/rustwide/rustup-home:ro,Z" "-m" "1610612736" "--network" "none" "ghcr.io/rust-lang/crates-build-env/linux@sha256:77db811e55d90add9212f6832c23229e3de5f1c1f9905e8cb07319ea15df73ac" "sleep" "infinity", kill_on_drop: false }`
[INFO] [stdout] 6f064d18523a30ac051418ecf4b5423cf0957fe77168fe3015f26fd4ade6538f
[INFO] running `Command { std: "docker" "start" "6f064d18523a30ac051418ecf4b5423cf0957fe77168fe3015f26fd4ade6538f", kill_on_drop: false }`
[INFO] running `Command { std: "docker" "inspect" "6f064d18523a30ac051418ecf4b5423cf0957fe77168fe3015f26fd4ade6538f", kill_on_drop: false }`
[INFO] running `Command { std: "docker" "exec" "-e" "SOURCE_DIR=/opt/rustwide/workdir" "-e" "CARGO_HOME=/opt/rustwide/cargo-home" "-e" "RUSTUP_HOME=/opt/rustwide/rustup-home" "-e" "CARGO_TARGET_DIR=/opt/rustwide/target" "-w" "/opt/rustwide/workdir" "--user" "0:0" "6f064d18523a30ac051418ecf4b5423cf0957fe77168fe3015f26fd4ade6538f" "/opt/rustwide/cargo-home/bin/cargo" "+c60b92c03ca8a3b101eb9d57f51e2232690638c7" "metadata" "--no-deps" "--format-version=1", kill_on_drop: false }`
[INFO] running `Command { std: "docker" "inspect" "6f064d18523a30ac051418ecf4b5423cf0957fe77168fe3015f26fd4ade6538f", kill_on_drop: false }`
[INFO] running `Command { std: "docker" "exec" "-e" "SOURCE_DIR=/opt/rustwide/workdir" "-e" "CARGO_HOME=/opt/rustwide/cargo-home" "-e" "RUSTUP_HOME=/opt/rustwide/rustup-home" "-e" "CARGO_TARGET_DIR=/opt/rustwide/target" "-e" "CARGO_INCREMENTAL=0" "-e" "RUST_BACKTRACE=full" "-e" "RUSTFLAGS=--cap-lints=forbid" "-e" "RUSTDOCFLAGS=--cap-lints=forbid" "-w" "/opt/rustwide/workdir" "--user" "0:0" "6f064d18523a30ac051418ecf4b5423cf0957fe77168fe3015f26fd4ade6538f" "/opt/rustwide/cargo-home/bin/cargo" "+c60b92c03ca8a3b101eb9d57f51e2232690638c7" "check" "--frozen" "--all" "--all-targets" "--message-format=json", kill_on_drop: false }`
[INFO] [stderr] warning: `package.homepage` is redundant with `package.documentation`
[INFO] [stderr]    --> Cargo.toml:168:12
[INFO] [stderr]     |
[INFO] [stderr] 166 | documentation = "https://knope.tech"
[INFO] [stderr]     |                 --------------------
[INFO] [stderr] 167 | edition = "2024"
[INFO] [stderr] 168 | homepage = "https://knope.tech"
[INFO] [stderr]     |            ^^^^^^^^^^^^^^^^^^^^
[INFO] [stderr]     |
[INFO] [stderr]     = note: `cargo::redundant_homepage` is set to `warn` by default
[INFO] [stderr] help: consider removing `package.homepage`
[INFO] [stderr] warning: `knope` (manifest) generated 1 warning
[INFO] [stderr]     Checking log v0.4.29
[INFO] [stderr]     Checking indexmap v2.14.0
[INFO] [stderr]     Checking serde v1.0.228
[INFO] [stderr]     Checking parking_lot_core v0.9.12
[INFO] [stderr]    Compiling serde_json v1.0.150
[INFO] [stderr]    Compiling rustix v1.1.4
[INFO] [stderr]    Compiling deno_error_macro v0.7.1
[INFO] [stderr]     Checking regex-automata v0.4.14
[INFO] [stderr]     Checking serde_bytes v0.11.19
[INFO] [stderr]     Checking parking_lot v0.12.5
[INFO] [stderr]     Checking sptr v0.3.2
[INFO] [stderr]    Compiling capacity_builder_macros v0.3.0
[INFO] [stderr]     Checking mio v1.2.0
[INFO] [stderr]     Checking compression-codecs v0.4.38
[INFO] [stderr]     Checking monch v0.5.0
[INFO] [stderr]     Checking winnow v1.0.3
[INFO] [stderr]    Compiling libz-sys v1.1.28
[INFO] [stderr]     Checking object v0.37.3
[INFO] [stderr]     Checking tokio v1.52.3
[INFO] [stderr]     Checking url v2.5.8
[INFO] [stderr]     Checking ecow v0.2.6
[INFO] [stderr]     Checking hipstr v0.6.0
[INFO] [stderr]     Checking rustc-demangle v0.1.27
[INFO] [stderr]     Checking chacha20 v0.10.0
[INFO] [stderr]     Checking serde_urlencoded v0.7.1
[INFO] [stderr]     Checking rustls-platform-verifier v0.7.0
[INFO] [stderr]     Checking capacity_builder v0.5.0
[INFO] [stderr]     Checking deno_error v0.7.1
[INFO] [stderr]    Compiling sys_traits_macros v0.1.0
[INFO] [stderr]     Checking toml_datetime v1.1.1+spec-1.1.0
[INFO] [stderr]     Checking deno_semver v0.9.1
[INFO] [stderr]     Checking xml v1.3.0
[INFO] [stderr]     Checking toml_writer v1.1.1+spec-1.1.0
[INFO] [stderr]    Compiling time-macros v0.2.27
[INFO] [stderr]     Checking supports-color v3.0.2
[INFO] [stderr]     Checking toml_parser v1.1.2+spec-1.1.0
[INFO] [stderr]     Checking terminal_size v0.4.4
[INFO] [stderr]     Checking sys_traits v0.1.27
[INFO] [stderr]     Checking crossbeam-epoch v0.9.18
[INFO] [stderr]    Compiling derive_more-impl v2.1.1
[INFO] [stderr]     Checking signal-hook v0.3.18
[INFO] [stderr]     Checking rand v0.10.1
[INFO] [stderr]     Checking jsonc-parser v0.32.4
[INFO] [stderr]     Checking regex v1.12.3
[INFO] [stderr]    Compiling libgit2-sys v0.18.4+1.9.3
[INFO] [stderr]    Compiling miette-derive v7.6.0
[INFO] [stderr]    Compiling boxed_error v0.2.3
[INFO] [stderr]     Checking serde_spanned v1.1.1
[INFO] [stderr]    Compiling execute-command-tokens v0.1.9
[INFO] [stderr]     Checking either v1.16.0
[INFO] [stderr]     Checking time v0.3.47
[INFO] [stderr]    Compiling execute-command-macro-impl v0.1.12
[INFO] [stderr]     Checking toml v1.1.2+spec-1.1.0
[INFO] [stderr]     Checking retry-policies v0.5.2
[INFO] [stderr]     Checking chrono v0.4.44
[INFO] [stderr]     Checking serde_yaml v0.9.34+deprecated
[INFO] [stderr]     Checking itertools v0.14.0
[INFO] [stderr]     Checking derive_more v2.1.1
[INFO] [stderr]     Checking git-conventional v1.1.0
[INFO] [stderr]     Checking globset v0.4.18
[INFO] [stderr]     Checking signal-hook-mio v0.2.5
[INFO] [stderr]     Checking deno_lockfile v0.49.0
[INFO] [stderr]     Checking crossbeam-deque v0.8.6
[INFO] [stderr]     Checking backtrace v0.3.76
[INFO] [stderr]     Checking deno_path_util v0.6.4
[INFO] [stderr]     Checking toml_edit v0.25.11+spec-1.1.0
[INFO] [stderr]     Checking xml-rs v1.0.0
[INFO] [stderr]     Checking xmltree v0.12.0
[INFO] [stderr]     Checking backtrace-ext v0.2.1
[INFO] [stderr]     Checking miette v7.6.0
[INFO] [stderr]     Checking relative-path v2.0.1
[INFO] [stderr]     Checking changesets v0.4.0
[INFO] [stderr]     Checking deno_maybe_sync v0.34.0
[INFO] [stderr]     Checking typenum v1.20.0
[INFO] [stderr]     Checking clap_builder v4.6.0
[INFO] [stderr]     Checking deno_package_json v0.49.0
[INFO] [stderr]     Checking dirs-sys v0.5.0
[INFO] [stderr]     Checking ignore v0.4.25
[INFO] [stderr]     Checking crossterm v0.29.0
[INFO] [stderr]     Checking execute-command-macro v0.1.11
[INFO] [stderr]     Checking import_map v0.25.0
[INFO] [stderr]     Checking knope-versioning v0.8.0
[INFO] [stderr]     Checking tempfile v3.27.0
[INFO] [stderr]     Checking tracing-subscriber v0.3.23
[INFO] [stderr]     Checking deno_config v0.97.0
[INFO] [stderr]     Checking inquire v0.9.4
[INFO] [stderr]     Checking knope-config v0.4.3
[INFO] [stderr]     Checking dirs v6.0.0
[INFO] [stderr]     Checking datta v0.1.1
[INFO] [stderr]     Checking snapbox-macros v1.1.0
[INFO] [stderr]     Checking content_inspector v0.2.4
[INFO] [stderr]     Checking snapbox v1.2.1
[INFO] [stderr]     Checking generic-array v1.4.1
[INFO] [stderr]     Checking clap v4.6.1
[INFO] [stdout] error[E0493]: destructor of `ArrayBuilder<T, N>` cannot be evaluated at compile-time
[INFO] [stdout]    --> /opt/rustwide/cargo-home/registry/src/index.crates.io-1949cf8c6b5b557f/generic-array-1.4.1/src/internal.rs:103:31
[INFO] [stdout]     |
[INFO] [stdout] 103 |     pub unsafe fn assume_init(self) -> GenericArray<T, N> {
[INFO] [stdout]     |                               ^^^^ the destructor for this type cannot be evaluated in constant functions
[INFO] [stdout] ...
[INFO] [stdout] 109 |     }
[INFO] [stdout]     |     - value is dropped here
[INFO] [stdout] 
[INFO] [stdout] 
[INFO] [stdout] error[E0493]: destructor of `GenericArray<core::mem::MaybeUninit<*const T>, N>` cannot be evaluated at compile-time
[INFO] [stdout]    --> /opt/rustwide/cargo-home/registry/src/index.crates.io-1949cf8c6b5b557f/generic-array-1.4.1/src/lib.rs:970:13
[INFO] [stdout]     |
[INFO] [stdout] 970 |         let mut out: GenericArray<MaybeUninit<*const T>, N> = GenericArray::uninit();
[INFO] [stdout]     |             ^^^^^^^ the destructor for this type cannot be evaluated in constant functions
[INFO] [stdout] ...
[INFO] [stdout] 985 |     }
[INFO] [stdout]     |     - value is dropped here
[INFO] [stdout] 
[INFO] [stdout] 
[INFO] [stdout] error[E0493]: destructor of `GenericArray<core::mem::MaybeUninit<*mut T>, N>` cannot be evaluated at compile-time
[INFO] [stdout]     --> /opt/rustwide/cargo-home/registry/src/index.crates.io-1949cf8c6b5b557f/generic-array-1.4.1/src/lib.rs:1005:13
[INFO] [stdout]      |
[INFO] [stdout] 1005 |         let mut out: GenericArray<MaybeUninit<*mut T>, N> = GenericArray::uninit();
[INFO] [stdout]      |             ^^^^^^^ the destructor for this type cannot be evaluated in constant functions
[INFO] [stdout] ...
[INFO] [stdout] 1020 |     }
[INFO] [stdout]      |     - value is dropped here
[INFO] [stdout] 
[INFO] [stdout] 
[INFO] [stdout] For more information about this error, try `rustc --explain E0493`.
[INFO] [stdout] 
[INFO] [stderr] error: could not compile `generic-array` (lib) due to 3 previous errors
[INFO] [stderr] warning: build failed, waiting for other jobs to finish...
[INFO] running `Command { std: "docker" "inspect" "6f064d18523a30ac051418ecf4b5423cf0957fe77168fe3015f26fd4ade6538f", kill_on_drop: false }`
[INFO] running `Command { std: "docker" "rm" "-f" "6f064d18523a30ac051418ecf4b5423cf0957fe77168fe3015f26fd4ade6538f", kill_on_drop: false }`
[INFO] [stdout] 6f064d18523a30ac051418ecf4b5423cf0957fe77168fe3015f26fd4ade6538f
