[INFO] fetching crate jetapi 0.2.1...
[INFO] checking jetapi-0.2.1 against c60b92c03ca8a3b101eb9d57f51e2232690638c7 for pr-164148-crater-rollup
[INFO] extracting crate jetapi 0.2.1 into /workspace/builds/worker-1-tc2/source
[INFO] started tweaking crates.io crate jetapi 0.2.1
[INFO] removed 0 missing examples
[INFO] finished tweaking crates.io crate jetapi 0.2.1
[INFO] tweaked toml for crates.io crate jetapi 0.2.1 written to /workspace/builds/worker-1-tc2/source/Cargo.toml
[INFO] validating manifest of crates.io crate jetapi 0.2.1 on toolchain c60b92c03ca8a3b101eb9d57f51e2232690638c7
[INFO] running `Command { std: CARGO_HOME="/workspace/cargo-home" RUSTUP_HOME="/workspace/rustup-home" "/workspace/cargo-home/bin/cargo" "+c60b92c03ca8a3b101eb9d57f51e2232690638c7" "metadata" "--manifest-path" "Cargo.toml" "--no-deps", kill_on_drop: false }`
[INFO] crate crates.io crate jetapi 0.2.1 already has a lockfile, it will not be regenerated
[INFO] running `Command { std: CARGO_HOME="/workspace/cargo-home" RUSTUP_HOME="/workspace/rustup-home" "/workspace/cargo-home/bin/cargo" "+c60b92c03ca8a3b101eb9d57f51e2232690638c7" "fetch" "--manifest-path" "Cargo.toml", kill_on_drop: false }`
[INFO] running `Command { std: "docker" "create" "-v" "/var/lib/crater-agent-workspace/builds/worker-1-tc2/source:/opt/rustwide/workdir:ro,Z" "-v" "/var/lib/crater-agent-workspace/builds/worker-1-tc2/target:/opt/rustwide/target:rw,Z" "-v" "/var/lib/crater-agent-workspace/cargo-home:/opt/rustwide/cargo-home:ro,Z" "-v" "/var/lib/crater-agent-workspace/rustup-home:/opt/rustwide/rustup-home:ro,Z" "-m" "1610612736" "--network" "none" "ghcr.io/rust-lang/crates-build-env/linux@sha256:77db811e55d90add9212f6832c23229e3de5f1c1f9905e8cb07319ea15df73ac" "sleep" "infinity", kill_on_drop: false }`
[INFO] [stdout] ce19adf57a87632b5cfb61b86f0299f1d6a92b011105b9f544f43b77d00cf468
[INFO] running `Command { std: "docker" "start" "ce19adf57a87632b5cfb61b86f0299f1d6a92b011105b9f544f43b77d00cf468", kill_on_drop: false }`
[INFO] running `Command { std: "docker" "inspect" "ce19adf57a87632b5cfb61b86f0299f1d6a92b011105b9f544f43b77d00cf468", kill_on_drop: false }`
[INFO] running `Command { std: "docker" "exec" "-e" "SOURCE_DIR=/opt/rustwide/workdir" "-e" "CARGO_HOME=/opt/rustwide/cargo-home" "-e" "RUSTUP_HOME=/opt/rustwide/rustup-home" "-e" "CARGO_TARGET_DIR=/opt/rustwide/target" "-w" "/opt/rustwide/workdir" "--user" "0:0" "ce19adf57a87632b5cfb61b86f0299f1d6a92b011105b9f544f43b77d00cf468" "/opt/rustwide/cargo-home/bin/cargo" "+c60b92c03ca8a3b101eb9d57f51e2232690638c7" "metadata" "--no-deps" "--format-version=1", kill_on_drop: false }`
[INFO] running `Command { std: "docker" "inspect" "ce19adf57a87632b5cfb61b86f0299f1d6a92b011105b9f544f43b77d00cf468", kill_on_drop: false }`
[INFO] running `Command { std: "docker" "exec" "-e" "SOURCE_DIR=/opt/rustwide/workdir" "-e" "CARGO_HOME=/opt/rustwide/cargo-home" "-e" "RUSTUP_HOME=/opt/rustwide/rustup-home" "-e" "CARGO_TARGET_DIR=/opt/rustwide/target" "-e" "CARGO_INCREMENTAL=0" "-e" "RUST_BACKTRACE=full" "-e" "RUSTFLAGS=--cap-lints=forbid" "-e" "RUSTDOCFLAGS=--cap-lints=forbid" "-w" "/opt/rustwide/workdir" "--user" "0:0" "ce19adf57a87632b5cfb61b86f0299f1d6a92b011105b9f544f43b77d00cf468" "/opt/rustwide/cargo-home/bin/cargo" "+c60b92c03ca8a3b101eb9d57f51e2232690638c7" "check" "--frozen" "--all" "--all-targets" "--message-format=json", kill_on_drop: false }`
[INFO] [stderr]    Compiling libc v0.2.189
[INFO] [stderr]     Checking subtle v2.6.1
[INFO] [stderr]    Compiling zerocopy v0.8.56
[INFO] [stderr]     Checking smallvec v1.15.2
[INFO] [stderr]     Checking http v1.5.0
[INFO] [stderr]    Compiling find-msvc-tools v0.1.11
[INFO] [stderr]     Checking futures-sink v0.3.34
[INFO] [stderr]    Compiling proc-macro2 v1.0.107
[INFO] [stderr]     Checking zeroize v1.9.0
[INFO] [stderr]    Compiling pkg-config v0.3.34
[INFO] [stderr]     Checking generic-array v0.14.7
[INFO] [stderr]     Checking alloc-stdlib v0.2.4
[INFO] [stderr]     Checking simd-adler32 v0.3.10
[INFO] [stderr]    Compiling winnow v1.0.4
[INFO] [stderr]    Compiling hashbrown v0.17.1
[INFO] [stderr]    Compiling rustversion v1.0.23
[INFO] [stderr]    Compiling thiserror v2.0.20
[INFO] [stderr]    Compiling uncased v0.9.10
[INFO] [stderr]     Checking miniz_oxide v0.8.9
[INFO] [stderr]     Checking brotli-decompressor v5.0.3
[INFO] [stderr]    Compiling time-core v0.1.9
[INFO] [stderr]     Checking bitflags v2.13.1
[INFO] [stderr]    Compiling cfg_aliases v0.2.2
[INFO] [stderr]    Compiling num-conv v0.2.2
[INFO] [stderr]     Checking data-encoding v2.11.1
[INFO] [stderr]    Compiling toml_datetime v1.1.1+spec-1.1.0
[INFO] [stderr]    Compiling getrandom v0.4.3
[INFO] [stderr]    Compiling rustix v1.1.4
[INFO] [stderr]    Compiling time-macros v0.2.32
[INFO] [stderr]    Compiling quote v1.0.47
[INFO] [stderr]    Compiling nix v0.30.1
[INFO] [stderr]     Checking flate2 v1.1.9
[INFO] [stderr]    Compiling indexmap v2.14.0
[INFO] [stderr]    Compiling mime_guess v2.0.5
[INFO] [stderr]     Checking aho-corasick v1.1.5
[INFO] [stderr]    Compiling cookie v0.18.2
[INFO] [stderr]    Compiling syn v3.0.3
[INFO] [stderr]     Checking block-buffer v0.10.4
[INFO] [stderr]    Compiling syn v2.0.119
[INFO] [stderr]     Checking inout v0.1.4
[INFO] [stderr]    Compiling multer v3.1.0
[INFO] [stderr]     Checking futures-channel v0.3.34
[INFO] [stderr]     Checking compression-core v0.4.32
[INFO] [stderr]     Checking brotli v8.0.4
[INFO] [stderr]     Checking log v0.4.33
[INFO] [stderr]     Checking deranged v0.5.8
[INFO] [stderr]     Checking chrono v0.4.45
[INFO] [stderr]     Checking http-body v1.1.0
[INFO] [stderr]     Checking headers-core v0.3.0
[INFO] [stderr]     Checking generic-array v1.4.5
[INFO] [stderr]     Checking fastrand v2.5.0
[INFO] [stderr]     Checking spin v0.9.9
[INFO] [stderr]    Compiling anyhow v1.0.104
[INFO] [stderr]    Compiling toml_parser v1.1.3+spec-1.1.0
[INFO] [stderr]     Checking rfc7239 v0.1.3
[INFO] [stdout] error[E0493]: destructor of `ArrayBuilder<T, N>` cannot be evaluated at compile-time
[INFO] [stdout]    --> /opt/rustwide/cargo-home/registry/src/index.crates.io-1949cf8c6b5b557f/generic-array-1.4.5/src/internal.rs:103:31
[INFO] [stdout]     |
[INFO] [stdout] 103 |     pub unsafe fn assume_init(self) -> GenericArray<T, N> {
[INFO] [stdout]     |                               ^^^^ the destructor for this type cannot be evaluated in constant functions
[INFO] [stdout] ...
[INFO] [stdout] 109 |     }
[INFO] [stdout]     |     - value is dropped here
[INFO] [stdout] 
[INFO] [stdout] 
[INFO] [stdout] error[E0493]: destructor of `GenericArray<core::mem::MaybeUninit<*const T>, N>` cannot be evaluated at compile-time
[INFO] [stdout]    --> /opt/rustwide/cargo-home/registry/src/index.crates.io-1949cf8c6b5b557f/generic-array-1.4.5/src/lib.rs:983:13
[INFO] [stdout]     |
[INFO] [stdout] 983 |         let mut out: GenericArray<MaybeUninit<*const T>, N> = GenericArray::uninit();
[INFO] [stdout]     |             ^^^^^^^ the destructor for this type cannot be evaluated in constant functions
[INFO] [stdout] ...
[INFO] [stdout] 998 |     }
[INFO] [stdout]     |     - value is dropped here
[INFO] [stdout] 
[INFO] [stdout] 
[INFO] [stdout] error[E0493]: destructor of `GenericArray<core::mem::MaybeUninit<*mut T>, N>` cannot be evaluated at compile-time
[INFO] [stdout]     --> /opt/rustwide/cargo-home/registry/src/index.crates.io-1949cf8c6b5b557f/generic-array-1.4.5/src/lib.rs:1018:13
[INFO] [stdout]      |
[INFO] [stdout] 1018 |         let mut out: GenericArray<MaybeUninit<*mut T>, N> = GenericArray::uninit();
[INFO] [stdout]      |             ^^^^^^^ the destructor for this type cannot be evaluated in constant functions
[INFO] [stdout] ...
[INFO] [stdout] 1033 |     }
[INFO] [stdout]      |     - value is dropped here
[INFO] [stdout] 
[INFO] [stdout] 
[INFO] [stdout] For more information about this error, try `rustc --explain E0493`.
[INFO] [stdout] 
[INFO] [stderr] error: could not compile `generic-array` (lib) due to 3 previous errors
[INFO] [stderr] warning: build failed, waiting for other jobs to finish...
[INFO] running `Command { std: "docker" "inspect" "ce19adf57a87632b5cfb61b86f0299f1d6a92b011105b9f544f43b77d00cf468", kill_on_drop: false }`
[INFO] running `Command { std: "docker" "rm" "-f" "ce19adf57a87632b5cfb61b86f0299f1d6a92b011105b9f544f43b77d00cf468", kill_on_drop: false }`
[INFO] [stdout] ce19adf57a87632b5cfb61b86f0299f1d6a92b011105b9f544f43b77d00cf468
