[INFO] fetching crate icydb 0.269.1...
[INFO] checking icydb-0.269.1 against c60b92c03ca8a3b101eb9d57f51e2232690638c7 for pr-164148-crater-rollup
[INFO] extracting crate icydb 0.269.1 into /workspace/builds/worker-1-tc2/source
[INFO] started tweaking crates.io crate icydb 0.269.1
[INFO] removed 0 missing tests
[INFO] finished tweaking crates.io crate icydb 0.269.1
[INFO] tweaked toml for crates.io crate icydb 0.269.1 written to /workspace/builds/worker-1-tc2/source/Cargo.toml
[INFO] validating manifest of crates.io crate icydb 0.269.1 on toolchain c60b92c03ca8a3b101eb9d57f51e2232690638c7
[INFO] running `Command { std: CARGO_HOME="/workspace/cargo-home" RUSTUP_HOME="/workspace/rustup-home" "/workspace/cargo-home/bin/cargo" "+c60b92c03ca8a3b101eb9d57f51e2232690638c7" "metadata" "--manifest-path" "Cargo.toml" "--no-deps", kill_on_drop: false }`
[INFO] crate crates.io crate icydb 0.269.1 already has a lockfile, it will not be regenerated
[INFO] running `Command { std: CARGO_HOME="/workspace/cargo-home" RUSTUP_HOME="/workspace/rustup-home" "/workspace/cargo-home/bin/cargo" "+c60b92c03ca8a3b101eb9d57f51e2232690638c7" "fetch" "--manifest-path" "Cargo.toml", kill_on_drop: false }`
[INFO] running `Command { std: "docker" "create" "-v" "/var/lib/crater-agent-workspace/builds/worker-1-tc2/source:/opt/rustwide/workdir:ro,Z" "-v" "/var/lib/crater-agent-workspace/builds/worker-1-tc2/target:/opt/rustwide/target:rw,Z" "-v" "/var/lib/crater-agent-workspace/cargo-home:/opt/rustwide/cargo-home:ro,Z" "-v" "/var/lib/crater-agent-workspace/rustup-home:/opt/rustwide/rustup-home:ro,Z" "-m" "1610612736" "--network" "none" "ghcr.io/rust-lang/crates-build-env/linux@sha256:77db811e55d90add9212f6832c23229e3de5f1c1f9905e8cb07319ea15df73ac" "sleep" "infinity", kill_on_drop: false }`
[INFO] [stdout] f1d6f58e8511961cb6e783f44174138de405674af566155f769a9d8c284e1ba6
[INFO] running `Command { std: "docker" "start" "f1d6f58e8511961cb6e783f44174138de405674af566155f769a9d8c284e1ba6", kill_on_drop: false }`
[INFO] running `Command { std: "docker" "inspect" "f1d6f58e8511961cb6e783f44174138de405674af566155f769a9d8c284e1ba6", kill_on_drop: false }`
[INFO] running `Command { std: "docker" "exec" "-e" "SOURCE_DIR=/opt/rustwide/workdir" "-e" "CARGO_HOME=/opt/rustwide/cargo-home" "-e" "RUSTUP_HOME=/opt/rustwide/rustup-home" "-e" "CARGO_TARGET_DIR=/opt/rustwide/target" "-w" "/opt/rustwide/workdir" "--user" "0:0" "f1d6f58e8511961cb6e783f44174138de405674af566155f769a9d8c284e1ba6" "/opt/rustwide/cargo-home/bin/cargo" "+c60b92c03ca8a3b101eb9d57f51e2232690638c7" "metadata" "--no-deps" "--format-version=1", kill_on_drop: false }`
[INFO] running `Command { std: "docker" "inspect" "f1d6f58e8511961cb6e783f44174138de405674af566155f769a9d8c284e1ba6", kill_on_drop: false }`
[INFO] running `Command { std: "docker" "exec" "-e" "SOURCE_DIR=/opt/rustwide/workdir" "-e" "CARGO_HOME=/opt/rustwide/cargo-home" "-e" "RUSTUP_HOME=/opt/rustwide/rustup-home" "-e" "CARGO_TARGET_DIR=/opt/rustwide/target" "-e" "CARGO_INCREMENTAL=0" "-e" "RUST_BACKTRACE=full" "-e" "RUSTFLAGS=--cap-lints=forbid" "-e" "RUSTDOCFLAGS=--cap-lints=forbid" "-w" "/opt/rustwide/workdir" "--user" "0:0" "f1d6f58e8511961cb6e783f44174138de405674af566155f769a9d8c284e1ba6" "/opt/rustwide/cargo-home/bin/cargo" "+c60b92c03ca8a3b101eb9d57f51e2232690638c7" "check" "--frozen" "--all" "--all-targets" "--message-format=json", kill_on_drop: false }`
[INFO] [stderr]    Compiling quote v1.0.47
[INFO] [stderr]    Compiling proc-macro2 v1.0.107
[INFO] [stderr]    Compiling cc v1.6.0
[INFO] [stderr]    Compiling libc v0.2.190
[INFO] [stderr]    Compiling binrw_derive v0.15.2
[INFO] [stderr]    Compiling binrw v0.15.2
[INFO] [stderr]    Compiling either v1.19.0
[INFO] [stderr]    Compiling serde_core v1.0.229
[INFO] [stderr]    Compiling lazy_static v1.5.1
[INFO] [stderr]    Compiling syn v1.0.109
[INFO] [stderr]    Compiling serde v1.0.229
[INFO] [stderr]    Compiling libm v0.2.16
[INFO] [stderr]    Compiling minicbor v0.19.1
[INFO] [stderr]    Compiling crc32fast v1.5.2
[INFO] [stderr]    Compiling unicode-width v0.2.2
[INFO] [stderr]    Compiling array-init v2.1.0
[INFO] [stderr]    Compiling bytemuck v1.25.2
[INFO] [stderr]    Compiling typed-arena v2.0.2
[INFO] [stderr]    Compiling data-encoding v2.11.1
[INFO] [stderr]    Compiling arrayvec v0.5.2
[INFO] [stderr]    Compiling pretty v0.12.5
[INFO] [stderr]    Compiling syn v2.0.119
[INFO] [stderr]    Compiling syn v3.0.6
[INFO] [stderr]    Compiling num-traits v0.2.19
[INFO] [stderr]    Compiling anyhow v1.0.104
[INFO] [stderr]    Compiling psm v0.1.32
[INFO] [stderr]    Compiling stacker v0.1.25
[INFO] [stderr]    Compiling byteorder v1.5.0
[INFO] [stderr]    Compiling leb128 v0.2.7
[INFO] [stderr]    Compiling zerocopy v0.8.62
[INFO] [stderr]    Compiling num-integer v0.1.47
[INFO] [stderr]    Compiling ic-cdk-executor v2.0.0
[INFO] [stderr]     Checking winnow v1.0.4
[INFO] [stderr]     Checking toml_datetime v1.1.2+spec-1.1.0
[INFO] [stderr]    Compiling num-conv v0.2.2
[INFO] [stderr]    Compiling serde_bytes v0.11.19
[INFO] [stderr]     Checking smallvec v1.16.2
[INFO] [stderr]    Compiling time-core v0.1.9
[INFO] [stderr]    Compiling deranged v0.5.8
[INFO] [stderr]     Checking powerfmt v0.2.1
[INFO] [stderr]     Checking ic0 v1.2.0
[INFO] [stderr]     Checking time v0.3.55
[INFO] [stderr]    Compiling toml_parser v1.1.5+spec-1.1.0
[INFO] [stderr]    Compiling linktime-proc-macro v0.2.3
[INFO] [stderr]     Checking link-section v0.19.3
[INFO] [stderr]     Checking base32 v0.4.0
[INFO] [stderr]     Checking unicode-ident v1.0.26
[INFO] [stderr]     Checking ctor v1.0.13
[INFO] [stderr]    Compiling toml_edit v0.25.17+spec-1.1.0
[INFO] [stderr]    Compiling ic-cdk-timers v1.0.0
[INFO] [stderr]    Compiling minicbor-derive v0.13.0
[INFO] [stderr]    Compiling ethnum v1.5.3
[INFO] [stderr]     Checking ulid v3.0.0
[INFO] [stderr]    Compiling darling_core v0.24.1
[INFO] [stderr]    Compiling darling_core v0.23.0
[INFO] [stderr]    Compiling proc-macro-crate v3.5.0
[INFO] [stderr]     Checking serde_json v1.0.151
[INFO] [stderr]    Compiling convert_case v0.12.0
[INFO] [stderr]    Compiling target-tuple v1.0.2
[INFO] [stderr]     Checking ic-metrics v0.3.5
[INFO] [stderr]    Compiling serde_derive v1.0.229
[INFO] [stderr]    Compiling remain v0.2.16
[INFO] [stderr]     Checking icydb-diagnostic-code v0.269.1
[INFO] [stderr]    Compiling thiserror-impl v1.0.69
[INFO] [stderr]    Compiling candid_derive v0.10.37
[INFO] [stderr]    Compiling strum_macros v0.26.4
[INFO] [stderr]    Compiling thiserror-impl v2.0.18
[INFO] [stderr]    Compiling thiserror v1.0.69
[INFO] [stderr]    Compiling zerocopy-derive v0.8.62
[INFO] [stderr]    Compiling derive_more-impl v2.1.1
[INFO] [stderr]    Compiling darling_macro v0.23.0
[INFO] [stderr]    Compiling darling v0.23.0
[INFO] [stderr]    Compiling darling_macro v0.24.1
[INFO] [stderr]     Checking strum v0.26.3
[INFO] [stderr]     Checking getrandom v0.4.3
[INFO] [stderr]    Compiling darling v0.24.1
[INFO] [stderr]     Checking serde_spanned v1.1.2
[INFO] [stderr]     Checking base64 v0.23.1
[INFO] [stderr]     Checking xxhash-rust v0.8.19
[INFO] [stderr]    Compiling derive_more v2.1.1
[INFO] [stderr]     Checking toml_writer v1.1.3+spec-1.1.0
[INFO] [stderr]     Checking thiserror v2.0.18
[INFO] [stderr]     Checking ic-timers v0.16.4
[INFO] [stderr]     Checking toml v1.1.8+spec-1.1.0
[INFO] [stderr]     Checking ic_principal v0.1.5
[INFO] [stderr]     Checking hex v0.4.3
[INFO] [stderr]     Checking num-bigint v0.4.8
[INFO] [stderr]     Checking ic-stable-structures v0.7.2
[INFO] [stderr]     Checking ic-error-types v0.2.0
[INFO] [stderr]     Checking trybuild v1.0.122
[INFO] [stderr]    Compiling candid v0.10.37
[INFO] [stderr]     Checking icrc-cbor v0.1.0
[INFO] [stderr]     Checking icrc-ledger-types v0.2.0
[INFO] [stderr]    Compiling ic-cdk-macros v0.20.3
[INFO] [stderr]     Checking half v2.7.1
[INFO] [stderr]     Checking ppv-lite86 v0.2.21
[INFO] [stderr]     Checking ic-cdk v0.20.3
[INFO] [stderr]     Checking ciborium-ll v0.2.2
[INFO] [stderr]     Checking ciborium v0.2.2
[INFO] [stderr]     Checking rand_chacha v0.10.0
[INFO] [stderr]     Checking ic-memory v0.33.4
[INFO] [stderr]     Checking icydb-schema v0.269.1
[INFO] [stderr]     Checking icydb-core v0.269.1
[INFO] [stderr]    Compiling icydb-model-macros v0.269.1
[INFO] [stderr]     Checking icydb-model v0.269.1
[INFO] [stdout] error[E0493]: destructor of `AggregateExpr` cannot be evaluated at compile-time
[INFO] [stdout]   --> /opt/rustwide/cargo-home/registry/src/index.crates.io-1949cf8c6b5b557f/icydb-core-0.269.1/src/db/query/builder/aggregate/expr.rs:79:27
[INFO] [stdout]    |
[INFO] [stdout] 79 |     pub const fn distinct(mut self) -> Self {
[INFO] [stdout]    |                           ^^^^^^^^ the destructor for this type cannot be evaluated in constant functions
[INFO] [stdout] ...
[INFO] [stdout] 82 |     }
[INFO] [stdout]    |     - value is dropped here
[INFO] [stdout] 
[INFO] [stdout] 
[INFO] [stdout] error[E0493]: destructor of `QueryModel` cannot be evaluated at compile-time
[INFO] [stdout]    --> /opt/rustwide/cargo-home/registry/src/index.crates.io-1949cf8c6b5b557f/icydb-core-0.269.1/src/db/query/intent/model.rs:287:48
[INFO] [stdout]     |
[INFO] [stdout] 287 |     pub(in crate::db::query) const fn distinct(mut self) -> Self {
[INFO] [stdout]     |                                                ^^^^^^^^ the destructor for this type cannot be evaluated in constant functions
[INFO] [stdout] ...
[INFO] [stdout] 290 |     }
[INFO] [stdout]     |     - value is dropped here
[INFO] [stdout] 
[INFO] [stdout] 
[INFO] [stdout] error[E0493]: destructor of `db::query::intent::state::QueryIntent` cannot be evaluated at compile-time
[INFO] [stdout]    --> /opt/rustwide/cargo-home/registry/src/index.crates.io-1949cf8c6b5b557f/icydb-core-0.269.1/src/db/query/intent/state.rs:431:59
[INFO] [stdout]     |
[INFO] [stdout] 431 |     pub(in crate::db::query::intent) const fn apply_limit(mut self, limit: u32) -> Self {
[INFO] [stdout]     |                                                           ^^^^^^^^ the destructor for this type cannot be evaluated in constant functions
[INFO] [stdout] ...
[INFO] [stdout] 442 |     }
[INFO] [stdout]     |     - value is dropped here
[INFO] [stdout] 
[INFO] [stdout] 
[INFO] [stdout] error[E0493]: destructor of `db::query::intent::state::QueryIntent` cannot be evaluated at compile-time
[INFO] [stdout]    --> /opt/rustwide/cargo-home/registry/src/index.crates.io-1949cf8c6b5b557f/icydb-core-0.269.1/src/db/query/intent/state.rs:445:60
[INFO] [stdout]     |
[INFO] [stdout] 445 |     pub(in crate::db::query::intent) const fn apply_offset(mut self, offset: u32) -> Self {
[INFO] [stdout]     |                                                            ^^^^^^^^ the destructor for this type cannot be evaluated in constant functions
[INFO] [stdout] ...
[INFO] [stdout] 457 |     }
[INFO] [stdout]     |     - value is dropped here
[INFO] [stdout] 
[INFO] [stdout] 
[INFO] [stdout] For more information about this error, try `rustc --explain E0493`.
[INFO] [stdout] 
[INFO] [stderr] error: could not compile `icydb-core` (lib) due to 4 previous errors
[INFO] running `Command { std: "docker" "inspect" "f1d6f58e8511961cb6e783f44174138de405674af566155f769a9d8c284e1ba6", kill_on_drop: false }`
[INFO] running `Command { std: "docker" "rm" "-f" "f1d6f58e8511961cb6e783f44174138de405674af566155f769a9d8c284e1ba6", kill_on_drop: false }`
[INFO] [stdout] f1d6f58e8511961cb6e783f44174138de405674af566155f769a9d8c284e1ba6
