[INFO] fetching crate hydro_lang 0.17.0-alpha.6...
[INFO] checking hydro_lang-0.17.0-alpha.6 against c60b92c03ca8a3b101eb9d57f51e2232690638c7 for pr-164148-crater-rollup
[INFO] extracting crate hydro_lang 0.17.0-alpha.6 into /workspace/builds/worker-1-tc2/source
[INFO] started tweaking crates.io crate hydro_lang 0.17.0-alpha.6
[INFO] removed 0 missing tests
[INFO] finished tweaking crates.io crate hydro_lang 0.17.0-alpha.6
[INFO] tweaked toml for crates.io crate hydro_lang 0.17.0-alpha.6 written to /workspace/builds/worker-1-tc2/source/Cargo.toml
[INFO] validating manifest of crates.io crate hydro_lang 0.17.0-alpha.6 on toolchain c60b92c03ca8a3b101eb9d57f51e2232690638c7
[INFO] running `Command { std: CARGO_HOME="/workspace/cargo-home" RUSTUP_HOME="/workspace/rustup-home" "/workspace/cargo-home/bin/cargo" "+c60b92c03ca8a3b101eb9d57f51e2232690638c7" "metadata" "--manifest-path" "Cargo.toml" "--no-deps", kill_on_drop: false }`
[INFO] crate crates.io crate hydro_lang 0.17.0-alpha.6 already has a lockfile, it will not be regenerated
[INFO] running `Command { std: CARGO_HOME="/workspace/cargo-home" RUSTUP_HOME="/workspace/rustup-home" "/workspace/cargo-home/bin/cargo" "+c60b92c03ca8a3b101eb9d57f51e2232690638c7" "fetch" "--manifest-path" "Cargo.toml", kill_on_drop: false }`
[INFO] running `Command { std: "docker" "create" "-v" "/var/lib/crater-agent-workspace/builds/worker-1-tc2/source:/opt/rustwide/workdir:ro,Z" "-v" "/var/lib/crater-agent-workspace/builds/worker-1-tc2/target:/opt/rustwide/target:rw,Z" "-v" "/var/lib/crater-agent-workspace/cargo-home:/opt/rustwide/cargo-home:ro,Z" "-v" "/var/lib/crater-agent-workspace/rustup-home:/opt/rustwide/rustup-home:ro,Z" "-m" "1610612736" "--network" "none" "ghcr.io/rust-lang/crates-build-env/linux@sha256:77db811e55d90add9212f6832c23229e3de5f1c1f9905e8cb07319ea15df73ac" "sleep" "infinity", kill_on_drop: false }`
[INFO] [stdout] 7079c07d942ca6ff6a01198f7df4355f76f4bd7fbd2315742ef7c6aa59f288c5
[INFO] running `Command { std: "docker" "start" "7079c07d942ca6ff6a01198f7df4355f76f4bd7fbd2315742ef7c6aa59f288c5", kill_on_drop: false }`
[INFO] running `Command { std: "docker" "inspect" "7079c07d942ca6ff6a01198f7df4355f76f4bd7fbd2315742ef7c6aa59f288c5", kill_on_drop: false }`
[INFO] running `Command { std: "docker" "exec" "-e" "SOURCE_DIR=/opt/rustwide/workdir" "-e" "CARGO_HOME=/opt/rustwide/cargo-home" "-e" "RUSTUP_HOME=/opt/rustwide/rustup-home" "-e" "CARGO_TARGET_DIR=/opt/rustwide/target" "-w" "/opt/rustwide/workdir" "--user" "0:0" "7079c07d942ca6ff6a01198f7df4355f76f4bd7fbd2315742ef7c6aa59f288c5" "/opt/rustwide/cargo-home/bin/cargo" "+c60b92c03ca8a3b101eb9d57f51e2232690638c7" "metadata" "--no-deps" "--format-version=1", kill_on_drop: false }`
[INFO] running `Command { std: "docker" "inspect" "7079c07d942ca6ff6a01198f7df4355f76f4bd7fbd2315742ef7c6aa59f288c5", kill_on_drop: false }`
[INFO] running `Command { std: "docker" "exec" "-e" "SOURCE_DIR=/opt/rustwide/workdir" "-e" "CARGO_HOME=/opt/rustwide/cargo-home" "-e" "RUSTUP_HOME=/opt/rustwide/rustup-home" "-e" "CARGO_TARGET_DIR=/opt/rustwide/target" "-e" "CARGO_INCREMENTAL=0" "-e" "RUST_BACKTRACE=full" "-e" "RUSTFLAGS=--cap-lints=forbid" "-e" "RUSTDOCFLAGS=--cap-lints=forbid" "-w" "/opt/rustwide/workdir" "--user" "0:0" "7079c07d942ca6ff6a01198f7df4355f76f4bd7fbd2315742ef7c6aa59f288c5" "/opt/rustwide/cargo-home/bin/cargo" "+c60b92c03ca8a3b101eb9d57f51e2232690638c7" "check" "--frozen" "--all" "--all-targets" "--message-format=json", kill_on_drop: false }`
[INFO] [stderr]    Compiling proc-macro2 v1.0.107
[INFO] [stderr]    Compiling libc v0.2.178
[INFO] [stderr]    Compiling winnow v0.7.14
[INFO] [stderr]    Compiling typenum v1.19.0
[INFO] [stderr]    Compiling toml_datetime v0.7.3
[INFO] [stderr]     Checking regex-syntax v0.8.8
[INFO] [stderr]     Checking futures-channel v0.3.31
[INFO] [stderr]    Compiling generic-array v0.14.7
[INFO] [stderr]    Compiling hydro_build_utils v0.1.1-alpha.1
[INFO] [stderr]    Compiling aho-corasick v1.1.4
[INFO] [stderr]    Compiling toml_datetime v0.6.11
[INFO] [stderr]     Checking tracing-core v0.1.35
[INFO] [stderr]    Compiling variadics v0.2.0-alpha.3
[INFO] [stderr]     Checking rustc-std-workspace-alloc v1.0.1
[INFO] [stderr]    Compiling target-triple v1.0.0
[INFO] [stderr]     Checking hashbrown v0.14.5
[INFO] [stderr]     Checking serde_spanned v1.0.3
[INFO] [stderr]    Compiling slotmap v1.1.1
[INFO] [stderr]    Compiling lazy_static v1.5.0
[INFO] [stderr]     Checking toml_writer v1.0.4
[INFO] [stderr]     Checking serde_json v1.0.145
[INFO] [stderr]     Checking ctor v1.0.8
[INFO] [stderr]     Checking semver v1.0.27
[INFO] [stderr]     Checking chrono v0.4.42
[INFO] [stderr]     Checking rustc_version v0.4.1
[INFO] [stderr]     Checking quote v1.0.42
[INFO] [stderr]     Checking tracing-log v0.2.0
[INFO] [stderr]     Checking syn v2.0.111
[INFO] [stderr]     Checking regex-automata v0.4.13
[INFO] [stderr]     Checking mio v1.1.1
[INFO] [stderr]     Checking socket2 v0.6.1
[INFO] [stderr]     Checking parking_lot_core v0.9.12
[INFO] [stderr]     Checking console v0.15.11
[INFO] [stderr]    Compiling crypto-common v0.1.7
[INFO] [stderr]    Compiling block-buffer v0.10.4
[INFO] [stderr]    Compiling digest v0.10.7
[INFO] [stderr]    Compiling sha2 v0.10.9
[INFO] [stderr]     Checking parking_lot v0.12.5
[INFO] [stderr]     Checking tokio v1.48.0
[INFO] [stderr]     Checking toml_parser v1.0.4
[INFO] [stderr]     Checking toml_edit v0.23.9
[INFO] [stderr]     Checking toml v0.9.8
[INFO] [stderr]    Compiling toml_edit v0.22.27
[INFO] [stderr]     Checking proc-macro-crate v3.4.0
[INFO] [stderr]    Compiling prettyplease v0.2.37
[INFO] [stderr]    Compiling syn-inline-mod v0.6.0
[INFO] [stderr]     Checking regex v1.12.2
[INFO] [stderr]     Checking matchers v0.2.0
[INFO] [stderr]    Compiling serde_derive v1.0.228
[INFO] [stderr]    Compiling futures-macro v0.3.31
[INFO] [stderr]    Compiling try_match_inner v0.5.2
[INFO] [stderr]    Compiling tracing-attributes v0.1.31
[INFO] [stderr]    Compiling sealed v0.6.0
[INFO] [stderr]    Compiling stageleft_macro v0.16.0
[INFO] [stderr]    Compiling copy_span v0.1.2-alpha.0
[INFO] [stderr]     Checking insta v1.44.3
[INFO] [stderr]    Compiling try_match v0.4.2
[INFO] [stderr]    Compiling stageleft_tool v0.16.0
[INFO] [stderr]     Checking futures-util v0.3.31
[INFO] [stderr]    Compiling hydro_lang v0.17.0-alpha.6 (/opt/rustwide/workdir)
[INFO] [stderr]    Compiling str_inflector v0.12.0
[INFO] [stderr]     Checking tracing v0.1.43
[INFO] [stderr]    Compiling buildstructor v0.6.0
[INFO] [stderr]     Checking stageleft v0.16.0
[INFO] [stderr]     Checking tracing-subscriber v0.3.22
[INFO] [stderr]     Checking tokio-stream v0.1.17
[INFO] [stderr]     Checking tokio-test v0.4.5
[INFO] [stderr]     Checking serde v1.0.228
[INFO] [stderr]     Checking bytes v1.11.1
[INFO] [stderr]     Checking trybuild v1.0.115
[INFO] [stderr]     Checking bincode v1.3.3
[INFO] [stderr]     Checking futures-executor v0.3.31
[INFO] [stderr]     Checking sinktools v0.2.0-alpha.4
[INFO] [stderr]     Checking tokio-metrics v0.4.9
[INFO] [stderr]     Checking futures v0.3.31
[INFO] [stderr]     Checking tokio-util v0.7.17
[INFO] [stdout] error[E0493]: destructor of `NetworkingConfig<Tr, NoSer, N>` cannot be evaluated at compile-time
[INFO] [stdout]    --> src/networking/mod.rs:330:26
[INFO] [stdout]     |
[INFO] [stdout] 330 |     pub const fn bincode(mut self) -> NetworkingConfig<Tr, Bincode, N> {
[INFO] [stdout]     |                          ^^^^^^^^ the destructor for this type cannot be evaluated in constant functions
[INFO] [stdout] ...
[INFO] [stdout] 337 |     }
[INFO] [stdout]     |     - value is dropped here
[INFO] [stdout] 
[INFO] [stdout] 
[INFO] [stdout] error[E0493]: destructor of `NetworkingConfig<Tr, NoSer, N>` cannot be evaluated at compile-time
[INFO] [stdout]    --> src/networking/mod.rs:345:27
[INFO] [stdout]     |
[INFO] [stdout] 345 |     pub const fn embedded(mut self) -> NetworkingConfig<Tr, Embedded, N> {
[INFO] [stdout]     |                           ^^^^^^^^ the destructor for this type cannot be evaluated in constant functions
[INFO] [stdout] ...
[INFO] [stdout] 352 |     }
[INFO] [stdout]     |     - value is dropped here
[INFO] [stdout] 
[INFO] [stdout] 
[INFO] [stdout] error[E0493]: destructor of `NetworkingConfig<Tr, NoSer, N>` cannot be evaluated at compile-time
[INFO] [stdout]    --> src/networking/mod.rs:330:26
[INFO] [stdout]     |
[INFO] [stdout] 330 |     pub const fn bincode(mut self) -> NetworkingConfig<Tr, Bincode, N> {
[INFO] [stdout]     |                          ^^^^^^^^ the destructor for this type cannot be evaluated in constant functions
[INFO] [stdout] ...
[INFO] [stdout] 337 |     }
[INFO] [stdout]     |     - value is dropped here
[INFO] [stdout] 
[INFO] [stdout] 
[INFO] [stdout] error[E0493]: destructor of `NetworkingConfig<Tr, NoSer, N>` cannot be evaluated at compile-time
[INFO] [stdout]    --> src/networking/mod.rs:345:27
[INFO] [stdout]     |
[INFO] [stdout] 345 |     pub const fn embedded(mut self) -> NetworkingConfig<Tr, Embedded, N> {
[INFO] [stdout]     |                           ^^^^^^^^ the destructor for this type cannot be evaluated in constant functions
[INFO] [stdout] ...
[INFO] [stdout] 352 |     }
[INFO] [stdout]     |     - value is dropped here
[INFO] [stdout] 
[INFO] [stdout] 
[INFO] [stdout] For more information about this error, try `rustc --explain E0493`.
[INFO] [stdout] 
[INFO] [stderr] error: could not compile `hydro_lang` (lib) due to 2 previous errors
[INFO] [stderr] warning: build failed, waiting for other jobs to finish...
[INFO] [stdout] For more information about this error, try `rustc --explain E0493`.
[INFO] [stdout] 
[INFO] [stderr] error: could not compile `hydro_lang` (lib test) due to 2 previous errors
[INFO] running `Command { std: "docker" "inspect" "7079c07d942ca6ff6a01198f7df4355f76f4bd7fbd2315742ef7c6aa59f288c5", kill_on_drop: false }`
[INFO] running `Command { std: "docker" "rm" "-f" "7079c07d942ca6ff6a01198f7df4355f76f4bd7fbd2315742ef7c6aa59f288c5", kill_on_drop: false }`
[INFO] [stdout] 7079c07d942ca6ff6a01198f7df4355f76f4bd7fbd2315742ef7c6aa59f288c5
