[INFO] fetching crate hussh 0.2.2...
[INFO] checking hussh-0.2.2 against c60b92c03ca8a3b101eb9d57f51e2232690638c7 for pr-164148-crater-rollup
[INFO] extracting crate hussh 0.2.2 into /workspace/builds/worker-0-tc2/source
[INFO] started tweaking crates.io crate hussh 0.2.2
[INFO] finished tweaking crates.io crate hussh 0.2.2
[INFO] tweaked toml for crates.io crate hussh 0.2.2 written to /workspace/builds/worker-0-tc2/source/Cargo.toml
[INFO] validating manifest of crates.io crate hussh 0.2.2 on toolchain c60b92c03ca8a3b101eb9d57f51e2232690638c7
[INFO] running `Command { std: CARGO_HOME="/workspace/cargo-home" RUSTUP_HOME="/workspace/rustup-home" "/workspace/cargo-home/bin/cargo" "+c60b92c03ca8a3b101eb9d57f51e2232690638c7" "metadata" "--manifest-path" "Cargo.toml" "--no-deps", kill_on_drop: false }`
[INFO] crate crates.io crate hussh 0.2.2 already has a lockfile, it will not be regenerated
[INFO] running `Command { std: CARGO_HOME="/workspace/cargo-home" RUSTUP_HOME="/workspace/rustup-home" "/workspace/cargo-home/bin/cargo" "+c60b92c03ca8a3b101eb9d57f51e2232690638c7" "fetch" "--manifest-path" "Cargo.toml", kill_on_drop: false }`
[INFO] running `Command { std: "docker" "create" "-v" "/var/lib/crater-agent-workspace/builds/worker-0-tc2/source:/opt/rustwide/workdir:ro,Z" "-v" "/var/lib/crater-agent-workspace/builds/worker-0-tc2/target:/opt/rustwide/target:rw,Z" "-v" "/var/lib/crater-agent-workspace/cargo-home:/opt/rustwide/cargo-home:ro,Z" "-v" "/var/lib/crater-agent-workspace/rustup-home:/opt/rustwide/rustup-home:ro,Z" "-m" "1610612736" "--network" "none" "ghcr.io/rust-lang/crates-build-env/linux@sha256:77db811e55d90add9212f6832c23229e3de5f1c1f9905e8cb07319ea15df73ac" "sleep" "infinity", kill_on_drop: false }`
[INFO] [stdout] efe11d65eb9711527c9190867effabb5ed7a0dd204b13aba634b626cd5a80de1
[INFO] running `Command { std: "docker" "start" "efe11d65eb9711527c9190867effabb5ed7a0dd204b13aba634b626cd5a80de1", kill_on_drop: false }`
[INFO] running `Command { std: "docker" "inspect" "efe11d65eb9711527c9190867effabb5ed7a0dd204b13aba634b626cd5a80de1", kill_on_drop: false }`
[INFO] running `Command { std: "docker" "exec" "-e" "SOURCE_DIR=/opt/rustwide/workdir" "-e" "CARGO_HOME=/opt/rustwide/cargo-home" "-e" "RUSTUP_HOME=/opt/rustwide/rustup-home" "-e" "CARGO_TARGET_DIR=/opt/rustwide/target" "-w" "/opt/rustwide/workdir" "--user" "0:0" "efe11d65eb9711527c9190867effabb5ed7a0dd204b13aba634b626cd5a80de1" "/opt/rustwide/cargo-home/bin/cargo" "+c60b92c03ca8a3b101eb9d57f51e2232690638c7" "metadata" "--no-deps" "--format-version=1", kill_on_drop: false }`
[INFO] running `Command { std: "docker" "inspect" "efe11d65eb9711527c9190867effabb5ed7a0dd204b13aba634b626cd5a80de1", kill_on_drop: false }`
[INFO] running `Command { std: "docker" "exec" "-e" "SOURCE_DIR=/opt/rustwide/workdir" "-e" "CARGO_HOME=/opt/rustwide/cargo-home" "-e" "RUSTUP_HOME=/opt/rustwide/rustup-home" "-e" "CARGO_TARGET_DIR=/opt/rustwide/target" "-e" "CARGO_INCREMENTAL=0" "-e" "RUST_BACKTRACE=full" "-e" "RUSTFLAGS=--cap-lints=forbid" "-e" "RUSTDOCFLAGS=--cap-lints=forbid" "-w" "/opt/rustwide/workdir" "--user" "0:0" "efe11d65eb9711527c9190867effabb5ed7a0dd204b13aba634b626cd5a80de1" "/opt/rustwide/cargo-home/bin/cargo" "+c60b92c03ca8a3b101eb9d57f51e2232690638c7" "check" "--frozen" "--all" "--all-targets" "--message-format=json", kill_on_drop: false }`
[INFO] [stderr]     Checking zeroize v1.9.1
[INFO] [stderr]    Compiling libc v0.2.190
[INFO] [stderr]     Checking subtle v2.6.1
[INFO] [stderr]     Checking typenum v1.20.1
[INFO] [stderr]     Checking cmov v0.5.4
[INFO] [stderr]    Compiling getrandom v0.4.3
[INFO] [stderr]     Checking cpufeatures v0.3.1
[INFO] [stderr]     Checking cpubits v0.1.1
[INFO] [stderr]     Checking base64ct v1.8.3
[INFO] [stderr]    Compiling num-traits v0.2.19
[INFO] [stderr]     Checking ff v0.14.0
[INFO] [stderr]     Checking futures-sink v0.3.34
[INFO] [stderr]    Compiling aws-lc-rs v1.18.1
[INFO] [stderr]     Checking ctutils v0.4.3
[INFO] [stderr]     Checking group v0.14.0
[INFO] [stderr]     Checking pem-rfc7468 v1.0.0
[INFO] [stderr]     Checking futures-channel v0.3.34
[INFO] [stderr]     Checking der v0.8.2
[INFO] [stderr]     Checking base16ct v1.0.0
[INFO] [stderr]     Checking rustls-pki-types v1.15.1
[INFO] [stderr]    Compiling syn v2.0.119
[INFO] [stderr]     Checking futures-util v0.3.34
[INFO] [stderr]    Compiling curve25519-dalek v5.0.0
[INFO] [stderr]     Checking bitflags v2.13.2
[INFO] [stderr]    Compiling nix v0.31.3
[INFO] [stderr]     Checking want v0.3.2
[INFO] [stderr]     Checking keccak v0.2.2
[INFO] [stderr]     Checking regex-syntax v0.8.11
[INFO] [stderr]    Compiling crc32fast v1.5.2
[INFO] [stderr]     Checking serde v1.0.229
[INFO] [stderr]     Checking hybrid-array v0.4.15
[INFO] [stderr]    Compiling jobserver v0.1.35
[INFO] [stderr]     Checking spki v0.8.1
[INFO] [stderr]    Compiling cc v1.6.0
[INFO] [stderr]     Checking simd-adler32 v0.3.10
[INFO] [stderr]     Checking rustls-native-certs v0.8.4
[INFO] [stderr]     Checking generic-array v0.14.9
[INFO] [stderr]     Checking miniz_oxide v0.9.1
[INFO] [stderr]     Checking regex-automata v0.4.18
[INFO] [stderr]     Checking num-integer v0.1.47
[INFO] [stderr]     Checking hex v0.4.3
[INFO] [stderr]     Checking errno v0.3.14
[INFO] [stderr]     Checking mio v1.2.4
[INFO] [stderr]     Checking signal-hook-registry v1.4.8
[INFO] [stderr]     Checking socket2 v0.6.5
[INFO] [stderr]    Compiling once_cell v1.21.4
[INFO] [stderr]     Checking tokio v1.53.2
[INFO] [stderr]     Checking crypto-common v0.2.2
[INFO] [stderr]     Checking block-buffer v0.12.1
[INFO] [stderr]     Checking block-padding v0.4.2
[INFO] [stderr]    Compiling cmake v0.1.58
[INFO] [stderr]     Checking inout v0.2.2
[INFO] [stderr]     Checking crypto-bigint v0.7.5
[INFO] [stderr]     Checking sec1 v0.8.1
[INFO] [stderr]     Checking digest v0.11.3
[INFO] [stderr]     Checking cipher v0.5.2
[INFO] [stderr]     Checking hmac v0.13.0
[INFO] [stderr]     Checking universal-hash v0.6.1
[INFO] [stderr]     Checking polyval v0.7.3
[INFO] [stderr]     Checking pbkdf2 v0.13.0
[INFO] [stderr]     Checking sha2 v0.11.0
[INFO] [stderr]     Checking ghash v0.6.0
[INFO] [stderr]     Checking ctr v0.10.1
[INFO] [stderr]     Checking aes v0.9.3
[INFO] [stderr]     Checking aead v0.6.1
[INFO] [stderr]     Checking salsa20 v0.11.0
[INFO] [stderr]     Checking cbc v0.2.1
[INFO] [stderr]    Compiling aws-lc-sys v0.45.0
[INFO] [stderr]     Checking scrypt v0.12.0
[INFO] [stderr]     Checking aes-gcm v0.11.1
[INFO] [stderr]     Checking hkdf v0.13.0
[INFO] [stderr]     Checking signature v3.0.0
[INFO] [stderr]     Checking pkcs5 v0.8.1
[INFO] [stderr]     Checking chacha20 v0.10.2
[INFO] [stderr]     Checking ssh-encoding v0.3.0
[INFO] [stderr]     Checking blowfish v0.10.0
[INFO] [stderr]     Checking poly1305 v0.9.1
[INFO] [stderr]     Checking blake2 v0.11.0
[INFO] [stderr]     Checking pkcs8 v0.11.0
[INFO] [stderr]     Checking bcrypt-pbkdf v0.11.0
[INFO] [stderr]    Compiling curve25519-dalek-derive v0.1.1
[INFO] [stderr]     Checking argon2 v0.6.0
[INFO] [stderr]     Checking futures-executor v0.3.34
[INFO] [stderr]     Checking ssh-cipher v0.3.0
[INFO] [stderr]     Checking ed25519 v3.0.0
[INFO] [stderr]     Checking rand v0.10.3
[INFO] [stderr]     Checking regex v1.13.1
[INFO] [stderr]     Checking sha3 v0.11.0
[INFO] [stderr]     Checking sha1 v0.11.0
[INFO] [stderr]     Checking kem v0.3.0
[INFO] [stderr]     Checking module-lattice v0.2.3
[INFO] [stderr]    Compiling anyhow v1.0.104
[INFO] [stderr]     Checking winnow v1.0.4
[INFO] [stderr]     Checking sponge-cursor v0.1.0
[INFO] [stderr]     Checking jiff-core v0.1.1
[INFO] [stderr]     Checking clap_builder v4.6.7
[INFO] [stderr]     Checking toml_parser v1.1.3+spec-1.1.0
[INFO] [stderr]     Checking num-bigint v0.5.1
[INFO] [stderr]     Checking sha3 v0.12.0
[INFO] [stderr]     Checking ed25519-dalek v3.0.0
[INFO] [stderr]    Compiling clap_derive v4.6.7
[INFO] [stderr]     Checking jiff v0.2.38
[INFO] [stderr]     Checking ml-kem v0.3.2
[INFO] [stderr]     Checking elliptic-curve v0.14.1
[INFO] [stderr]     Checking primefield v0.14.0
[INFO] [stderr]     Checking wnaf v0.14.1
[INFO] [stderr]     Checking rfc6979 v0.6.0
[INFO] [stderr]     Checking env_filter v2.0.0
[INFO] [stderr]     Checking futures v0.3.34
[INFO] [stderr]    Compiling delegate v0.13.5
[INFO] [stderr]    Compiling enum_dispatch v0.3.13
[INFO] [stderr]     Checking primeorder v0.14.0
[INFO] [stderr]     Checking ecdsa v0.17.0
[INFO] [stderr]     Checking russh-cryptovec v0.62.0
[INFO] [stderr]     Checking flate2 v1.1.10
[INFO] [stderr]     Checking generic-array v1.4.5
[INFO] [stderr]     Checking hex-literal v1.1.0
[INFO] [stderr]     Checking data-encoding v2.11.1
[INFO] [stderr]     Checking md5 v0.8.1
[INFO] [stderr]     Checking toml v1.1.6+spec-1.1.0
[INFO] [stderr]     Checking p521 v0.14.0
[INFO] [stderr]     Checking p384 v0.14.0
[INFO] [stderr]     Checking p256 v0.14.0
[INFO] [stdout] error[E0493]: destructor of `ArrayBuilder<T, N>` cannot be evaluated at compile-time
[INFO] [stdout]    --> /opt/rustwide/cargo-home/registry/src/index.crates.io-1949cf8c6b5b557f/generic-array-1.4.5/src/internal.rs:103:31
[INFO] [stdout]     |
[INFO] [stdout] 103 |     pub unsafe fn assume_init(self) -> GenericArray<T, N> {
[INFO] [stdout]     |                               ^^^^ the destructor for this type cannot be evaluated in constant functions
[INFO] [stdout] ...
[INFO] [stdout] 109 |     }
[INFO] [stdout]     |     - value is dropped here
[INFO] [stdout] 
[INFO] [stdout] 
[INFO] [stdout] error[E0493]: destructor of `GenericArray<core::mem::MaybeUninit<*const T>, N>` cannot be evaluated at compile-time
[INFO] [stdout]    --> /opt/rustwide/cargo-home/registry/src/index.crates.io-1949cf8c6b5b557f/generic-array-1.4.5/src/lib.rs:983:13
[INFO] [stdout]     |
[INFO] [stdout] 983 |         let mut out: GenericArray<MaybeUninit<*const T>, N> = GenericArray::uninit();
[INFO] [stdout]     |             ^^^^^^^ the destructor for this type cannot be evaluated in constant functions
[INFO] [stdout] ...
[INFO] [stdout] 998 |     }
[INFO] [stdout]     |     - value is dropped here
[INFO] [stdout] 
[INFO] [stdout] 
[INFO] [stdout] error[E0493]: destructor of `GenericArray<core::mem::MaybeUninit<*mut T>, N>` cannot be evaluated at compile-time
[INFO] [stdout]     --> /opt/rustwide/cargo-home/registry/src/index.crates.io-1949cf8c6b5b557f/generic-array-1.4.5/src/lib.rs:1018:13
[INFO] [stdout]      |
[INFO] [stdout] 1018 |         let mut out: GenericArray<MaybeUninit<*mut T>, N> = GenericArray::uninit();
[INFO] [stdout]      |             ^^^^^^^ the destructor for this type cannot be evaluated in constant functions
[INFO] [stdout] ...
[INFO] [stdout] 1033 |     }
[INFO] [stdout]      |     - value is dropped here
[INFO] [stdout] 
[INFO] [stdout] 
[INFO] [stdout] For more information about this error, try `rustc --explain E0493`.
[INFO] [stdout] 
[INFO] [stderr] error: could not compile `generic-array` (lib) due to 3 previous errors
[INFO] [stderr] warning: build failed, waiting for other jobs to finish...
[INFO] running `Command { std: "docker" "inspect" "efe11d65eb9711527c9190867effabb5ed7a0dd204b13aba634b626cd5a80de1", kill_on_drop: false }`
[INFO] running `Command { std: "docker" "rm" "-f" "efe11d65eb9711527c9190867effabb5ed7a0dd204b13aba634b626cd5a80de1", kill_on_drop: false }`
[INFO] [stdout] efe11d65eb9711527c9190867effabb5ed7a0dd204b13aba634b626cd5a80de1
