[INFO] fetching crate hf-fetch-model 0.12.1...
[INFO] checking hf-fetch-model-0.12.1 against c60b92c03ca8a3b101eb9d57f51e2232690638c7 for pr-164148-crater-rollup
[INFO] extracting crate hf-fetch-model 0.12.1 into /workspace/builds/worker-0-tc2/source
[INFO] started tweaking crates.io crate hf-fetch-model 0.12.1
[INFO] removed 0 missing examples
[INFO] removed 0 missing tests
[INFO] finished tweaking crates.io crate hf-fetch-model 0.12.1
[INFO] tweaked toml for crates.io crate hf-fetch-model 0.12.1 written to /workspace/builds/worker-0-tc2/source/Cargo.toml
[INFO] validating manifest of crates.io crate hf-fetch-model 0.12.1 on toolchain c60b92c03ca8a3b101eb9d57f51e2232690638c7
[INFO] running `Command { std: CARGO_HOME="/workspace/cargo-home" RUSTUP_HOME="/workspace/rustup-home" "/workspace/cargo-home/bin/cargo" "+c60b92c03ca8a3b101eb9d57f51e2232690638c7" "metadata" "--manifest-path" "Cargo.toml" "--no-deps", kill_on_drop: false }`
[INFO] crate crates.io crate hf-fetch-model 0.12.1 already has a lockfile, it will not be regenerated
[INFO] running `Command { std: CARGO_HOME="/workspace/cargo-home" RUSTUP_HOME="/workspace/rustup-home" "/workspace/cargo-home/bin/cargo" "+c60b92c03ca8a3b101eb9d57f51e2232690638c7" "fetch" "--manifest-path" "Cargo.toml", kill_on_drop: false }`
[INFO] [stderr] warning: Cargo.toml: file `/workspace/builds/worker-0-tc2/source/src/bin/main.rs` found to be present in multiple build targets:
[INFO] [stderr]   * `bin` target `hf-fetch-model`
[INFO] [stderr]   * `bin` target `hf-fm`
[INFO] [stderr] warning: `package.homepage` is redundant with `package.repository`
[INFO] [stderr]    --> Cargo.toml:163:12
[INFO] [stderr]     |
[INFO] [stderr] 163 | homepage = "https://github.com/mi-for-the-rust-of-us/hf-fetch-model"
[INFO] [stderr]     |            ^^^^^^^^^^^^^^^^^^^^^^^^^^^^^^^^^^^^^^^^^^^^^^^^^^^^^^^^^
[INFO] [stderr] ...
[INFO] [stderr] 168 | repository = "https://github.com/mi-for-the-rust-of-us/hf-fetch-model"
[INFO] [stderr]     |              ---------------------------------------------------------
[INFO] [stderr]     |
[INFO] [stderr]     = note: `cargo::redundant_homepage` is set to `warn` by default
[INFO] [stderr] help: consider removing `package.homepage`
[INFO] [stderr] warning: `hf-fetch-model` (manifest) generated 2 warnings
[INFO] [stderr]     Blocking waiting for file lock on package cache
[INFO] running `Command { std: "docker" "create" "-v" "/var/lib/crater-agent-workspace/builds/worker-0-tc2/source:/opt/rustwide/workdir:ro,Z" "-v" "/var/lib/crater-agent-workspace/builds/worker-0-tc2/target:/opt/rustwide/target:rw,Z" "-v" "/var/lib/crater-agent-workspace/cargo-home:/opt/rustwide/cargo-home:ro,Z" "-v" "/var/lib/crater-agent-workspace/rustup-home:/opt/rustwide/rustup-home:ro,Z" "-m" "1610612736" "--network" "none" "ghcr.io/rust-lang/crates-build-env/linux@sha256:77db811e55d90add9212f6832c23229e3de5f1c1f9905e8cb07319ea15df73ac" "sleep" "infinity", kill_on_drop: false }`
[INFO] [stdout] 2ac0d4a4e3694c91e1c9b672ab9d3682732e6400e4d40693b922c7f8160edfa4
[INFO] running `Command { std: "docker" "start" "2ac0d4a4e3694c91e1c9b672ab9d3682732e6400e4d40693b922c7f8160edfa4", kill_on_drop: false }`
[INFO] running `Command { std: "docker" "inspect" "2ac0d4a4e3694c91e1c9b672ab9d3682732e6400e4d40693b922c7f8160edfa4", kill_on_drop: false }`
[INFO] running `Command { std: "docker" "exec" "-e" "SOURCE_DIR=/opt/rustwide/workdir" "-e" "CARGO_HOME=/opt/rustwide/cargo-home" "-e" "RUSTUP_HOME=/opt/rustwide/rustup-home" "-e" "CARGO_TARGET_DIR=/opt/rustwide/target" "-w" "/opt/rustwide/workdir" "--user" "0:0" "2ac0d4a4e3694c91e1c9b672ab9d3682732e6400e4d40693b922c7f8160edfa4" "/opt/rustwide/cargo-home/bin/cargo" "+c60b92c03ca8a3b101eb9d57f51e2232690638c7" "metadata" "--no-deps" "--format-version=1", kill_on_drop: false }`
[INFO] running `Command { std: "docker" "inspect" "2ac0d4a4e3694c91e1c9b672ab9d3682732e6400e4d40693b922c7f8160edfa4", kill_on_drop: false }`
[INFO] running `Command { std: "docker" "exec" "-e" "SOURCE_DIR=/opt/rustwide/workdir" "-e" "CARGO_HOME=/opt/rustwide/cargo-home" "-e" "RUSTUP_HOME=/opt/rustwide/rustup-home" "-e" "CARGO_TARGET_DIR=/opt/rustwide/target" "-e" "CARGO_INCREMENTAL=0" "-e" "RUST_BACKTRACE=full" "-e" "RUSTFLAGS=--cap-lints=forbid" "-e" "RUSTDOCFLAGS=--cap-lints=forbid" "-w" "/opt/rustwide/workdir" "--user" "0:0" "2ac0d4a4e3694c91e1c9b672ab9d3682732e6400e4d40693b922c7f8160edfa4" "/opt/rustwide/cargo-home/bin/cargo" "+c60b92c03ca8a3b101eb9d57f51e2232690638c7" "check" "--frozen" "--all" "--all-targets" "--message-format=json", kill_on_drop: false }`
[INFO] [stderr] warning: Cargo.toml: file `/opt/rustwide/workdir/src/bin/main.rs` found to be present in multiple build targets:
[INFO] [stderr]   * `bin` target `hf-fetch-model`
[INFO] [stderr]   * `bin` target `hf-fm`
[INFO] [stderr] warning: `package.homepage` is redundant with `package.repository`
[INFO] [stderr]    --> Cargo.toml:163:12
[INFO] [stderr]     |
[INFO] [stderr] 163 | homepage = "https://github.com/mi-for-the-rust-of-us/hf-fetch-model"
[INFO] [stderr]     |            ^^^^^^^^^^^^^^^^^^^^^^^^^^^^^^^^^^^^^^^^^^^^^^^^^^^^^^^^^
[INFO] [stderr] ...
[INFO] [stderr] 168 | repository = "https://github.com/mi-for-the-rust-of-us/hf-fetch-model"
[INFO] [stderr]     |              ---------------------------------------------------------
[INFO] [stderr]     |
[INFO] [stderr]     = note: `cargo::redundant_homepage` is set to `warn` by default
[INFO] [stderr] help: consider removing `package.homepage`
[INFO] [stderr] warning: `hf-fetch-model` (manifest) generated 2 warnings
[INFO] [stderr]     Checking aho-corasick v1.1.5
[INFO] [stderr]    Compiling tokio-macros v2.7.2
[INFO] [stderr]    Compiling futures-macro v0.3.34
[INFO] [stderr]    Compiling crossbeam-utils v0.8.22
[INFO] [stderr]    Compiling rustls v0.23.45
[INFO] [stderr]     Checking rustls-webpki v0.103.14
[INFO] [stderr]     Checking time v0.3.55
[INFO] [stderr]    Compiling blake3 v1.8.6
[INFO] [stderr]    Compiling linktime-proc-macro v0.2.3
[INFO] [stderr]     Checking link-section v0.19.3
[INFO] [stderr]     Checking chrono v0.4.45
[INFO] [stderr]     Checking konst v0.4.3
[INFO] [stderr]     Checking whoami v2.1.3
[INFO] [stderr]     Checking itertools v0.14.0
[INFO] [stderr]     Checking approx v0.5.1
[INFO] [stderr]     Checking countio v0.3.0
[INFO] [stderr]     Checking digest v0.11.3
[INFO] [stderr]    Compiling darling_macro v0.23.0
[INFO] [stderr]     Checking statrs v0.18.0
[INFO] [stderr]     Checking redb v3.1.3
[INFO] [stderr]    Compiling serde_repr v0.1.21
[INFO] [stderr]    Compiling zerocopy-derive v0.8.56
[INFO] [stderr]     Checking gearhash v0.1.3
[INFO] [stderr]     Checking crossbeam-channel v0.5.16
[INFO] [stderr]    Compiling darling v0.23.0
[INFO] [stderr]     Checking tokio v1.53.1
[INFO] [stderr]     Checking sha2 v0.11.0
[INFO] [stderr]    Compiling bon-macros v3.9.3
[INFO] [stderr]     Checking ctor v1.0.13
[INFO] [stderr]     Checking futures-util v0.3.34
[INFO] [stdout] error[E0493]: destructor of `ArrayBuilder<T, N, D>` cannot be evaluated at compile-time
[INFO] [stdout]    --> /opt/rustwide/cargo-home/registry/src/index.crates.io-1949cf8c6b5b557f/konst-0.4.3/src/array/array_builder.rs:421:24
[INFO] [stdout]     |
[INFO] [stdout] 421 |     pub const fn build(self) -> [T; N] {
[INFO] [stdout]     |                        ^^^^ the destructor for this type cannot be evaluated in constant functions
[INFO] [stdout] ...
[INFO] [stdout] 437 |     }
[INFO] [stdout]     |     - value is dropped here
[INFO] [stdout] 
[INFO] [stdout] 
[INFO] [stdout] error[E0493]: destructor of `array_into_iter::IntoIter<T, N, D>` cannot be evaluated at compile-time
[INFO] [stdout]    --> /opt/rustwide/cargo-home/registry/src/index.crates.io-1949cf8c6b5b557f/konst-0.4.3/src/array/array_into_iter.rs:324:34
[INFO] [stdout]     |
[INFO] [stdout] 324 |     pub const fn assert_is_empty(self) {
[INFO] [stdout]     |                                  ^^^^ the destructor for this type cannot be evaluated in constant functions
[INFO] [stdout] ...
[INFO] [stdout] 327 |     }
[INFO] [stdout]     |     - value is dropped here
[INFO] [stdout] 
[INFO] [stdout] 
[INFO] [stderr]     Checking flate2 v1.1.10
[INFO] [stdout] error[E0493]: destructor of `Option<(T, U)>` cannot be evaluated at compile-time
[INFO] [stdout]    --> /opt/rustwide/cargo-home/registry/src/index.crates.io-1949cf8c6b5b557f/konst-0.4.3/src/macros/control_flow.rs:83:42
[INFO] [stdout]     |
[INFO] [stdout]  81 |   macro_rules! if_let_Some {
[INFO] [stdout]  82 |       ($some:pat = $e:expr => $then:block $(else $else:block)?) => {
[INFO] [stdout]  83 |           match $crate::option::__opt($e) {opt =>
[INFO] [stdout]     |                                            ^^^ the destructor for this type cannot be evaluated in constant functions
[INFO] [stdout] ...
[INFO] [stdout]  90 |               }
[INFO] [stdout]     |               - value is dropped here
[INFO] [stdout]     |
[INFO] [stdout]    ::: /opt/rustwide/cargo-home/registry/src/index.crates.io-1949cf8c6b5b557f/konst-0.4.3/src/option.rs:635:5
[INFO] [stdout]     |
[INFO] [stdout] 635 | /     crate::if_let_Some! {tuple = opt => {
[INFO] [stdout] 636 | |         crate::destructure!{(l, r) = tuple}
[INFO] [stdout] 637 | |
[INFO] [stdout] 638 | |         (Some(l), Some(r))
[INFO] [stdout] 639 | |     } else {
[INFO] [stdout] 640 | |         (None, None)
[INFO] [stdout] 641 | |     }}
[INFO] [stdout]     | |______- in this macro invocation
[INFO] [stdout] 
[INFO] [stdout] 
[INFO] [stderr]     Checking libloading v0.9.0
[INFO] [stderr]     Checking fs2 v0.4.3
[INFO] [stderr]     Checking regex-automata v0.4.18
[INFO] [stderr]     Checking hypomnesis v0.2.11
[INFO] [stdout] For more information about this error, try `rustc --explain E0493`.
[INFO] [stdout] 
[INFO] [stderr] error: could not compile `konst` (lib) due to 3 previous errors
[INFO] [stderr] warning: build failed, waiting for other jobs to finish...
[INFO] running `Command { std: "docker" "inspect" "2ac0d4a4e3694c91e1c9b672ab9d3682732e6400e4d40693b922c7f8160edfa4", kill_on_drop: false }`
[INFO] running `Command { std: "docker" "rm" "-f" "2ac0d4a4e3694c91e1c9b672ab9d3682732e6400e4d40693b922c7f8160edfa4", kill_on_drop: false }`
[INFO] [stdout] 2ac0d4a4e3694c91e1c9b672ab9d3682732e6400e4d40693b922c7f8160edfa4
