[INFO] fetching crate hexga_math 0.0.11-beta.56...
[INFO] checking hexga_math-0.0.11-beta.56 against c60b92c03ca8a3b101eb9d57f51e2232690638c7 for pr-164148-crater-rollup
[INFO] extracting crate hexga_math 0.0.11-beta.56 into /workspace/builds/worker-3-tc2/source
[INFO] started tweaking crates.io crate hexga_math 0.0.11-beta.56
[INFO] finished tweaking crates.io crate hexga_math 0.0.11-beta.56
[INFO] tweaked toml for crates.io crate hexga_math 0.0.11-beta.56 written to /workspace/builds/worker-3-tc2/source/Cargo.toml
[INFO] validating manifest of crates.io crate hexga_math 0.0.11-beta.56 on toolchain c60b92c03ca8a3b101eb9d57f51e2232690638c7
[INFO] running `Command { std: CARGO_HOME="/workspace/cargo-home" RUSTUP_HOME="/workspace/rustup-home" "/workspace/cargo-home/bin/cargo" "+c60b92c03ca8a3b101eb9d57f51e2232690638c7" "metadata" "--manifest-path" "Cargo.toml" "--no-deps", kill_on_drop: false }`
[INFO] crate crates.io crate hexga_math 0.0.11-beta.56 already has a lockfile, it will not be regenerated
[INFO] running `Command { std: CARGO_HOME="/workspace/cargo-home" RUSTUP_HOME="/workspace/rustup-home" "/workspace/cargo-home/bin/cargo" "+c60b92c03ca8a3b101eb9d57f51e2232690638c7" "fetch" "--manifest-path" "Cargo.toml", kill_on_drop: false }`
[INFO] [stderr] warning: `package.homepage` is redundant with `package.repository`
[INFO] [stderr]   --> Cargo.toml:61:12
[INFO] [stderr]    |
[INFO] [stderr] 61 | homepage = "https://github.com/Thomas-Mewily/hexga"
[INFO] [stderr]    |            ^^^^^^^^^^^^^^^^^^^^^^^^^^^^^^^^^^^^^^^^
[INFO] [stderr] ...
[INFO] [stderr] 66 | repository = "https://github.com/Thomas-Mewily/hexga"
[INFO] [stderr]    |              ----------------------------------------
[INFO] [stderr]    |
[INFO] [stderr]    = note: `cargo::redundant_homepage` is set to `warn` by default
[INFO] [stderr] help: consider removing `package.homepage`
[INFO] [stderr] warning: `hexga_math` (manifest) generated 1 warning
[INFO] running `Command { std: "docker" "create" "-v" "/var/lib/crater-agent-workspace/builds/worker-3-tc2/source:/opt/rustwide/workdir:ro,Z" "-v" "/var/lib/crater-agent-workspace/builds/worker-3-tc2/target:/opt/rustwide/target:rw,Z" "-v" "/var/lib/crater-agent-workspace/cargo-home:/opt/rustwide/cargo-home:ro,Z" "-v" "/var/lib/crater-agent-workspace/rustup-home:/opt/rustwide/rustup-home:ro,Z" "-m" "1610612736" "--network" "none" "ghcr.io/rust-lang/crates-build-env/linux@sha256:77db811e55d90add9212f6832c23229e3de5f1c1f9905e8cb07319ea15df73ac" "sleep" "infinity", kill_on_drop: false }`
[INFO] [stdout] db6ee35618e93fe09a72ce20dd354ef7c00a9792af86194c7ed1b3089a2be75c
[INFO] running `Command { std: "docker" "start" "db6ee35618e93fe09a72ce20dd354ef7c00a9792af86194c7ed1b3089a2be75c", kill_on_drop: false }`
[INFO] running `Command { std: "docker" "inspect" "db6ee35618e93fe09a72ce20dd354ef7c00a9792af86194c7ed1b3089a2be75c", kill_on_drop: false }`
[INFO] running `Command { std: "docker" "exec" "-e" "SOURCE_DIR=/opt/rustwide/workdir" "-e" "CARGO_HOME=/opt/rustwide/cargo-home" "-e" "RUSTUP_HOME=/opt/rustwide/rustup-home" "-e" "CARGO_TARGET_DIR=/opt/rustwide/target" "-w" "/opt/rustwide/workdir" "--user" "0:0" "db6ee35618e93fe09a72ce20dd354ef7c00a9792af86194c7ed1b3089a2be75c" "/opt/rustwide/cargo-home/bin/cargo" "+c60b92c03ca8a3b101eb9d57f51e2232690638c7" "metadata" "--no-deps" "--format-version=1", kill_on_drop: false }`
[INFO] running `Command { std: "docker" "inspect" "db6ee35618e93fe09a72ce20dd354ef7c00a9792af86194c7ed1b3089a2be75c", kill_on_drop: false }`
[INFO] running `Command { std: "docker" "exec" "-e" "SOURCE_DIR=/opt/rustwide/workdir" "-e" "CARGO_HOME=/opt/rustwide/cargo-home" "-e" "RUSTUP_HOME=/opt/rustwide/rustup-home" "-e" "CARGO_TARGET_DIR=/opt/rustwide/target" "-e" "CARGO_INCREMENTAL=0" "-e" "RUST_BACKTRACE=full" "-e" "RUSTFLAGS=--cap-lints=forbid" "-e" "RUSTDOCFLAGS=--cap-lints=forbid" "-w" "/opt/rustwide/workdir" "--user" "0:0" "db6ee35618e93fe09a72ce20dd354ef7c00a9792af86194c7ed1b3089a2be75c" "/opt/rustwide/cargo-home/bin/cargo" "+c60b92c03ca8a3b101eb9d57f51e2232690638c7" "check" "--frozen" "--all" "--all-targets" "--message-format=json", kill_on_drop: false }`
[INFO] [stderr] warning: `package.homepage` is redundant with `package.repository`
[INFO] [stderr]   --> Cargo.toml:61:12
[INFO] [stderr]    |
[INFO] [stderr] 61 | homepage = "https://github.com/Thomas-Mewily/hexga"
[INFO] [stderr]    |            ^^^^^^^^^^^^^^^^^^^^^^^^^^^^^^^^^^^^^^^^
[INFO] [stderr] ...
[INFO] [stderr] 66 | repository = "https://github.com/Thomas-Mewily/hexga"
[INFO] [stderr]    |              ----------------------------------------
[INFO] [stderr]    |
[INFO] [stderr]    = note: `cargo::redundant_homepage` is set to `warn` by default
[INFO] [stderr] help: consider removing `package.homepage`
[INFO] [stderr] warning: `hexga_math` (manifest) generated 1 warning
[INFO] [stderr]    Compiling unicode-ident v1.0.19
[INFO] [stderr]    Compiling quote v1.0.41
[INFO] [stderr]    Compiling serde_core v1.0.228
[INFO] [stderr]    Compiling winnow v1.0.3
[INFO] [stderr]     Checking hexga_map_on v0.0.11-beta.56
[INFO] [stderr]    Compiling serde v1.0.228
[INFO] [stderr]     Checking either v1.16.0
[INFO] [stderr]     Checking hexga_guard v0.0.11-beta.56
[INFO] [stderr]     Checking hexga_typedef v0.0.11-beta.56
[INFO] [stderr]    Compiling proc-macro2 v1.0.101
[INFO] [stderr]     Checking hexga_array v0.0.11-beta.56
[INFO] [stderr]     Checking hexga_number v0.0.11-beta.56
[INFO] [stderr]     Checking rayon v1.12.0
[INFO] [stderr]    Compiling syn v2.0.106
[INFO] [stderr]    Compiling toml_parser v1.1.2+spec-1.1.0
[INFO] [stderr]    Compiling toml_edit v0.25.12+spec-1.1.0
[INFO] [stderr]    Compiling proc-macro-crate v3.5.0
[INFO] [stderr]    Compiling hexga_bit_derive v0.0.11-beta.56
[INFO] [stderr]    Compiling serde_derive v1.0.228
[INFO] [stderr]    Compiling hexga_math_derive v0.0.11-beta.56
[INFO] [stderr]     Checking hexga_bit v0.0.11-beta.56
[INFO] [stderr]     Checking hexga_core v0.0.11-beta.56
[INFO] [stderr]     Checking hexga_math v0.0.11-beta.56 (/opt/rustwide/workdir)
[INFO] [stdout] warning: ambiguous import visibility: pub or pub(in crate::geometry::grid)
[INFO] [stdout]   --> src/geometry/grid/mod.rs:32:9
[INFO] [stdout]    |
[INFO] [stdout] 32 |         IGridView, IGridViewMut,
[INFO] [stdout]    |         ^^^^^^^^^
[INFO] [stdout]    |
[INFO] [stdout]    = note: ambiguous because of multiple glob imports of a name in the same module
[INFO] [stdout] note: `IGridView` could refer to the trait imported here
[INFO] [stdout]   --> src/geometry/grid/mod.rs:18:9
[INFO] [stdout]    |
[INFO] [stdout] 18 | pub use view::*;
[INFO] [stdout]    |         ^^^^^^^
[INFO] [stdout]    = help: consider adding an explicit import of `IGridView` to disambiguate
[INFO] [stdout] note: `IGridView` could also refer to the trait imported here
[INFO] [stdout]   --> src/geometry/grid/mod.rs:1:5
[INFO] [stdout]    |
[INFO] [stdout]  1 | use super::*;
[INFO] [stdout]    |     ^^^^^^^^
[INFO] [stdout]    = help: consider adding an explicit import of `IGridView` to disambiguate
[INFO] [stdout]    = warning: this was previously accepted by the compiler but is being phased out; it will become a hard error in a future release!
[INFO] [stdout]    = note: for more information, see issue #149145 <https://github.com/rust-lang/rust/issues/149145>
[INFO] [stdout]    = note: `#[warn(ambiguous_import_visibilities)]` (part of `#[warn(future_incompatible)]`) on by default
[INFO] [stdout] 
[INFO] [stdout] 
[INFO] [stdout] warning: ambiguous import visibility: pub or pub(in crate::geometry::grid)
[INFO] [stdout]   --> src/geometry/grid/mod.rs:32:20
[INFO] [stdout]    |
[INFO] [stdout] 32 |         IGridView, IGridViewMut,
[INFO] [stdout]    |                    ^^^^^^^^^^^^
[INFO] [stdout]    |
[INFO] [stdout]    = note: ambiguous because of multiple glob imports of a name in the same module
[INFO] [stdout] note: `IGridViewMut` could refer to the trait imported here
[INFO] [stdout]   --> src/geometry/grid/mod.rs:24:9
[INFO] [stdout]    |
[INFO] [stdout] 24 | pub use view_mut::*;
[INFO] [stdout]    |         ^^^^^^^^^^^
[INFO] [stdout]    = help: consider adding an explicit import of `IGridViewMut` to disambiguate
[INFO] [stdout] note: `IGridViewMut` could also refer to the trait imported here
[INFO] [stdout]   --> src/geometry/grid/mod.rs:1:5
[INFO] [stdout]    |
[INFO] [stdout]  1 | use super::*;
[INFO] [stdout]    |     ^^^^^^^^
[INFO] [stdout]    = help: consider adding an explicit import of `IGridViewMut` to disambiguate
[INFO] [stdout]    = warning: this was previously accepted by the compiler but is being phased out; it will become a hard error in a future release!
[INFO] [stdout]    = note: for more information, see issue #149145 <https://github.com/rust-lang/rust/issues/149145>
[INFO] [stdout] 
[INFO] [stdout] 
[INFO] [stdout] warning: ambiguous import visibility: pub or pub(in crate::geometry::grid)
[INFO] [stdout]   --> src/geometry/grid/mod.rs:32:9
[INFO] [stdout]    |
[INFO] [stdout] 32 |         IGridView, IGridViewMut,
[INFO] [stdout]    |         ^^^^^^^^^
[INFO] [stdout]    |
[INFO] [stdout]    = note: ambiguous because of multiple glob imports of a name in the same module
[INFO] [stdout] note: `IGridView` could refer to the trait imported here
[INFO] [stdout]   --> src/geometry/grid/mod.rs:18:9
[INFO] [stdout]    |
[INFO] [stdout] 18 | pub use view::*;
[INFO] [stdout]    |         ^^^^^^^
[INFO] [stdout]    = help: consider adding an explicit import of `IGridView` to disambiguate
[INFO] [stdout] note: `IGridView` could also refer to the trait imported here
[INFO] [stdout]   --> src/geometry/grid/mod.rs:1:5
[INFO] [stdout]    |
[INFO] [stdout]  1 | use super::*;
[INFO] [stdout]    |     ^^^^^^^^
[INFO] [stdout]    = help: consider adding an explicit import of `IGridView` to disambiguate
[INFO] [stdout]    = warning: this was previously accepted by the compiler but is being phased out; it will become a hard error in a future release!
[INFO] [stdout]    = note: for more information, see issue #149145 <https://github.com/rust-lang/rust/issues/149145>
[INFO] [stdout]    = note: `#[warn(ambiguous_import_visibilities)]` (part of `#[warn(future_incompatible)]`) on by default
[INFO] [stdout] 
[INFO] [stdout] 
[INFO] [stdout] warning: ambiguous import visibility: pub or pub(in crate::geometry::grid)
[INFO] [stdout]   --> src/geometry/grid/mod.rs:32:20
[INFO] [stdout]    |
[INFO] [stdout] 32 |         IGridView, IGridViewMut,
[INFO] [stdout]    |                    ^^^^^^^^^^^^
[INFO] [stdout]    |
[INFO] [stdout]    = note: ambiguous because of multiple glob imports of a name in the same module
[INFO] [stdout] note: `IGridViewMut` could refer to the trait imported here
[INFO] [stdout]   --> src/geometry/grid/mod.rs:24:9
[INFO] [stdout]    |
[INFO] [stdout] 24 | pub use view_mut::*;
[INFO] [stdout]    |         ^^^^^^^^^^^
[INFO] [stdout]    = help: consider adding an explicit import of `IGridViewMut` to disambiguate
[INFO] [stdout] note: `IGridViewMut` could also refer to the trait imported here
[INFO] [stdout]   --> src/geometry/grid/mod.rs:1:5
[INFO] [stdout]    |
[INFO] [stdout]  1 | use super::*;
[INFO] [stdout]    |     ^^^^^^^^
[INFO] [stdout]    = help: consider adding an explicit import of `IGridViewMut` to disambiguate
[INFO] [stdout]    = warning: this was previously accepted by the compiler but is being phased out; it will become a hard error in a future release!
[INFO] [stdout]    = note: for more information, see issue #149145 <https://github.com/rust-lang/rust/issues/149145>
[INFO] [stdout] 
[INFO] [stdout] 
[INFO] [stdout] error[E0277]: `Idx` cannot be sent between threads safely
[INFO] [stdout]    --> src/geometry/grid/igrid.rs:147:39
[INFO] [stdout]     |
[INFO] [stdout] 147 | ...().map(|i| f(unsafe { Self::external_position_to_position_unchecked::<Vector<Idx,N>>(Vector::<Idx, N>::from_index_unchecked(i, size), size) }.into())).c...
[INFO] [stdout]     |       --- ---^^^^^^^^^^^^^^^^^^^^^^^^^^^^^^^^^^^^^^^^^^^^^^^^^^^^^^^^^^^^^^^^^^^^^^^^^^^^^^^^^^^^^^^^^^^^^^^^^^^^^^^^^^^^^^^^^^^^^^^^^^^^^^^^^^^^^^^^^^^
[INFO] [stdout]     |       |   |
[INFO] [stdout]     |       |   `Idx` cannot be sent between threads safely
[INFO] [stdout]     |       |   within this `{closure@src/geometry/grid/igrid.rs:147:39: 147:42}`
[INFO] [stdout]     |       required by a bound introduced by this call
[INFO] [stdout]     |
[INFO] [stdout]     = note: required because it appears within the type `[Idx; N]`
[INFO] [stdout] note: required because it appears within the type `vector_n::Vector<Idx, N>`
[INFO] [stdout]    --> src/geometry/vector/vector_n.rs:26:5
[INFO] [stdout]     |
[INFO] [stdout]  23 | pub struct Vector<T, const N: usize>
[INFO] [stdout] ...
[INFO] [stdout]  26 |     pub(crate) array: [T; N],
[INFO] [stdout]     |     ^^^^^^^^^^^^^^^^^^^^^^^^ required by this field
[INFO] [stdout] note: required because `size` is used within this closure
[INFO] [stdout]    --> src/geometry/grid/igrid.rs:147:159
[INFO] [stdout]     |
[INFO] [stdout] 147 | ...ed::<Vector<Idx,N>>(Vector::<Idx, N>::from_index_unchecked(i, size), size) }.into())).collect_into_vec(&mut values);
[INFO] [stdout]     |                                                                  ^^^^
[INFO] [stdout] note: required by a bound in `rayon::iter::ParallelIterator::map`
[INFO] [stdout]    --> /opt/rustwide/cargo-home/registry/src/index.crates.io-1949cf8c6b5b557f/rayon-1.12.0/src/iter/mod.rs:595:41
[INFO] [stdout]     |
[INFO] [stdout] 357 | pub trait ParallelIterator: Sized + Send {
[INFO] [stdout] ...
[INFO] [stdout] 593 |     fn map<F, R>(self, map_op: F) -> Map<Self, F>
[INFO] [stdout] 594 |     where
[INFO] [stdout] 595 |         F: Fn(Self::Item) -> R + Sync + Send,
[INFO] [stdout]     |                                         ^^^^ required by this bound in `ParallelIterator::map`
[INFO] [stdout] help: consider further restricting type parameter `Idx` with trait `Send`
[INFO] [stdout]     |
[INFO] [stdout]  62 |     where Idx : Integer + std::marker::Send
[INFO] [stdout]     |                         +++++++++++++++++++
[INFO] [stdout] 
[INFO] [stdout] 
[INFO] [stdout] error[E0277]: `Idx` cannot be sent between threads safely
[INFO] [stdout]     --> src/geometry/grid/igrid.rs:147:183
[INFO] [stdout]      |
[INFO] [stdout]  147 | ...ap(|i| f(unsafe { Self::external_position_to_position_unchecked::<Vector<Idx,N>>(Vector::<Idx, N>::from_index_unchecked(i, size), size) }.into())).collect_into_vec(&m...
[INFO] [stdout]      |       --- within this `{closure@src/geometry/grid/igrid.rs:147:39: 147:42}`                                                                           ^^^^^^^^^^^^^^^^ `Idx` cannot be sent between threads safely
[INFO] [stdout]      |
[INFO] [stdout]      = note: required because it appears within the type `[Idx; N]`
[INFO] [stdout] note: required because it appears within the type `vector_n::Vector<Idx, N>`
[INFO] [stdout]     --> src/geometry/vector/vector_n.rs:26:5
[INFO] [stdout]      |
[INFO] [stdout]   23 | pub struct Vector<T, const N: usize>
[INFO] [stdout] ...
[INFO] [stdout]   26 |     pub(crate) array: [T; N],
[INFO] [stdout]      |     ^^^^^^^^^^^^^^^^^^^^^^^^ required by this field
[INFO] [stdout] note: required because `size` is used within this closure
[INFO] [stdout]     --> src/geometry/grid/igrid.rs:147:159
[INFO] [stdout]      |
[INFO] [stdout]  147 | ...d::<Vector<Idx,N>>(Vector::<Idx, N>::from_index_unchecked(i, size), size) }.into())).collect_into_vec(&mut values);
[INFO] [stdout]      |                                                                 ^^^^
[INFO] [stdout]      = note: required for `Map<Iter<usize>, {closure@igrid.rs:147:39}>` to implement `rayon::iter::ParallelIterator`
[INFO] [stdout] note: required by a bound in `collect_into_vec`
[INFO] [stdout]     --> /opt/rustwide/cargo-home/registry/src/index.crates.io-1949cf8c6b5b557f/rayon-1.12.0/src/iter/mod.rs:2440:36
[INFO] [stdout]      |
[INFO] [stdout] 2440 | pub trait IndexedParallelIterator: ParallelIterator {
[INFO] [stdout]      |                                    ^^^^^^^^^^^^^^^^ required by this bound in `IndexedParallelIterator::collect_into_vec`
[INFO] [stdout] ...
[INFO] [stdout] 2523 |     fn collect_into_vec(self, target: &mut Vec<Self::Item>) {
[INFO] [stdout]      = note: the full name for the type has been written to '/opt/rustwide/target/debug/build/hexga_math/e3230bdce8188443/out/hexga_math-e3230bdce8188443.long-type-6834154710425203352.txt'
[INFO] [stdout]      = note: consider using `--verbose` to print the full type name to the console
[INFO] [stdout] help: consider further restricting type parameter `Idx` with trait `Send`
[INFO] [stdout]      |
[INFO] [stdout]   62 |     where Idx : Integer + std::marker::Send
[INFO] [stdout]      |                         +++++++++++++++++++
[INFO] [stdout] help: consider removing this method call, as the receiver has type `rayon::range::Iter<usize>` and `rayon::range::Iter<usize>: std::marker::Send` trivially holds
[INFO] [stdout]      |
[INFO] [stdout]  147 -         (0..area).into_par_iter().map(|i| f(unsafe { Self::external_position_to_position_unchecked::<Vector<Idx,N>>(Vector::<Idx, N>::from_index_unchecked(i, size), size) }.into())).collect_into_vec(&mut values);
[INFO] [stdout]  147 +         (0..area).into_par_iter().collect_into_vec(&mut values);
[INFO] [stdout]      |
[INFO] [stdout] 
[INFO] [stdout] 
[INFO] [stdout] error[E0493]: destructor of `[T; N]` cannot be evaluated at compile-time
[INFO] [stdout]   --> src/geometry/vector/vector_n.rs:21:1
[INFO] [stdout]    |
[INFO] [stdout] 21 | #[math_vec]
[INFO] [stdout]    | ^^^^^^^^^^-
[INFO] [stdout]    | |         |
[INFO] [stdout]    | |         value is dropped here
[INFO] [stdout]    | the destructor for this type cannot be evaluated in constant functions
[INFO] [stdout]    |
[INFO] [stdout]    = note: this error originates in the attribute macro `math_vec` (in Nightly builds, run with -Z macro-backtrace for more info)
[INFO] [stdout] 
[INFO] [stdout] 
[INFO] [stdout] error[E0493]: destructor of `vector_n::Vector<T, N>` cannot be evaluated at compile-time
[INFO] [stdout]   --> src/geometry/vector/vector_n.rs:21:1
[INFO] [stdout]    |
[INFO] [stdout] 21 | #[math_vec]
[INFO] [stdout]    | ^^^^^^^^^^-
[INFO] [stdout]    | |         |
[INFO] [stdout]    | |         value is dropped here
[INFO] [stdout]    | the destructor for this type cannot be evaluated in constant functions
[INFO] [stdout]    |
[INFO] [stdout]    = note: this error originates in the attribute macro `math_vec` (in Nightly builds, run with -Z macro-backtrace for more info)
[INFO] [stdout] 
[INFO] [stdout] 
[INFO] [stdout] error[E0493]: destructor of `[T; 2]` cannot be evaluated at compile-time
[INFO] [stdout]  --> src/geometry/rectangle/rectangle.rs:7:1
[INFO] [stdout]   |
[INFO] [stdout] 7 | #[math_vec]
[INFO] [stdout]   | ^^^^^^^^^^-
[INFO] [stdout]   | |         |
[INFO] [stdout]   | |         value is dropped here
[INFO] [stdout]   | the destructor for this type cannot be evaluated in constant functions
[INFO] [stdout]   |
[INFO] [stdout]   = note: this error originates in the attribute macro `math_vec` (in Nightly builds, run with -Z macro-backtrace for more info)
[INFO] [stdout] 
[INFO] [stdout] 
[INFO] [stdout] error[E0493]: destructor of `RectangleOf<T>` cannot be evaluated at compile-time
[INFO] [stdout]  --> src/geometry/rectangle/rectangle.rs:7:1
[INFO] [stdout]   |
[INFO] [stdout] 7 | #[math_vec]
[INFO] [stdout]   | ^^^^^^^^^^-
[INFO] [stdout]   | |         |
[INFO] [stdout]   | |         value is dropped here
[INFO] [stdout]   | the destructor for this type cannot be evaluated in constant functions
[INFO] [stdout]   |
[INFO] [stdout]   = note: this error originates in the attribute macro `math_vec` (in Nightly builds, run with -Z macro-backtrace for more info)
[INFO] [stdout] 
[INFO] [stdout] 
[INFO] [stdout] error[E0277]: `Idx` cannot be sent between threads safely
[INFO] [stdout]    --> src/geometry/grid/igrid.rs:147:39
[INFO] [stdout]     |
[INFO] [stdout] 147 | ...().map(|i| f(unsafe { Self::external_position_to_position_unchecked::<Vector<Idx,N>>(Vector::<Idx, N>::from_index_unchecked(i, size), size) }.into())).c...
[INFO] [stdout]     |       --- ---^^^^^^^^^^^^^^^^^^^^^^^^^^^^^^^^^^^^^^^^^^^^^^^^^^^^^^^^^^^^^^^^^^^^^^^^^^^^^^^^^^^^^^^^^^^^^^^^^^^^^^^^^^^^^^^^^^^^^^^^^^^^^^^^^^^^^^^^^^^
[INFO] [stdout]     |       |   |
[INFO] [stdout]     |       |   `Idx` cannot be sent between threads safely
[INFO] [stdout]     |       |   within this `{closure@src/geometry/grid/igrid.rs:147:39: 147:42}`
[INFO] [stdout]     |       required by a bound introduced by this call
[INFO] [stdout]     |
[INFO] [stdout]     = note: required because it appears within the type `[Idx; N]`
[INFO] [stdout] note: required because it appears within the type `vector_n::Vector<Idx, N>`
[INFO] [stdout]    --> src/geometry/vector/vector_n.rs:26:5
[INFO] [stdout]     |
[INFO] [stdout]  23 | pub struct Vector<T, const N: usize>
[INFO] [stdout] ...
[INFO] [stdout]  26 |     pub(crate) array: [T; N],
[INFO] [stdout]     |     ^^^^^^^^^^^^^^^^^^^^^^^^ required by this field
[INFO] [stdout] note: required because `size` is used within this closure
[INFO] [stdout]    --> src/geometry/grid/igrid.rs:147:159
[INFO] [stdout]     |
[INFO] [stdout] 147 | ...ed::<Vector<Idx,N>>(Vector::<Idx, N>::from_index_unchecked(i, size), size) }.into())).collect_into_vec(&mut values);
[INFO] [stdout]     |                                                                  ^^^^
[INFO] [stdout] note: required by a bound in `rayon::iter::ParallelIterator::map`
[INFO] [stdout]    --> /opt/rustwide/cargo-home/registry/src/index.crates.io-1949cf8c6b5b557f/rayon-1.12.0/src/iter/mod.rs:595:41
[INFO] [stdout]     |
[INFO] [stdout] 357 | pub trait ParallelIterator: Sized + Send {
[INFO] [stdout] ...
[INFO] [stdout] 593 |     fn map<F, R>(self, map_op: F) -> Map<Self, F>
[INFO] [stdout] 594 |     where
[INFO] [stdout] 595 |         F: Fn(Self::Item) -> R + Sync + Send,
[INFO] [stdout]     |                                         ^^^^ required by this bound in `ParallelIterator::map`
[INFO] [stdout] help: consider further restricting type parameter `Idx` with trait `Send`
[INFO] [stdout]     |
[INFO] [stdout]  62 |     where Idx : Integer + std::marker::Send
[INFO] [stdout]     |                         +++++++++++++++++++
[INFO] [stdout] 
[INFO] [stdout] 
[INFO] [stdout] error[E0277]: `Idx` cannot be sent between threads safely
[INFO] [stdout]     --> src/geometry/grid/igrid.rs:147:183
[INFO] [stdout]      |
[INFO] [stdout]  147 | ...ap(|i| f(unsafe { Self::external_position_to_position_unchecked::<Vector<Idx,N>>(Vector::<Idx, N>::from_index_unchecked(i, size), size) }.into())).collect_into_vec(&m...
[INFO] [stdout]      |       --- within this `{closure@src/geometry/grid/igrid.rs:147:39: 147:42}`                                                                           ^^^^^^^^^^^^^^^^ `Idx` cannot be sent between threads safely
[INFO] [stdout]      |
[INFO] [stdout]      = note: required because it appears within the type `[Idx; N]`
[INFO] [stdout] note: required because it appears within the type `vector_n::Vector<Idx, N>`
[INFO] [stdout]     --> src/geometry/vector/vector_n.rs:26:5
[INFO] [stdout]      |
[INFO] [stdout]   23 | pub struct Vector<T, const N: usize>
[INFO] [stdout] ...
[INFO] [stdout]   26 |     pub(crate) array: [T; N],
[INFO] [stdout]      |     ^^^^^^^^^^^^^^^^^^^^^^^^ required by this field
[INFO] [stdout] note: required because `size` is used within this closure
[INFO] [stdout]     --> src/geometry/grid/igrid.rs:147:159
[INFO] [stdout]      |
[INFO] [stdout]  147 | ...d::<Vector<Idx,N>>(Vector::<Idx, N>::from_index_unchecked(i, size), size) }.into())).collect_into_vec(&mut values);
[INFO] [stdout]      |                                                                 ^^^^
[INFO] [stdout]      = note: required for `Map<Iter<usize>, {closure@igrid.rs:147:39}>` to implement `rayon::iter::ParallelIterator`
[INFO] [stdout] note: required by a bound in `collect_into_vec`
[INFO] [stdout]     --> /opt/rustwide/cargo-home/registry/src/index.crates.io-1949cf8c6b5b557f/rayon-1.12.0/src/iter/mod.rs:2440:36
[INFO] [stdout]      |
[INFO] [stdout] 2440 | pub trait IndexedParallelIterator: ParallelIterator {
[INFO] [stdout]      |                                    ^^^^^^^^^^^^^^^^ required by this bound in `IndexedParallelIterator::collect_into_vec`
[INFO] [stdout] ...
[INFO] [stdout] 2523 |     fn collect_into_vec(self, target: &mut Vec<Self::Item>) {
[INFO] [stdout]      = note: the full name for the type has been written to '/opt/rustwide/target/debug/build/hexga_math/21981b4839eb0295/out/hexga_math-21981b4839eb0295.long-type-7342989071947646515.txt'
[INFO] [stdout]      = note: consider using `--verbose` to print the full type name to the console
[INFO] [stdout] help: consider further restricting type parameter `Idx` with trait `Send`
[INFO] [stdout]      |
[INFO] [stdout]   62 |     where Idx : Integer + std::marker::Send
[INFO] [stdout]      |                         +++++++++++++++++++
[INFO] [stdout] help: consider removing this method call, as the receiver has type `rayon::range::Iter<usize>` and `rayon::range::Iter<usize>: std::marker::Send` trivially holds
[INFO] [stdout]      |
[INFO] [stdout]  147 -         (0..area).into_par_iter().map(|i| f(unsafe { Self::external_position_to_position_unchecked::<Vector<Idx,N>>(Vector::<Idx, N>::from_index_unchecked(i, size), size) }.into())).collect_into_vec(&mut values);
[INFO] [stdout]  147 +         (0..area).into_par_iter().collect_into_vec(&mut values);
[INFO] [stdout]      |
[INFO] [stdout] 
[INFO] [stdout] 
[INFO] [stdout] error[E0493]: destructor of `[T; N]` cannot be evaluated at compile-time
[INFO] [stdout]   --> src/geometry/vector/vector_n.rs:21:1
[INFO] [stdout]    |
[INFO] [stdout] 21 | #[math_vec]
[INFO] [stdout]    | ^^^^^^^^^^-
[INFO] [stdout]    | |         |
[INFO] [stdout]    | |         value is dropped here
[INFO] [stdout]    | the destructor for this type cannot be evaluated in constant functions
[INFO] [stdout]    |
[INFO] [stdout]    = note: this error originates in the attribute macro `math_vec` (in Nightly builds, run with -Z macro-backtrace for more info)
[INFO] [stdout] 
[INFO] [stdout] 
[INFO] [stdout] error[E0493]: destructor of `vector_n::Vector<T, N>` cannot be evaluated at compile-time
[INFO] [stdout]   --> src/geometry/vector/vector_n.rs:21:1
[INFO] [stdout]    |
[INFO] [stdout] 21 | #[math_vec]
[INFO] [stdout]    | ^^^^^^^^^^-
[INFO] [stdout]    | |         |
[INFO] [stdout]    | |         value is dropped here
[INFO] [stdout]    | the destructor for this type cannot be evaluated in constant functions
[INFO] [stdout]    |
[INFO] [stdout]    = note: this error originates in the attribute macro `math_vec` (in Nightly builds, run with -Z macro-backtrace for more info)
[INFO] [stdout] 
[INFO] [stdout] 
[INFO] [stdout] Some errors have detailed explanations: E0277, E0493.
[INFO] [stdout] 
[INFO] [stdout] For more information about an error, try `rustc --explain E0277`.
[INFO] [stdout] 
[INFO] [stderr] error: could not compile `hexga_math` (lib) due to 6 previous errors; 2 warnings emitted
[INFO] [stderr] warning: build failed, waiting for other jobs to finish...
[INFO] [stdout] error[E0493]: destructor of `[T; 2]` cannot be evaluated at compile-time
[INFO] [stdout]  --> src/geometry/rectangle/rectangle.rs:7:1
[INFO] [stdout]   |
[INFO] [stdout] 7 | #[math_vec]
[INFO] [stdout]   | ^^^^^^^^^^-
[INFO] [stdout]   | |         |
[INFO] [stdout]   | |         value is dropped here
[INFO] [stdout]   | the destructor for this type cannot be evaluated in constant functions
[INFO] [stdout]   |
[INFO] [stdout]   = note: this error originates in the attribute macro `math_vec` (in Nightly builds, run with -Z macro-backtrace for more info)
[INFO] [stdout] 
[INFO] [stdout] 
[INFO] [stdout] error[E0493]: destructor of `RectangleOf<T>` cannot be evaluated at compile-time
[INFO] [stdout]  --> src/geometry/rectangle/rectangle.rs:7:1
[INFO] [stdout]   |
[INFO] [stdout] 7 | #[math_vec]
[INFO] [stdout]   | ^^^^^^^^^^-
[INFO] [stdout]   | |         |
[INFO] [stdout]   | |         value is dropped here
[INFO] [stdout]   | the destructor for this type cannot be evaluated in constant functions
[INFO] [stdout]   |
[INFO] [stdout]   = note: this error originates in the attribute macro `math_vec` (in Nightly builds, run with -Z macro-backtrace for more info)
[INFO] [stdout] 
[INFO] [stdout] 
[INFO] [stdout] Some errors have detailed explanations: E0277, E0493.
[INFO] [stdout] 
[INFO] [stdout] For more information about an error, try `rustc --explain E0277`.
[INFO] [stdout] 
[INFO] [stderr] error: could not compile `hexga_math` (lib test) due to 6 previous errors; 2 warnings emitted
[INFO] running `Command { std: "docker" "inspect" "db6ee35618e93fe09a72ce20dd354ef7c00a9792af86194c7ed1b3089a2be75c", kill_on_drop: false }`
[INFO] running `Command { std: "docker" "rm" "-f" "db6ee35618e93fe09a72ce20dd354ef7c00a9792af86194c7ed1b3089a2be75c", kill_on_drop: false }`
[INFO] [stdout] db6ee35618e93fe09a72ce20dd354ef7c00a9792af86194c7ed1b3089a2be75c
