[INFO] fetching crate hexga_image 0.0.11-beta.56...
[INFO] checking hexga_image-0.0.11-beta.56 against c60b92c03ca8a3b101eb9d57f51e2232690638c7 for pr-164148-crater-rollup
[INFO] extracting crate hexga_image 0.0.11-beta.56 into /workspace/builds/worker-2-tc2/source
[INFO] started tweaking crates.io crate hexga_image 0.0.11-beta.56
[INFO] finished tweaking crates.io crate hexga_image 0.0.11-beta.56
[INFO] tweaked toml for crates.io crate hexga_image 0.0.11-beta.56 written to /workspace/builds/worker-2-tc2/source/Cargo.toml
[INFO] validating manifest of crates.io crate hexga_image 0.0.11-beta.56 on toolchain c60b92c03ca8a3b101eb9d57f51e2232690638c7
[INFO] running `Command { std: CARGO_HOME="/workspace/cargo-home" RUSTUP_HOME="/workspace/rustup-home" "/workspace/cargo-home/bin/cargo" "+c60b92c03ca8a3b101eb9d57f51e2232690638c7" "metadata" "--manifest-path" "Cargo.toml" "--no-deps", kill_on_drop: false }`
[INFO] crate crates.io crate hexga_image 0.0.11-beta.56 already has a lockfile, it will not be regenerated
[INFO] running `Command { std: CARGO_HOME="/workspace/cargo-home" RUSTUP_HOME="/workspace/rustup-home" "/workspace/cargo-home/bin/cargo" "+c60b92c03ca8a3b101eb9d57f51e2232690638c7" "fetch" "--manifest-path" "Cargo.toml", kill_on_drop: false }`
[INFO] [stderr] warning: `package.homepage` is redundant with `package.repository`
[INFO] [stderr]   --> Cargo.toml:51:12
[INFO] [stderr]    |
[INFO] [stderr] 51 | homepage = "https://github.com/Thomas-Mewily/hexga"
[INFO] [stderr]    |            ^^^^^^^^^^^^^^^^^^^^^^^^^^^^^^^^^^^^^^^^
[INFO] [stderr] ...
[INFO] [stderr] 56 | repository = "https://github.com/Thomas-Mewily/hexga"
[INFO] [stderr]    |              ----------------------------------------
[INFO] [stderr]    |
[INFO] [stderr]    = note: `cargo::redundant_homepage` is set to `warn` by default
[INFO] [stderr] help: consider removing `package.homepage`
[INFO] [stderr] warning: `hexga_image` (manifest) generated 1 warning
[INFO] [stderr]     Blocking waiting for file lock on package cache
[INFO] running `Command { std: "docker" "create" "-v" "/var/lib/crater-agent-workspace/builds/worker-2-tc2/source:/opt/rustwide/workdir:ro,Z" "-v" "/var/lib/crater-agent-workspace/builds/worker-2-tc2/target:/opt/rustwide/target:rw,Z" "-v" "/var/lib/crater-agent-workspace/cargo-home:/opt/rustwide/cargo-home:ro,Z" "-v" "/var/lib/crater-agent-workspace/rustup-home:/opt/rustwide/rustup-home:ro,Z" "-m" "1610612736" "--network" "none" "ghcr.io/rust-lang/crates-build-env/linux@sha256:77db811e55d90add9212f6832c23229e3de5f1c1f9905e8cb07319ea15df73ac" "sleep" "infinity", kill_on_drop: false }`
[INFO] [stdout] c234ecb64d3350a8b3f4a6eea3be09667aed7d6c9880ea1e8adeeaff15a30fc3
[INFO] running `Command { std: "docker" "start" "c234ecb64d3350a8b3f4a6eea3be09667aed7d6c9880ea1e8adeeaff15a30fc3", kill_on_drop: false }`
[INFO] running `Command { std: "docker" "inspect" "c234ecb64d3350a8b3f4a6eea3be09667aed7d6c9880ea1e8adeeaff15a30fc3", kill_on_drop: false }`
[INFO] running `Command { std: "docker" "exec" "-e" "SOURCE_DIR=/opt/rustwide/workdir" "-e" "CARGO_HOME=/opt/rustwide/cargo-home" "-e" "RUSTUP_HOME=/opt/rustwide/rustup-home" "-e" "CARGO_TARGET_DIR=/opt/rustwide/target" "-w" "/opt/rustwide/workdir" "--user" "0:0" "c234ecb64d3350a8b3f4a6eea3be09667aed7d6c9880ea1e8adeeaff15a30fc3" "/opt/rustwide/cargo-home/bin/cargo" "+c60b92c03ca8a3b101eb9d57f51e2232690638c7" "metadata" "--no-deps" "--format-version=1", kill_on_drop: false }`
[INFO] running `Command { std: "docker" "inspect" "c234ecb64d3350a8b3f4a6eea3be09667aed7d6c9880ea1e8adeeaff15a30fc3", kill_on_drop: false }`
[INFO] running `Command { std: "docker" "exec" "-e" "SOURCE_DIR=/opt/rustwide/workdir" "-e" "CARGO_HOME=/opt/rustwide/cargo-home" "-e" "RUSTUP_HOME=/opt/rustwide/rustup-home" "-e" "CARGO_TARGET_DIR=/opt/rustwide/target" "-e" "CARGO_INCREMENTAL=0" "-e" "RUST_BACKTRACE=full" "-e" "RUSTFLAGS=--cap-lints=forbid" "-e" "RUSTDOCFLAGS=--cap-lints=forbid" "-w" "/opt/rustwide/workdir" "--user" "0:0" "c234ecb64d3350a8b3f4a6eea3be09667aed7d6c9880ea1e8adeeaff15a30fc3" "/opt/rustwide/cargo-home/bin/cargo" "+c60b92c03ca8a3b101eb9d57f51e2232690638c7" "check" "--frozen" "--all" "--all-targets" "--message-format=json", kill_on_drop: false }`
[INFO] [stderr] warning: `package.homepage` is redundant with `package.repository`
[INFO] [stderr]   --> Cargo.toml:51:12
[INFO] [stderr]    |
[INFO] [stderr] 51 | homepage = "https://github.com/Thomas-Mewily/hexga"
[INFO] [stderr]    |            ^^^^^^^^^^^^^^^^^^^^^^^^^^^^^^^^^^^^^^^^
[INFO] [stderr] ...
[INFO] [stderr] 56 | repository = "https://github.com/Thomas-Mewily/hexga"
[INFO] [stderr]    |              ----------------------------------------
[INFO] [stderr]    |
[INFO] [stderr]    = note: `cargo::redundant_homepage` is set to `warn` by default
[INFO] [stderr] help: consider removing `package.homepage`
[INFO] [stderr] warning: `hexga_image` (manifest) generated 1 warning
[INFO] [stderr]    Compiling proc-macro2 v1.0.101
[INFO] [stderr]    Compiling quote v1.0.41
[INFO] [stderr]     Checking hexga_map_on v0.0.11-beta.56
[INFO] [stderr]     Checking simd-adler32 v0.3.9
[INFO] [stderr]     Checking hexga_guard v0.0.11-beta.56
[INFO] [stderr]    Compiling winnow v1.0.3
[INFO] [stderr]    Compiling toml_datetime v1.1.1+spec-1.1.0
[INFO] [stderr]    Compiling serde_json v1.0.150
[INFO] [stderr]     Checking bitflags v2.13.0
[INFO] [stderr]     Checking zune-core v0.5.1
[INFO] [stderr]     Checking unicode-ident v1.0.19
[INFO] [stderr]     Checking xml v1.3.0
[INFO] [stderr]     Checking memchr v2.8.2
[INFO] [stderr]     Checking either v1.16.0
[INFO] [stderr]     Checking pxfm v0.1.29
[INFO] [stderr]     Checking log v0.4.32
[INFO] [stderr]     Checking hexga_array v0.0.11-beta.56
[INFO] [stderr]     Checking hexga_typedef v0.0.11-beta.56
[INFO] [stderr]     Checking bytemuck v1.25.0
[INFO] [stderr]     Checking miniz_oxide v0.8.9
[INFO] [stderr]     Checking fdeflate v0.3.7
[INFO] [stderr]     Checking hexga_number v0.0.11-beta.56
[INFO] [stderr]     Checking rayon v1.12.0
[INFO] [stderr]     Checking zune-jpeg v0.5.15
[INFO] [stderr]     Checking flate2 v1.1.9
[INFO] [stderr]     Checking png v0.18.1
[INFO] [stderr]    Compiling syn v2.0.106
[INFO] [stderr]    Compiling toml_parser v1.1.2+spec-1.1.0
[INFO] [stderr]    Compiling toml_edit v0.25.12+spec-1.1.0
[INFO] [stderr]    Compiling proc-macro-crate v3.5.0
[INFO] [stderr]     Checking moxcms v0.8.1
[INFO] [stderr]    Compiling serde_derive v1.0.228
[INFO] [stderr]    Compiling hexga_bit_derive v0.0.11-beta.56
[INFO] [stderr]    Compiling thiserror-impl v2.0.18
[INFO] [stderr]    Compiling hexga_math_derive v0.0.11-beta.56
[INFO] [stderr]     Checking hexga_bit v0.0.11-beta.56
[INFO] [stderr]     Checking thiserror v2.0.18
[INFO] [stderr]     Checking image v0.25.10
[INFO] [stderr]     Checking serde v1.0.228
[INFO] [stderr]     Checking hexga_core v0.0.11-beta.56
[INFO] [stderr]     Checking bincode v1.3.3
[INFO] [stderr]     Checking serde-xml-rs v0.8.2
[INFO] [stderr]     Checking ron v0.12.2
[INFO] [stderr]     Checking hexga_io v0.0.11-beta.56
[INFO] [stderr]     Checking hexga_utils v0.0.11-beta.56
[INFO] [stderr]     Checking hexga_math v0.0.11-beta.56
[INFO] [stderr]     Checking hexga_encoding v0.0.11-beta.56
[INFO] [stdout] error[E0277]: `Idx` cannot be sent between threads safely
[INFO] [stdout]    --> /opt/rustwide/cargo-home/registry/src/index.crates.io-1949cf8c6b5b557f/hexga_math-0.0.11-beta.56/src/geometry/grid/igrid.rs:147:39
[INFO] [stdout]     |
[INFO] [stdout] 147 | ...().map(|i| f(unsafe { Self::external_position_to_position_unchecked::<Vector<Idx,N>>(Vector::<Idx, N>::from_index_unchecked(i, size), size) }.into())).c...
[INFO] [stdout]     |       --- ---^^^^^^^^^^^^^^^^^^^^^^^^^^^^^^^^^^^^^^^^^^^^^^^^^^^^^^^^^^^^^^^^^^^^^^^^^^^^^^^^^^^^^^^^^^^^^^^^^^^^^^^^^^^^^^^^^^^^^^^^^^^^^^^^^^^^^^^^^^^
[INFO] [stdout]     |       |   |
[INFO] [stdout]     |       |   `Idx` cannot be sent between threads safely
[INFO] [stdout]     |       |   within this `{closure@igrid.rs:147:39}`
[INFO] [stdout]     |       required by a bound introduced by this call
[INFO] [stdout]     |
[INFO] [stdout]     = note: required because it appears within the type `[Idx; N]`
[INFO] [stdout] note: required because it appears within the type `vector_n::Vector<Idx, N>`
[INFO] [stdout]    --> /opt/rustwide/cargo-home/registry/src/index.crates.io-1949cf8c6b5b557f/hexga_math-0.0.11-beta.56/src/geometry/vector/vector_n.rs:26:5
[INFO] [stdout]     |
[INFO] [stdout]  23 | pub struct Vector<T, const N: usize>
[INFO] [stdout] ...
[INFO] [stdout]  26 |     pub(crate) array: [T; N],
[INFO] [stdout]     |     ^^^^^^^^^^^^^^^^^^^^^^^^ required by this field
[INFO] [stdout] note: required because `size` is used within this closure
[INFO] [stdout]    --> /opt/rustwide/cargo-home/registry/src/index.crates.io-1949cf8c6b5b557f/hexga_math-0.0.11-beta.56/src/geometry/grid/igrid.rs:147:159
[INFO] [stdout]     |
[INFO] [stdout] 147 | ...ed::<Vector<Idx,N>>(Vector::<Idx, N>::from_index_unchecked(i, size), size) }.into())).collect_into_vec(&mut values);
[INFO] [stdout]     |                                                                  ^^^^
[INFO] [stdout] note: required by a bound in `rayon::iter::ParallelIterator::map`
[INFO] [stdout]    --> /opt/rustwide/cargo-home/registry/src/index.crates.io-1949cf8c6b5b557f/rayon-1.12.0/src/iter/mod.rs:595:41
[INFO] [stdout]     |
[INFO] [stdout] 357 | pub trait ParallelIterator: Sized + Send {
[INFO] [stdout] ...
[INFO] [stdout] 593 |     fn map<F, R>(self, map_op: F) -> Map<Self, F>
[INFO] [stdout] 594 |     where
[INFO] [stdout] 595 |         F: Fn(Self::Item) -> R + Sync + Send,
[INFO] [stdout]     |                                         ^^^^ required by this bound in `ParallelIterator::map`
[INFO] [stdout]     = note: the full name for the type has been written to '/opt/rustwide/target/debug/build/hexga_math/1853275eaef8bae7/out/hexga_math-1853275eaef8bae7.long-type-10272587535656721247.txt'
[INFO] [stdout]     = note: consider using `--verbose` to print the full type name to the console
[INFO] [stdout] help: consider further restricting type parameter `Idx` with trait `Send`
[INFO] [stdout]     |
[INFO] [stdout]  62 |     where Idx : Integer + std::marker::Send
[INFO] [stdout]     |                         +++++++++++++++++++
[INFO] [stdout] 
[INFO] [stdout] 
[INFO] [stdout] error[E0277]: `Idx` cannot be sent between threads safely
[INFO] [stdout]     --> /opt/rustwide/cargo-home/registry/src/index.crates.io-1949cf8c6b5b557f/hexga_math-0.0.11-beta.56/src/geometry/grid/igrid.rs:147:183
[INFO] [stdout]      |
[INFO] [stdout]  147 | ...ap(|i| f(unsafe { Self::external_position_to_position_unchecked::<Vector<Idx,N>>(Vector::<Idx, N>::from_index_unchecked(i, size), size) }.into())).collect_into_vec(&m...
[INFO] [stdout]      |       --- within this `{closure@igrid.rs:147:39}`                                                                                                     ^^^^^^^^^^^^^^^^ `Idx` cannot be sent between threads safely
[INFO] [stdout]      |
[INFO] [stdout]      = note: required because it appears within the type `[Idx; N]`
[INFO] [stdout] note: required because it appears within the type `vector_n::Vector<Idx, N>`
[INFO] [stdout]     --> /opt/rustwide/cargo-home/registry/src/index.crates.io-1949cf8c6b5b557f/hexga_math-0.0.11-beta.56/src/geometry/vector/vector_n.rs:26:5
[INFO] [stdout]      |
[INFO] [stdout]   23 | pub struct Vector<T, const N: usize>
[INFO] [stdout] ...
[INFO] [stdout]   26 |     pub(crate) array: [T; N],
[INFO] [stdout]      |     ^^^^^^^^^^^^^^^^^^^^^^^^ required by this field
[INFO] [stdout] note: required because `size` is used within this closure
[INFO] [stdout]     --> /opt/rustwide/cargo-home/registry/src/index.crates.io-1949cf8c6b5b557f/hexga_math-0.0.11-beta.56/src/geometry/grid/igrid.rs:147:159
[INFO] [stdout]      |
[INFO] [stdout]  147 | ...d::<Vector<Idx,N>>(Vector::<Idx, N>::from_index_unchecked(i, size), size) }.into())).collect_into_vec(&mut values);
[INFO] [stdout]      |                                                                 ^^^^
[INFO] [stdout]      = note: required for `Map<Iter<usize>, {closure@igrid.rs:147:39}>` to implement `rayon::iter::ParallelIterator`
[INFO] [stdout] note: required by a bound in `collect_into_vec`
[INFO] [stdout]     --> /opt/rustwide/cargo-home/registry/src/index.crates.io-1949cf8c6b5b557f/rayon-1.12.0/src/iter/mod.rs:2440:36
[INFO] [stdout]      |
[INFO] [stdout] 2440 | pub trait IndexedParallelIterator: ParallelIterator {
[INFO] [stdout]      |                                    ^^^^^^^^^^^^^^^^ required by this bound in `IndexedParallelIterator::collect_into_vec`
[INFO] [stdout] ...
[INFO] [stdout] 2523 |     fn collect_into_vec(self, target: &mut Vec<Self::Item>) {
[INFO] [stdout]      = note: the full name for the type has been written to '/opt/rustwide/target/debug/build/hexga_math/1853275eaef8bae7/out/hexga_math-1853275eaef8bae7.long-type-10272587535656721247.txt'
[INFO] [stdout]      = note: consider using `--verbose` to print the full type name to the console
[INFO] [stdout] help: consider further restricting type parameter `Idx` with trait `Send`
[INFO] [stdout]      |
[INFO] [stdout]   62 |     where Idx : Integer + std::marker::Send
[INFO] [stdout]      |                         +++++++++++++++++++
[INFO] [stdout] help: consider removing this method call, as the receiver has type `rayon::range::Iter<usize>` and `rayon::range::Iter<usize>: std::marker::Send` trivially holds
[INFO] [stdout]      |
[INFO] [stdout]  147 -         (0..area).into_par_iter().map(|i| f(unsafe { Self::external_position_to_position_unchecked::<Vector<Idx,N>>(Vector::<Idx, N>::from_index_unchecked(i, size), size) }.into())).collect_into_vec(&mut values);
[INFO] [stdout]  147 +         (0..area).into_par_iter().collect_into_vec(&mut values);
[INFO] [stdout]      |
[INFO] [stdout] 
[INFO] [stdout] 
[INFO] [stdout] error[E0493]: destructor of `[T; N]` cannot be evaluated at compile-time
[INFO] [stdout]   --> /opt/rustwide/cargo-home/registry/src/index.crates.io-1949cf8c6b5b557f/hexga_math-0.0.11-beta.56/src/geometry/vector/vector_n.rs:21:1
[INFO] [stdout]    |
[INFO] [stdout] 21 | #[math_vec]
[INFO] [stdout]    | ^^^^^^^^^^-
[INFO] [stdout]    | |         |
[INFO] [stdout]    | |         value is dropped here
[INFO] [stdout]    | the destructor for this type cannot be evaluated in constant functions
[INFO] [stdout]    |
[INFO] [stdout]    = note: this error originates in the attribute macro `math_vec` (in Nightly builds, run with -Z macro-backtrace for more info)
[INFO] [stdout] 
[INFO] [stdout] 
[INFO] [stdout] error[E0493]: destructor of `vector_n::Vector<T, N>` cannot be evaluated at compile-time
[INFO] [stdout]   --> /opt/rustwide/cargo-home/registry/src/index.crates.io-1949cf8c6b5b557f/hexga_math-0.0.11-beta.56/src/geometry/vector/vector_n.rs:21:1
[INFO] [stdout]    |
[INFO] [stdout] 21 | #[math_vec]
[INFO] [stdout]    | ^^^^^^^^^^-
[INFO] [stdout]    | |         |
[INFO] [stdout]    | |         value is dropped here
[INFO] [stdout]    | the destructor for this type cannot be evaluated in constant functions
[INFO] [stdout]    |
[INFO] [stdout]    = note: this error originates in the attribute macro `math_vec` (in Nightly builds, run with -Z macro-backtrace for more info)
[INFO] [stdout] 
[INFO] [stdout] 
[INFO] [stdout] error[E0493]: destructor of `[T; 2]` cannot be evaluated at compile-time
[INFO] [stdout]  --> /opt/rustwide/cargo-home/registry/src/index.crates.io-1949cf8c6b5b557f/hexga_math-0.0.11-beta.56/src/geometry/rectangle/rectangle.rs:7:1
[INFO] [stdout]   |
[INFO] [stdout] 7 | #[math_vec]
[INFO] [stdout]   | ^^^^^^^^^^-
[INFO] [stdout]   | |         |
[INFO] [stdout]   | |         value is dropped here
[INFO] [stdout]   | the destructor for this type cannot be evaluated in constant functions
[INFO] [stdout]   |
[INFO] [stdout]   = note: this error originates in the attribute macro `math_vec` (in Nightly builds, run with -Z macro-backtrace for more info)
[INFO] [stdout] 
[INFO] [stdout] 
[INFO] [stdout] error[E0493]: destructor of `RectangleOf<T>` cannot be evaluated at compile-time
[INFO] [stdout]  --> /opt/rustwide/cargo-home/registry/src/index.crates.io-1949cf8c6b5b557f/hexga_math-0.0.11-beta.56/src/geometry/rectangle/rectangle.rs:7:1
[INFO] [stdout]   |
[INFO] [stdout] 7 | #[math_vec]
[INFO] [stdout]   | ^^^^^^^^^^-
[INFO] [stdout]   | |         |
[INFO] [stdout]   | |         value is dropped here
[INFO] [stdout]   | the destructor for this type cannot be evaluated in constant functions
[INFO] [stdout]   |
[INFO] [stdout]   = note: this error originates in the attribute macro `math_vec` (in Nightly builds, run with -Z macro-backtrace for more info)
[INFO] [stdout] 
[INFO] [stdout] 
[INFO] [stdout] Some errors have detailed explanations: E0277, E0493.
[INFO] [stdout] 
[INFO] [stdout] For more information about an error, try `rustc --explain E0277`.
[INFO] [stdout] 
[INFO] [stderr] error: could not compile `hexga_math` (lib) due to 6 previous errors
[INFO] running `Command { std: "docker" "inspect" "c234ecb64d3350a8b3f4a6eea3be09667aed7d6c9880ea1e8adeeaff15a30fc3", kill_on_drop: false }`
[INFO] running `Command { std: "docker" "rm" "-f" "c234ecb64d3350a8b3f4a6eea3be09667aed7d6c9880ea1e8adeeaff15a30fc3", kill_on_drop: false }`
[INFO] [stdout] c234ecb64d3350a8b3f4a6eea3be09667aed7d6c9880ea1e8adeeaff15a30fc3
