[INFO] fetching crate herogpui-components 0.14.0...
[INFO] checking herogpui-components-0.14.0 against c60b92c03ca8a3b101eb9d57f51e2232690638c7 for pr-164148-crater-rollup
[INFO] extracting crate herogpui-components 0.14.0 into /workspace/builds/worker-2-tc2/source
[INFO] started tweaking crates.io crate herogpui-components 0.14.0
[INFO] removed 0 missing tests
[INFO] finished tweaking crates.io crate herogpui-components 0.14.0
[INFO] tweaked toml for crates.io crate herogpui-components 0.14.0 written to /workspace/builds/worker-2-tc2/source/Cargo.toml
[INFO] validating manifest of crates.io crate herogpui-components 0.14.0 on toolchain c60b92c03ca8a3b101eb9d57f51e2232690638c7
[INFO] running `Command { std: CARGO_HOME="/workspace/cargo-home" RUSTUP_HOME="/workspace/rustup-home" "/workspace/cargo-home/bin/cargo" "+c60b92c03ca8a3b101eb9d57f51e2232690638c7" "metadata" "--manifest-path" "Cargo.toml" "--no-deps", kill_on_drop: false }`
[INFO] crate crates.io crate herogpui-components 0.14.0 already has a lockfile, it will not be regenerated
[INFO] running `Command { std: CARGO_HOME="/workspace/cargo-home" RUSTUP_HOME="/workspace/rustup-home" "/workspace/cargo-home/bin/cargo" "+c60b92c03ca8a3b101eb9d57f51e2232690638c7" "fetch" "--manifest-path" "Cargo.toml", kill_on_drop: false }`
[INFO] running `Command { std: "docker" "create" "-v" "/var/lib/crater-agent-workspace/builds/worker-2-tc2/source:/opt/rustwide/workdir:ro,Z" "-v" "/var/lib/crater-agent-workspace/builds/worker-2-tc2/target:/opt/rustwide/target:rw,Z" "-v" "/var/lib/crater-agent-workspace/cargo-home:/opt/rustwide/cargo-home:ro,Z" "-v" "/var/lib/crater-agent-workspace/rustup-home:/opt/rustwide/rustup-home:ro,Z" "-m" "1610612736" "--network" "none" "ghcr.io/rust-lang/crates-build-env/linux@sha256:77db811e55d90add9212f6832c23229e3de5f1c1f9905e8cb07319ea15df73ac" "sleep" "infinity", kill_on_drop: false }`
[INFO] [stdout] 92a66b3da2d80a3ac7ecfb2bd60ce3990ee4a1199785dae107d5f1e5ff345dc0
[INFO] running `Command { std: "docker" "start" "92a66b3da2d80a3ac7ecfb2bd60ce3990ee4a1199785dae107d5f1e5ff345dc0", kill_on_drop: false }`
[INFO] running `Command { std: "docker" "inspect" "92a66b3da2d80a3ac7ecfb2bd60ce3990ee4a1199785dae107d5f1e5ff345dc0", kill_on_drop: false }`
[INFO] running `Command { std: "docker" "exec" "-e" "SOURCE_DIR=/opt/rustwide/workdir" "-e" "CARGO_HOME=/opt/rustwide/cargo-home" "-e" "RUSTUP_HOME=/opt/rustwide/rustup-home" "-e" "CARGO_TARGET_DIR=/opt/rustwide/target" "-w" "/opt/rustwide/workdir" "--user" "0:0" "92a66b3da2d80a3ac7ecfb2bd60ce3990ee4a1199785dae107d5f1e5ff345dc0" "/opt/rustwide/cargo-home/bin/cargo" "+c60b92c03ca8a3b101eb9d57f51e2232690638c7" "metadata" "--no-deps" "--format-version=1", kill_on_drop: false }`
[INFO] running `Command { std: "docker" "inspect" "92a66b3da2d80a3ac7ecfb2bd60ce3990ee4a1199785dae107d5f1e5ff345dc0", kill_on_drop: false }`
[INFO] running `Command { std: "docker" "exec" "-e" "SOURCE_DIR=/opt/rustwide/workdir" "-e" "CARGO_HOME=/opt/rustwide/cargo-home" "-e" "RUSTUP_HOME=/opt/rustwide/rustup-home" "-e" "CARGO_TARGET_DIR=/opt/rustwide/target" "-e" "CARGO_INCREMENTAL=0" "-e" "RUST_BACKTRACE=full" "-e" "RUSTFLAGS=--cap-lints=forbid" "-e" "RUSTDOCFLAGS=--cap-lints=forbid" "-w" "/opt/rustwide/workdir" "--user" "0:0" "92a66b3da2d80a3ac7ecfb2bd60ce3990ee4a1199785dae107d5f1e5ff345dc0" "/opt/rustwide/cargo-home/bin/cargo" "+c60b92c03ca8a3b101eb9d57f51e2232690638c7" "check" "--frozen" "--all" "--all-targets" "--message-format=json", kill_on_drop: false }`
[INFO] [stderr]     Checking writeable v0.6.4
[INFO] [stderr]     Checking litemap v0.8.3
[INFO] [stderr]    Compiling syn v3.0.3
[INFO] [stderr]     Checking erased-serde v0.4.10
[INFO] [stderr]     Checking serde_fmt v1.1.0
[INFO] [stderr]    Compiling typeid v1.0.3
[INFO] [stderr]     Checking indexmap v2.14.0
[INFO] [stderr]     Checking zerofrom v0.1.8
[INFO] [stderr]    Compiling toml_datetime v1.1.1+spec-1.1.0
[INFO] [stderr]     Checking fastrand v2.5.0
[INFO] [stderr]    Compiling icu_locale_data v2.2.0
[INFO] [stderr]     Checking lyon_geom v1.0.19
[INFO] [stderr]     Checking ppv-lite86 v0.2.21
[INFO] [stderr]     Checking ttf-parser v0.25.1
[INFO] [stderr]     Checking yoke v0.8.3
[INFO] [stderr]     Checking polycool v0.4.0
[INFO] [stderr]    Compiling serde_spanned v1.1.1
[INFO] [stderr]    Compiling serde_json v1.0.151
[INFO] [stderr]    Compiling serde v1.0.229
[INFO] [stderr]    Compiling toml v1.1.4+spec-1.1.0
[INFO] [stderr]     Checking form_urlencoded v1.2.2
[INFO] [stderr]     Checking tiny-skia-path v0.11.4
[INFO] [stderr]     Checking half v2.7.1
[INFO] [stderr]     Checking raw-cpuid v11.6.0
[INFO] [stderr]     Checking kurbo v0.13.1
[INFO] [stderr]     Checking rand_chacha v0.9.0
[INFO] [stderr]    Compiling rustc-hash v2.1.3
[INFO] [stderr]    Compiling gpui-pre-ztracing v0.3.5
[INFO] [stderr]     Checking unicode-properties v0.1.4
[INFO] [stderr]     Checking lyon_path v1.0.19
[INFO] [stderr]     Checking value-bag-serde1 v1.13.2
[INFO] [stderr]     Checking compression-core v0.4.32
[INFO] [stderr]     Checking unicode-bidi-mirroring v0.4.0
[INFO] [stderr]     Checking unicode-ccc v0.4.0
[INFO] [stderr]     Checking value-bag v1.13.2
[INFO] [stderr]    Compiling toml_edit v0.25.13+spec-1.1.0
[INFO] [stderr]    Compiling derive_more-impl v2.1.1
[INFO] [stderr]     Checking png v0.17.16
[INFO] [stderr]     Checking rand v0.9.5
[INFO] [stderr]     Checking svgtypes v0.16.1
[INFO] [stderr]     Checking log v0.4.33
[INFO] [stderr]     Checking compression-codecs v0.4.38
[INFO] [stderr]     Checking tempfile v3.27.0
[INFO] [stderr]    Compiling embed-resource v3.0.11
[INFO] [stderr]    Compiling convert_case v0.11.0
[INFO] [stderr]     Checking wait-timeout v0.2.1
[INFO] [stderr]     Checking gpui-pre-util v0.3.5
[INFO] [stderr]     Checking tracing-log v0.2.0
[INFO] [stderr]     Checking simplecss v0.2.2
[INFO] [stderr]     Checking gpui-pre-collections v0.3.5
[INFO] [stderr]     Checking pico-args v0.5.0
[INFO] [stderr]     Checking unicode-vo v0.1.0
[INFO] [stderr]     Checking xmlwriter v0.1.0
[INFO] [stderr]    Compiling gpui-pre-ztracing-macro v0.3.5
[INFO] [stderr]     Checking tracing-subscriber v0.3.23
[INFO] [stderr]     Checking data-url v0.3.2
[INFO] [stderr]    Compiling icu_calendar_data v2.2.0
[INFO] [stderr]     Checking fax v0.2.7
[INFO] [stderr]     Checking imagesize v0.14.0
[INFO] [stderr]    Compiling proptest-macro v0.5.0
[INFO] [stderr]     Checking lyon_tessellation v1.0.20
[INFO] [stderr]     Checking tiff v0.11.3
[INFO] [stderr]     Checking rusty-fork v0.3.1
[INFO] [stderr]     Checking moxcms v0.8.1
[INFO] [stderr]     Checking uuid v1.24.1
[INFO] [stderr]    Compiling gpui-pre v0.3.5
[INFO] [stderr]     Checking tiny-skia v0.11.4
[INFO] [stderr]    Compiling proc-macro-crate v3.5.0
[INFO] [stderr]     Checking backtrace v0.3.76
[INFO] [stderr]     Checking thiserror v1.0.69
[INFO] [stderr]     Checking flume v0.12.0
[INFO] [stderr]     Checking lyon_algorithms v1.0.20
[INFO] [stderr]     Checking async-compression v0.4.43
[INFO] [stderr]     Checking futures-lite v2.6.1
[INFO] [stderr]     Checking rand_xorshift v0.4.0
[INFO] [stderr]    Compiling gpui-pre-derive-refineable v0.3.5
[INFO] [stderr]     Checking rgb v0.8.53
[INFO] [stderr]    Compiling enumn v0.1.14
[INFO] [stderr]     Checking fontdb v0.23.0
[INFO] [stderr]     Checking rustybuzz v0.20.1
[INFO] [stderr]     Checking crossbeam-queue v0.3.13
[INFO] [stderr]     Checking concurrent-queue v2.5.0
[INFO] [stderr]     Checking atomic v0.5.3
[INFO] [stderr]    Compiling linktime-proc-macro v0.2.3
[INFO] [stderr]    Compiling icu_decimal_data v2.2.0
[INFO] [stderr]     Checking async-task v4.7.1
[INFO] [stderr]     Checking link-section v0.19.3
[INFO] [stderr]     Checking pollster v0.2.5
[INFO] [stderr]    Compiling icu_plurals_data v2.2.0
[INFO] [stderr]     Checking smol_str v0.3.6
[INFO] [stderr]    Compiling icu_time_data v2.2.1
[INFO] [stderr]     Checking svg_fmt v0.4.5
[INFO] [stderr]    Compiling gpui-pre-macros v0.3.5
[INFO] [stderr]     Checking async-channel v2.5.0
[INFO] [stderr]     Checking proptest v1.11.0
[INFO] [stderr]     Checking pulp v0.22.3
[INFO] [stderr]     Checking etagere v0.2.15
[INFO] [stderr]     Checking lyon v1.0.19
[INFO] [stderr]     Checking accesskit v0.24.1
[INFO] [stderr]     Checking strum v0.28.0
[INFO] [stderr]     Checking taffy v0.13.0
[INFO] [stderr]     Checking spin v0.10.1
[INFO] [stderr]     Checking waker-fn v1.2.0
[INFO] [stderr]    Compiling icu_datetime_data v2.2.0
[INFO] [stderr]     Checking futures-concurrency v7.7.1
[INFO] [stderr]     Checking jiff-core v0.1.0
[INFO] [stderr]     Checking gpui-pre-refineable v0.3.5
[INFO] [stderr]     Checking ctor v1.0.13
[INFO] [stderr]     Checking jiff v0.2.35
[INFO] [stderr]     Checking derive_more v2.1.1
[INFO] [stderr]    Compiling serde_derive_internals v0.30.0
[INFO] [stderr]    Compiling displaydoc v0.2.7
[INFO] [stderr]    Compiling zerovec-derive v0.11.6
[INFO] [stderr]    Compiling serde_derive v1.0.229
[INFO] [stderr]    Compiling futures-macro v0.3.34
[INFO] [stderr]    Compiling ref-cast-impl v1.0.27
[INFO] [stderr]    Compiling schemars_derive v1.2.2
[INFO] [stderr]    Compiling thiserror-impl v2.0.20
[INFO] [stderr]     Checking usvg v0.46.0
[INFO] [stderr]     Checking ref-cast v1.0.27
[INFO] [stderr]     Checking zerotrie v0.2.5
[INFO] [stderr]     Checking calendrical_calculations v0.2.4
[INFO] [stderr]     Checking fixed_decimal v0.7.2
[INFO] [stderr]     Checking futures-util v0.3.34
[INFO] [stderr]     Checking thiserror v2.0.20
[INFO] [stderr]     Checking zerovec v0.11.8
[INFO] [stderr]     Checking exr v1.74.2
[INFO] [stderr]     Checking resvg v0.46.0
[INFO] [stderr]     Checking tinystr v0.8.4
[INFO] [stderr]     Checking potential_utf v0.1.6
[INFO] [stderr]     Checking icu_pattern v0.4.2
[INFO] [stderr]     Checking icu_collections v2.2.0
[INFO] [stderr]     Checking icu_locale_core v2.2.0
[INFO] [stderr]     Checking icu_provider v2.2.0
[INFO] [stderr]     Checking icu_properties v2.2.0
[INFO] [stderr]     Checking icu_normalizer v2.2.0
[INFO] [stderr]     Checking icu_locale v2.2.0
[INFO] [stderr]     Checking chrono v0.4.45
[INFO] [stderr]     Checking schemars v1.2.2
[INFO] [stderr]     Checking serde_urlencoded v0.7.1
[INFO] [stderr]    Compiling gpui-pre-perf v0.3.5
[INFO] [stderr]     Checking icu_calendar v2.2.1
[INFO] [stderr]     Checking icu_decimal v2.2.0
[INFO] [stderr]     Checking icu_plurals v2.2.0
[INFO] [stderr]     Checking futures-executor v0.3.34
[INFO] [stderr]     Checking futures v0.3.34
[INFO] [stderr]    Compiling gpui-pre-util-macros v0.3.5
[INFO] [stderr]     Checking postage v0.5.0
[INFO] [stderr]     Checking idna_adapter v1.2.2
[INFO] [stderr]     Checking idna v1.1.0
[INFO] [stderr]     Checking image v0.25.10
[INFO] [stderr]     Checking url v2.5.8
[INFO] [stderr]     Checking gpui-pre-shared-string v0.3.5
[INFO] [stderr]     Checking gpui-pre-zlog v0.3.5
[INFO] [stderr]     Checking gpui-pre-scheduler v0.3.5
[INFO] [stderr]     Checking gpui-pre-http-client v0.3.5
[INFO] [stderr]     Checking gpui-pre-sum-tree v0.3.5
[INFO] [stderr]     Checking icu_time v2.2.0
[INFO] [stdout] error[E0277]: `<<T as Item>::Summary as Summary>::Context<'_>` cannot be sent between threads safely
[INFO] [stdout]    --> /opt/rustwide/cargo-home/registry/src/index.crates.io-1949cf8c6b5b557f/gpui-pre-sum-tree-0.3.5/src/sum_tree.rs:329:18
[INFO] [stdout]     |
[INFO] [stdout] 329 |               .map(|items| {
[INFO] [stdout]     |                --- ^------
[INFO] [stdout]     |                |   |
[INFO] [stdout]     |  ______________|___within this `{closure@sum_tree.rs:329:18}`
[INFO] [stdout]     | |              |
[INFO] [stdout]     | |              required by a bound introduced by this call
[INFO] [stdout] 330 | |                 let items: ArrayVec<T, { 2 * TREE_BASE }, u8> = items.into_iter().collect();
[INFO] [stdout] 331 | |                 let item_summaries: ArrayVec<T::Summary, { 2 * TREE_BASE }, u8> =
[INFO] [stdout] 332 | |                     items.iter().map(|item| item.summary(cx)).collect();
[INFO] [stdout] ...   |
[INFO] [stdout] 341 | |                 }))
[INFO] [stdout] 342 | |             })
[INFO] [stdout]     | |_____________^ `<<T as Item>::Summary as Summary>::Context<'_>` cannot be sent between threads safely
[INFO] [stdout]     |
[INFO] [stdout]     = help: within `{closure@sum_tree.rs:329:18}`, the trait `Send` is not implemented for `<<T as Item>::Summary as Summary>::Context<'_>`
[INFO] [stdout] note: required because `cx` is used within this closure
[INFO] [stdout]    --> /opt/rustwide/cargo-home/registry/src/index.crates.io-1949cf8c6b5b557f/gpui-pre-sum-tree-0.3.5/src/sum_tree.rs:332:58
[INFO] [stdout]     |
[INFO] [stdout] 332 |                     items.iter().map(|item| item.summary(cx)).collect();
[INFO] [stdout]     |                                                          ^^
[INFO] [stdout] note: required by a bound in `rayon::iter::ParallelIterator::map`
[INFO] [stdout]    --> /opt/rustwide/cargo-home/registry/src/index.crates.io-1949cf8c6b5b557f/rayon-1.12.0/src/iter/mod.rs:595:41
[INFO] [stdout]     |
[INFO] [stdout] 357 | pub trait ParallelIterator: Sized + Send {
[INFO] [stdout] ...
[INFO] [stdout] 593 |     fn map<F, R>(self, map_op: F) -> Map<Self, F>
[INFO] [stdout] 594 |     where
[INFO] [stdout] 595 |         F: Fn(Self::Item) -> R + Sync + Send,
[INFO] [stdout]     |                                         ^^^^ required by this bound in `ParallelIterator::map`
[INFO] [stdout]     = note: the full name for the type has been written to '/opt/rustwide/target/debug/build/gpui-pre-sum-tree/afff5dea8ae78e92/out/sum_tree-afff5dea8ae78e92.long-type-5713773082462479063.txt'
[INFO] [stdout]     = note: consider using `--verbose` to print the full type name to the console
[INFO] [stdout] help: consider further restricting the associated type
[INFO] [stdout]     |
[INFO] [stdout] 324 |         for<'a> <T::Summary as Summary>::Context<'a>: Sync, <<T as Item>::Summary as Summary>::Context<'_>: Send
[INFO] [stdout]     |                                                             ++++++++++++++++++++++++++++++++++++++++++++++++++++
[INFO] [stdout] 
[INFO] [stdout] 
[INFO] [stdout] error[E0277]: `<<T as Item>::Summary as Summary>::Context<'_>` cannot be sent between threads safely
[INFO] [stdout]    --> /opt/rustwide/cargo-home/registry/src/index.crates.io-1949cf8c6b5b557f/gpui-pre-sum-tree-0.3.5/src/sum_tree.rs:326:25
[INFO] [stdout]     |
[INFO] [stdout] 326 |           let mut nodes = iter
[INFO] [stdout]     |  _________________________^
[INFO] [stdout] 327 | |             .into_par_iter()
[INFO] [stdout] 328 | |             .chunks(2 * TREE_BASE)
[INFO] [stdout] 329 | |             .map(|items| {
[INFO] [stdout]     | |                  ------- within this `{closure@sum_tree.rs:329:18}`
[INFO] [stdout] ...   |
[INFO] [stdout] 342 | |             })
[INFO] [stdout] 343 | |             .collect::<Vec<_>>();
[INFO] [stdout]     | |________________________________^ `<<T as Item>::Summary as Summary>::Context<'_>` cannot be sent between threads safely
[INFO] [stdout]     |
[INFO] [stdout]     = help: within `{closure@sum_tree.rs:329:18}`, the trait `Send` is not implemented for `<<T as Item>::Summary as Summary>::Context<'_>`
[INFO] [stdout] note: required because `cx` is used within this closure
[INFO] [stdout]    --> /opt/rustwide/cargo-home/registry/src/index.crates.io-1949cf8c6b5b557f/gpui-pre-sum-tree-0.3.5/src/sum_tree.rs:332:58
[INFO] [stdout]     |
[INFO] [stdout] 332 |                     items.iter().map(|item| item.summary(cx)).collect();
[INFO] [stdout]     |                                                          ^^
[INFO] [stdout]     = note: required for `Map<Chunks<Iter>, {closure@sum_tree.rs:329:18}>` to implement `ParallelIterator`
[INFO] [stdout]     = note: the full name for the type has been written to '/opt/rustwide/target/debug/build/gpui-pre-sum-tree/afff5dea8ae78e92/out/sum_tree-afff5dea8ae78e92.long-type-5713773082462479063.txt'
[INFO] [stdout]     = note: consider using `--verbose` to print the full type name to the console
[INFO] [stdout] help: consider further restricting the associated type
[INFO] [stdout]     |
[INFO] [stdout] 324 |         for<'a> <T::Summary as Summary>::Context<'a>: Sync, <<T as Item>::Summary as Summary>::Context<'_>: Send
[INFO] [stdout]     |                                                             ++++++++++++++++++++++++++++++++++++++++++++++++++++
[INFO] [stdout] 
[INFO] [stdout] 
[INFO] [stdout] error[E0277]: `<<T as Item>::Summary as Summary>::Context<'_>` cannot be sent between threads safely
[INFO] [stdout]    --> /opt/rustwide/cargo-home/registry/src/index.crates.io-1949cf8c6b5b557f/gpui-pre-sum-tree-0.3.5/src/sum_tree.rs:351:22
[INFO] [stdout]     |
[INFO] [stdout] 351 |                   .map(|child_nodes| {
[INFO] [stdout]     |                    --- ^------------
[INFO] [stdout]     |                    |   |
[INFO] [stdout]     |  __________________|___within this `{closure@sum_tree.rs:351:22}`
[INFO] [stdout]     | |                  |
[INFO] [stdout]     | |                  required by a bound introduced by this call
[INFO] [stdout] 352 | |                     let child_trees: ArrayVec<SumTree<T>, { 2 * TREE_BASE }, u8> =
[INFO] [stdout] 353 | |                         child_nodes.into_iter().collect();
[INFO] [stdout] 354 | |                     let child_summaries: ArrayVec<T::Summary, { 2 * TREE_BASE }, u8> = child_trees
[INFO] [stdout] ...   |
[INFO] [stdout] 367 | |                     }))
[INFO] [stdout] 368 | |                 })
[INFO] [stdout]     | |_________________^ `<<T as Item>::Summary as Summary>::Context<'_>` cannot be sent between threads safely
[INFO] [stdout]     |
[INFO] [stdout]     = help: within `{closure@sum_tree.rs:351:22}`, the trait `Send` is not implemented for `<<T as Item>::Summary as Summary>::Context<'_>`
[INFO] [stdout] note: required because `cx` is used within this closure
[INFO] [stdout]    --> /opt/rustwide/cargo-home/registry/src/index.crates.io-1949cf8c6b5b557f/gpui-pre-sum-tree-0.3.5/src/sum_tree.rs:360:91
[INFO] [stdout]     |
[INFO] [stdout] 360 |                         <T::Summary as Summary>::add_summary(&mut summary, child_summary, cx);
[INFO] [stdout]     |                                                                                           ^^
[INFO] [stdout] note: required by a bound in `rayon::iter::ParallelIterator::map`
[INFO] [stdout]    --> /opt/rustwide/cargo-home/registry/src/index.crates.io-1949cf8c6b5b557f/rayon-1.12.0/src/iter/mod.rs:595:41
[INFO] [stdout]     |
[INFO] [stdout] 357 | pub trait ParallelIterator: Sized + Send {
[INFO] [stdout] ...
[INFO] [stdout] 593 |     fn map<F, R>(self, map_op: F) -> Map<Self, F>
[INFO] [stdout] 594 |     where
[INFO] [stdout] 595 |         F: Fn(Self::Item) -> R + Sync + Send,
[INFO] [stdout]     |                                         ^^^^ required by this bound in `ParallelIterator::map`
[INFO] [stdout]     = note: the full name for the type has been written to '/opt/rustwide/target/debug/build/gpui-pre-sum-tree/afff5dea8ae78e92/out/sum_tree-afff5dea8ae78e92.long-type-14859830762118245613.txt'
[INFO] [stdout]     = note: consider using `--verbose` to print the full type name to the console
[INFO] [stdout] help: consider further restricting the associated type
[INFO] [stdout]     |
[INFO] [stdout] 324 |         for<'a> <T::Summary as Summary>::Context<'a>: Sync, <<T as Item>::Summary as Summary>::Context<'_>: Send
[INFO] [stdout]     |                                                             ++++++++++++++++++++++++++++++++++++++++++++++++++++
[INFO] [stdout] 
[INFO] [stdout] 
[INFO] [stdout] error[E0277]: `<<T as Item>::Summary as Summary>::Context<'_>` cannot be sent between threads safely
[INFO] [stdout]    --> /opt/rustwide/cargo-home/registry/src/index.crates.io-1949cf8c6b5b557f/gpui-pre-sum-tree-0.3.5/src/sum_tree.rs:348:21
[INFO] [stdout]     |
[INFO] [stdout] 348 |               nodes = nodes
[INFO] [stdout]     |  _____________________^
[INFO] [stdout] 349 | |                 .into_par_iter()
[INFO] [stdout] 350 | |                 .chunks(2 * TREE_BASE)
[INFO] [stdout] 351 | |                 .map(|child_nodes| {
[INFO] [stdout]     | |                      ------------- within this `{closure@sum_tree.rs:351:22}`
[INFO] [stdout] ...   |
[INFO] [stdout] 368 | |                 })
[INFO] [stdout] 369 | |                 .collect::<Vec<_>>();
[INFO] [stdout]     | |____________________________________^ `<<T as Item>::Summary as Summary>::Context<'_>` cannot be sent between threads safely
[INFO] [stdout]     |
[INFO] [stdout]     = help: within `{closure@sum_tree.rs:351:22}`, the trait `Send` is not implemented for `<<T as Item>::Summary as Summary>::Context<'_>`
[INFO] [stdout] note: required because `cx` is used within this closure
[INFO] [stdout]    --> /opt/rustwide/cargo-home/registry/src/index.crates.io-1949cf8c6b5b557f/gpui-pre-sum-tree-0.3.5/src/sum_tree.rs:360:91
[INFO] [stdout]     |
[INFO] [stdout] 360 |                         <T::Summary as Summary>::add_summary(&mut summary, child_summary, cx);
[INFO] [stdout]     |                                                                                           ^^
[INFO] [stdout]     = note: required for `Map<Chunks<IntoIter<SumTree<T>>>, {closure@sum_tree.rs:351:22}>` to implement `ParallelIterator`
[INFO] [stdout]     = note: the full name for the type has been written to '/opt/rustwide/target/debug/build/gpui-pre-sum-tree/afff5dea8ae78e92/out/sum_tree-afff5dea8ae78e92.long-type-14859830762118245613.txt'
[INFO] [stdout]     = note: consider using `--verbose` to print the full type name to the console
[INFO] [stdout] help: consider further restricting the associated type
[INFO] [stdout]     |
[INFO] [stdout] 324 |         for<'a> <T::Summary as Summary>::Context<'a>: Sync, <<T as Item>::Summary as Summary>::Context<'_>: Send
[INFO] [stdout]     |                                                             ++++++++++++++++++++++++++++++++++++++++++++++++++++
[INFO] [stdout] 
[INFO] [stdout] 
[INFO] [stderr]     Checking icu_datetime v2.2.0
[INFO] [stdout] For more information about this error, try `rustc --explain E0277`.
[INFO] [stdout] 
[INFO] [stderr] error: could not compile `gpui-pre-sum-tree` (lib) due to 4 previous errors
[INFO] [stderr] warning: build failed, waiting for other jobs to finish...
[INFO] running `Command { std: "docker" "inspect" "92a66b3da2d80a3ac7ecfb2bd60ce3990ee4a1199785dae107d5f1e5ff345dc0", kill_on_drop: false }`
[INFO] running `Command { std: "docker" "rm" "-f" "92a66b3da2d80a3ac7ecfb2bd60ce3990ee4a1199785dae107d5f1e5ff345dc0", kill_on_drop: false }`
[INFO] [stdout] 92a66b3da2d80a3ac7ecfb2bd60ce3990ee4a1199785dae107d5f1e5ff345dc0
