[INFO] fetching crate gunnar-client 1.1.4...
[INFO] checking gunnar-client-1.1.4 against c60b92c03ca8a3b101eb9d57f51e2232690638c7 for pr-164148-crater-rollup
[INFO] extracting crate gunnar-client 1.1.4 into /workspace/builds/worker-3-tc2/source
[INFO] started tweaking crates.io crate gunnar-client 1.1.4
[INFO] removed 0 missing tests
[INFO] finished tweaking crates.io crate gunnar-client 1.1.4
[INFO] tweaked toml for crates.io crate gunnar-client 1.1.4 written to /workspace/builds/worker-3-tc2/source/Cargo.toml
[INFO] validating manifest of crates.io crate gunnar-client 1.1.4 on toolchain c60b92c03ca8a3b101eb9d57f51e2232690638c7
[INFO] running `Command { std: CARGO_HOME="/workspace/cargo-home" RUSTUP_HOME="/workspace/rustup-home" "/workspace/cargo-home/bin/cargo" "+c60b92c03ca8a3b101eb9d57f51e2232690638c7" "metadata" "--manifest-path" "Cargo.toml" "--no-deps", kill_on_drop: false }`
[INFO] crate crates.io crate gunnar-client 1.1.4 already has a lockfile, it will not be regenerated
[INFO] running `Command { std: CARGO_HOME="/workspace/cargo-home" RUSTUP_HOME="/workspace/rustup-home" "/workspace/cargo-home/bin/cargo" "+c60b92c03ca8a3b101eb9d57f51e2232690638c7" "fetch" "--manifest-path" "Cargo.toml", kill_on_drop: false }`
[INFO] running `Command { std: "docker" "create" "-v" "/var/lib/crater-agent-workspace/builds/worker-3-tc2/source:/opt/rustwide/workdir:ro,Z" "-v" "/var/lib/crater-agent-workspace/builds/worker-3-tc2/target:/opt/rustwide/target:rw,Z" "-v" "/var/lib/crater-agent-workspace/cargo-home:/opt/rustwide/cargo-home:ro,Z" "-v" "/var/lib/crater-agent-workspace/rustup-home:/opt/rustwide/rustup-home:ro,Z" "-m" "1610612736" "--network" "none" "ghcr.io/rust-lang/crates-build-env/linux@sha256:77db811e55d90add9212f6832c23229e3de5f1c1f9905e8cb07319ea15df73ac" "sleep" "infinity", kill_on_drop: false }`
[INFO] [stdout] 700695dceabcbbd3ca3ca3b08210bb367a5b847a94e298de0f21e722413d93fc
[INFO] running `Command { std: "docker" "start" "700695dceabcbbd3ca3ca3b08210bb367a5b847a94e298de0f21e722413d93fc", kill_on_drop: false }`
[INFO] running `Command { std: "docker" "inspect" "700695dceabcbbd3ca3ca3b08210bb367a5b847a94e298de0f21e722413d93fc", kill_on_drop: false }`
[INFO] running `Command { std: "docker" "exec" "-e" "SOURCE_DIR=/opt/rustwide/workdir" "-e" "CARGO_HOME=/opt/rustwide/cargo-home" "-e" "RUSTUP_HOME=/opt/rustwide/rustup-home" "-e" "CARGO_TARGET_DIR=/opt/rustwide/target" "-w" "/opt/rustwide/workdir" "--user" "0:0" "700695dceabcbbd3ca3ca3b08210bb367a5b847a94e298de0f21e722413d93fc" "/opt/rustwide/cargo-home/bin/cargo" "+c60b92c03ca8a3b101eb9d57f51e2232690638c7" "metadata" "--no-deps" "--format-version=1", kill_on_drop: false }`
[INFO] running `Command { std: "docker" "inspect" "700695dceabcbbd3ca3ca3b08210bb367a5b847a94e298de0f21e722413d93fc", kill_on_drop: false }`
[INFO] running `Command { std: "docker" "exec" "-e" "SOURCE_DIR=/opt/rustwide/workdir" "-e" "CARGO_HOME=/opt/rustwide/cargo-home" "-e" "RUSTUP_HOME=/opt/rustwide/rustup-home" "-e" "CARGO_TARGET_DIR=/opt/rustwide/target" "-e" "CARGO_INCREMENTAL=0" "-e" "RUST_BACKTRACE=full" "-e" "RUSTFLAGS=--cap-lints=forbid" "-e" "RUSTDOCFLAGS=--cap-lints=forbid" "-w" "/opt/rustwide/workdir" "--user" "0:0" "700695dceabcbbd3ca3ca3b08210bb367a5b847a94e298de0f21e722413d93fc" "/opt/rustwide/cargo-home/bin/cargo" "+c60b92c03ca8a3b101eb9d57f51e2232690638c7" "check" "--frozen" "--all" "--all-targets" "--message-format=json", kill_on_drop: false }`
[INFO] [stderr]    Compiling libc v0.2.189
[INFO] [stderr]     Checking subtle v2.6.1
[INFO] [stderr]    Compiling getrandom v0.4.3
[INFO] [stderr]     Checking regex-automata v0.4.16
[INFO] [stderr]     Checking smallvec v1.15.2
[INFO] [stderr]     Checking human_format v1.2.1
[INFO] [stderr]     Checking unicode-normalization v0.1.25
[INFO] [stderr]    Compiling thiserror-impl v2.0.19
[INFO] [stderr]     Checking hash32 v0.3.1
[INFO] [stderr]    Compiling signal-hook v0.4.4
[INFO] [stderr]     Checking shell-words v1.1.1
[INFO] [stderr]     Checking rustix v1.1.4
[INFO] [stderr]     Checking pem-rfc7468 v1.0.0
[INFO] [stderr]     Checking futures-core v0.3.33
[INFO] [stderr]     Checking futures-sink v0.3.33
[INFO] [stderr]     Checking heapless v0.8.0
[INFO] [stderr]    Compiling aws-lc-rs v1.17.3
[INFO] [stderr]     Checking futures-io v0.3.33
[INFO] [stderr]     Checking tracing v0.1.44
[INFO] [stderr]     Checking cipher v0.4.4
[INFO] [stderr]     Checking der v0.8.1
[INFO] [stderr]     Checking ctutils v0.4.2
[INFO] [stderr]     Checking digest v0.10.7
[INFO] [stderr]     Checking ff v0.14.0
[INFO] [stderr]     Checking base16ct v1.0.0
[INFO] [stderr]     Checking futures-channel v0.3.33
[INFO] [stderr]     Checking icu_normalizer v2.2.0
[INFO] [stderr]     Checking group v0.14.0
[INFO] [stderr]     Checking futures-util v0.3.33
[INFO] [stderr]     Checking indexmap v2.14.0
[INFO] [stderr]     Checking zlib-rs v0.6.6
[INFO] [stderr]     Checking sha1 v0.10.7
[INFO] [stderr]     Checking hybrid-array v0.4.14
[INFO] [stderr]    Compiling curve25519-dalek-derive v0.1.1
[INFO] [stderr]     Checking sha2 v0.10.9
[INFO] [stderr]     Checking sha1-checked v0.10.0
[INFO] [stderr]     Checking sync_wrapper v1.0.2
[INFO] [stderr]     Checking universal-hash v0.5.1
[INFO] [stderr]    Compiling curve25519-dalek v5.0.0-rc.0
[INFO] [stderr]     Checking idna_adapter v1.2.2
[INFO] [stderr]    Compiling nix v0.31.3
[INFO] [stderr]     Checking faster-hex v0.10.0
[INFO] [stderr]     Checking idna v1.1.0
[INFO] [stderr]     Checking polyval v0.6.2
[INFO] [stderr]     Checking http-body-util v0.1.4
[INFO] [stderr]    Compiling curve25519-dalek v4.1.3
[INFO] [stderr]     Checking ghash v0.5.1
[INFO] [stderr]     Checking ctr v0.9.2
[INFO] [stderr]     Checking aes v0.8.4
[INFO] [stderr]     Checking num-integer v0.1.46
[INFO] [stderr]     Checking aead v0.5.2
[INFO] [stderr]     Checking url v2.5.8
[INFO] [stderr]     Checking keccak v0.2.0
[INFO] [stderr]     Checking fiat-crypto v0.3.0
[INFO] [stderr]     Checking signature v2.2.0
[INFO] [stderr]     Checking ed25519 v2.2.3
[INFO] [stderr]     Checking ssh-encoding v0.2.0
[INFO] [stderr]     Checking flate2 v1.1.9
[INFO] [stderr]     Checking poly1305 v0.8.0
[INFO] [stderr]     Checking blowfish v0.9.1
[INFO] [stderr]     Checking cbc v0.1.2
[INFO] [stderr]     Checking aes-gcm v0.10.3
[INFO] [stderr]     Checking chacha20 v0.9.1
[INFO] [stderr]     Checking pbkdf2 v0.12.2
[INFO] [stderr]    Compiling gix-macros v0.1.6
[INFO] [stderr]    Compiling enum_dispatch v0.3.13
[INFO] [stderr]     Checking bcrypt-pbkdf v0.10.0
[INFO] [stderr]     Checking num-bigint v0.4.8
[INFO] [stderr]     Checking thiserror v2.0.19
[INFO] [stderr]    Compiling jobserver v0.1.35
[INFO] [stderr]     Checking gix-zlib v0.1.0
[INFO] [stderr]     Checking generic-array v1.4.4
[INFO] [stderr]    Compiling delegate v0.13.5
[INFO] [stderr]     Checking ssh-cipher v0.2.0
[INFO] [stderr]     Checking data-encoding v2.11.0
[INFO] [stderr]     Checking spki v0.8.0
[INFO] [stderr]    Compiling cc v1.4.0
[INFO] [stderr]     Checking hex-literal v1.1.0
[INFO] [stderr]     Checking md5 v0.8.1
[INFO] [stderr]     Checking pkcs1 v0.8.0-rc.4
[INFO] [stderr]     Checking serde v1.0.229
[INFO] [stderr]     Checking nornir-hash v0.1.0
[INFO] [stderr]     Checking ed25519-dalek v2.2.0
[INFO] [stderr]     Checking gunnar-pktline v1.1.0
[INFO] [stdout] error[E0493]: destructor of `ArrayBuilder<T, N>` cannot be evaluated at compile-time
[INFO] [stdout]    --> /opt/rustwide/cargo-home/registry/src/index.crates.io-1949cf8c6b5b557f/generic-array-1.4.4/src/internal.rs:103:31
[INFO] [stdout]     |
[INFO] [stdout] 103 |     pub unsafe fn assume_init(self) -> GenericArray<T, N> {
[INFO] [stdout]     |                               ^^^^ the destructor for this type cannot be evaluated in constant functions
[INFO] [stdout] ...
[INFO] [stdout] 109 |     }
[INFO] [stdout]     |     - value is dropped here
[INFO] [stdout] 
[INFO] [stdout] 
[INFO] [stdout] error[E0493]: destructor of `GenericArray<core::mem::MaybeUninit<*const T>, N>` cannot be evaluated at compile-time
[INFO] [stdout]    --> /opt/rustwide/cargo-home/registry/src/index.crates.io-1949cf8c6b5b557f/generic-array-1.4.4/src/lib.rs:981:13
[INFO] [stdout]     |
[INFO] [stdout] 981 |         let mut out: GenericArray<MaybeUninit<*const T>, N> = GenericArray::uninit();
[INFO] [stdout]     |             ^^^^^^^ the destructor for this type cannot be evaluated in constant functions
[INFO] [stdout] ...
[INFO] [stdout] 996 |     }
[INFO] [stdout]     |     - value is dropped here
[INFO] [stdout] 
[INFO] [stdout] 
[INFO] [stdout] error[E0493]: destructor of `GenericArray<core::mem::MaybeUninit<*mut T>, N>` cannot be evaluated at compile-time
[INFO] [stdout]     --> /opt/rustwide/cargo-home/registry/src/index.crates.io-1949cf8c6b5b557f/generic-array-1.4.4/src/lib.rs:1016:13
[INFO] [stdout]      |
[INFO] [stdout] 1016 |         let mut out: GenericArray<MaybeUninit<*mut T>, N> = GenericArray::uninit();
[INFO] [stdout]      |             ^^^^^^^ the destructor for this type cannot be evaluated in constant functions
[INFO] [stdout] ...
[INFO] [stdout] 1031 |     }
[INFO] [stdout]      |     - value is dropped here
[INFO] [stdout] 
[INFO] [stdout] 
[INFO] [stdout] For more information about this error, try `rustc --explain E0493`.
[INFO] [stdout] 
[INFO] [stderr] error: could not compile `generic-array` (lib) due to 3 previous errors
[INFO] [stderr] warning: build failed, waiting for other jobs to finish...
[INFO] running `Command { std: "docker" "inspect" "700695dceabcbbd3ca3ca3b08210bb367a5b847a94e298de0f21e722413d93fc", kill_on_drop: false }`
[INFO] running `Command { std: "docker" "rm" "-f" "700695dceabcbbd3ca3ca3b08210bb367a5b847a94e298de0f21e722413d93fc", kill_on_drop: false }`
[INFO] [stdout] 700695dceabcbbd3ca3ca3b08210bb367a5b847a94e298de0f21e722413d93fc
