[INFO] fetching crate gpui_rn_sum_tree 0.1.1...
[INFO] checking gpui_rn_sum_tree-0.1.1 against c60b92c03ca8a3b101eb9d57f51e2232690638c7 for pr-164148-crater-rollup
[INFO] extracting crate gpui_rn_sum_tree 0.1.1 into /workspace/builds/worker-3-tc2/source
[INFO] started tweaking crates.io crate gpui_rn_sum_tree 0.1.1
[INFO] finished tweaking crates.io crate gpui_rn_sum_tree 0.1.1
[INFO] tweaked toml for crates.io crate gpui_rn_sum_tree 0.1.1 written to /workspace/builds/worker-3-tc2/source/Cargo.toml
[INFO] validating manifest of crates.io crate gpui_rn_sum_tree 0.1.1 on toolchain c60b92c03ca8a3b101eb9d57f51e2232690638c7
[INFO] running `Command { std: CARGO_HOME="/workspace/cargo-home" RUSTUP_HOME="/workspace/rustup-home" "/workspace/cargo-home/bin/cargo" "+c60b92c03ca8a3b101eb9d57f51e2232690638c7" "metadata" "--manifest-path" "Cargo.toml" "--no-deps", kill_on_drop: false }`
[INFO] crate crates.io crate gpui_rn_sum_tree 0.1.1 already has a lockfile, it will not be regenerated
[INFO] running `Command { std: CARGO_HOME="/workspace/cargo-home" RUSTUP_HOME="/workspace/rustup-home" "/workspace/cargo-home/bin/cargo" "+c60b92c03ca8a3b101eb9d57f51e2232690638c7" "fetch" "--manifest-path" "Cargo.toml", kill_on_drop: false }`
[INFO] running `Command { std: "docker" "create" "-v" "/var/lib/crater-agent-workspace/builds/worker-3-tc2/source:/opt/rustwide/workdir:ro,Z" "-v" "/var/lib/crater-agent-workspace/builds/worker-3-tc2/target:/opt/rustwide/target:rw,Z" "-v" "/var/lib/crater-agent-workspace/cargo-home:/opt/rustwide/cargo-home:ro,Z" "-v" "/var/lib/crater-agent-workspace/rustup-home:/opt/rustwide/rustup-home:ro,Z" "-m" "1610612736" "--network" "none" "ghcr.io/rust-lang/crates-build-env/linux@sha256:77db811e55d90add9212f6832c23229e3de5f1c1f9905e8cb07319ea15df73ac" "sleep" "infinity", kill_on_drop: false }`
[INFO] [stdout] edb42cf4ae65f486a66421318ffc942a9b061afa091f383ab0a0735188ec37e2
[INFO] running `Command { std: "docker" "start" "edb42cf4ae65f486a66421318ffc942a9b061afa091f383ab0a0735188ec37e2", kill_on_drop: false }`
[INFO] running `Command { std: "docker" "inspect" "edb42cf4ae65f486a66421318ffc942a9b061afa091f383ab0a0735188ec37e2", kill_on_drop: false }`
[INFO] running `Command { std: "docker" "exec" "-e" "SOURCE_DIR=/opt/rustwide/workdir" "-e" "CARGO_HOME=/opt/rustwide/cargo-home" "-e" "RUSTUP_HOME=/opt/rustwide/rustup-home" "-e" "CARGO_TARGET_DIR=/opt/rustwide/target" "-w" "/opt/rustwide/workdir" "--user" "0:0" "edb42cf4ae65f486a66421318ffc942a9b061afa091f383ab0a0735188ec37e2" "/opt/rustwide/cargo-home/bin/cargo" "+c60b92c03ca8a3b101eb9d57f51e2232690638c7" "metadata" "--no-deps" "--format-version=1", kill_on_drop: false }`
[INFO] running `Command { std: "docker" "inspect" "edb42cf4ae65f486a66421318ffc942a9b061afa091f383ab0a0735188ec37e2", kill_on_drop: false }`
[INFO] running `Command { std: "docker" "exec" "-e" "SOURCE_DIR=/opt/rustwide/workdir" "-e" "CARGO_HOME=/opt/rustwide/cargo-home" "-e" "RUSTUP_HOME=/opt/rustwide/rustup-home" "-e" "CARGO_TARGET_DIR=/opt/rustwide/target" "-e" "CARGO_INCREMENTAL=0" "-e" "RUST_BACKTRACE=full" "-e" "RUSTFLAGS=--cap-lints=forbid" "-e" "RUSTDOCFLAGS=--cap-lints=forbid" "-w" "/opt/rustwide/workdir" "--user" "0:0" "edb42cf4ae65f486a66421318ffc942a9b061afa091f383ab0a0735188ec37e2" "/opt/rustwide/cargo-home/bin/cargo" "+c60b92c03ca8a3b101eb9d57f51e2232690638c7" "check" "--frozen" "--all" "--all-targets" "--message-format=json", kill_on_drop: false }`
[INFO] [stderr]    Compiling serde_core v1.0.228
[INFO] [stderr]    Compiling typeid v1.0.3
[INFO] [stderr]    Compiling erased-serde v0.4.9
[INFO] [stderr]    Compiling libc v0.2.178
[INFO] [stderr]     Checking either v1.15.0
[INFO] [stderr]     Checking rayon v1.11.0
[INFO] [stderr]     Checking getrandom v0.3.4
[INFO] [stderr]     Checking rand_core v0.9.3
[INFO] [stderr]     Checking rand_chacha v0.9.0
[INFO] [stderr]     Checking rand v0.9.2
[INFO] [stderr]     Checking serde_fmt v1.1.0
[INFO] [stderr]     Checking value-bag-serde1 v1.12.0
[INFO] [stderr]     Checking value-bag v1.12.0
[INFO] [stderr]     Checking log v0.4.29
[INFO] [stderr]     Checking gpui_rn_sum_tree v0.1.1 (/opt/rustwide/workdir)
[INFO] [stdout] error[E0277]: `<<T as Item>::Summary as Summary>::Context<'_>` cannot be sent between threads safely
[INFO] [stdout]    --> src/sum_tree.rs:314:18
[INFO] [stdout]     |
[INFO] [stdout] 314 |               .map(|items| {
[INFO] [stdout]     |                --- ^------
[INFO] [stdout]     |                |   |
[INFO] [stdout]     |  ______________|___within this `{closure@src/sum_tree.rs:314:18: 314:25}`
[INFO] [stdout]     | |              |
[INFO] [stdout]     | |              required by a bound introduced by this call
[INFO] [stdout] 315 | |                 let items: ArrayVec<T, { 2 * TREE_BASE }> = items.into_iter().collect();
[INFO] [stdout] 316 | |                 let item_summaries: ArrayVec<T::Summary, { 2 * TREE_BASE }> =
[INFO] [stdout] 317 | |                     items.iter().map(|item| item.summary(cx)).collect();
[INFO] [stdout] ...   |
[INFO] [stdout] 326 | |                 }))
[INFO] [stdout] 327 | |             })
[INFO] [stdout]     | |_____________^ `<<T as Item>::Summary as Summary>::Context<'_>` cannot be sent between threads safely
[INFO] [stdout]     |
[INFO] [stdout]     = help: within `{closure@src/sum_tree.rs:314:18: 314:25}`, the trait `Send` is not implemented for `<<T as Item>::Summary as Summary>::Context<'_>`
[INFO] [stdout] note: required because `cx` is used within this closure
[INFO] [stdout]    --> src/sum_tree.rs:317:58
[INFO] [stdout]     |
[INFO] [stdout] 317 |                     items.iter().map(|item| item.summary(cx)).collect();
[INFO] [stdout]     |                                                          ^^
[INFO] [stdout] note: required by a bound in `rayon::iter::ParallelIterator::map`
[INFO] [stdout]    --> /opt/rustwide/cargo-home/registry/src/index.crates.io-1949cf8c6b5b557f/rayon-1.11.0/src/iter/mod.rs:594:41
[INFO] [stdout]     |
[INFO] [stdout] 356 | pub trait ParallelIterator: Sized + Send {
[INFO] [stdout] ...
[INFO] [stdout] 592 |     fn map<F, R>(self, map_op: F) -> Map<Self, F>
[INFO] [stdout] 593 |     where
[INFO] [stdout] 594 |         F: Fn(Self::Item) -> R + Sync + Send,
[INFO] [stdout]     |                                         ^^^^ required by this bound in `ParallelIterator::map`
[INFO] [stdout] help: consider further restricting the associated type
[INFO] [stdout]     |
[INFO] [stdout] 309 |         for<'a> <T::Summary as Summary>::Context<'a>: Sync, <<T as Item>::Summary as Summary>::Context<'_>: Send
[INFO] [stdout]     |                                                             ++++++++++++++++++++++++++++++++++++++++++++++++++++
[INFO] [stdout] 
[INFO] [stdout] 
[INFO] [stdout] error[E0277]: `<<T as Item>::Summary as Summary>::Context<'_>` cannot be sent between threads safely
[INFO] [stdout]    --> src/sum_tree.rs:311:25
[INFO] [stdout]     |
[INFO] [stdout] 311 |           let mut nodes = iter
[INFO] [stdout]     |  _________________________^
[INFO] [stdout] 312 | |             .into_par_iter()
[INFO] [stdout] 313 | |             .chunks(2 * TREE_BASE)
[INFO] [stdout] 314 | |             .map(|items| {
[INFO] [stdout]     | |                  ------- within this `{closure@src/sum_tree.rs:314:18: 314:25}`
[INFO] [stdout] ...   |
[INFO] [stdout] 327 | |             })
[INFO] [stdout] 328 | |             .collect::<Vec<_>>();
[INFO] [stdout]     | |________________________________^ `<<T as Item>::Summary as Summary>::Context<'_>` cannot be sent between threads safely
[INFO] [stdout]     |
[INFO] [stdout]     = help: within `{closure@src/sum_tree.rs:314:18: 314:25}`, the trait `Send` is not implemented for `<<T as Item>::Summary as Summary>::Context<'_>`
[INFO] [stdout] note: required because `cx` is used within this closure
[INFO] [stdout]    --> src/sum_tree.rs:317:58
[INFO] [stdout]     |
[INFO] [stdout] 317 |                     items.iter().map(|item| item.summary(cx)).collect();
[INFO] [stdout]     |                                                          ^^
[INFO] [stdout]     = note: required for `rayon::iter::Map<rayon::iter::Chunks<Iter>, {closure@src/sum_tree.rs:314:18: 314:25}>` to implement `ParallelIterator`
[INFO] [stdout] help: consider further restricting the associated type
[INFO] [stdout]     |
[INFO] [stdout] 309 |         for<'a> <T::Summary as Summary>::Context<'a>: Sync, <<T as Item>::Summary as Summary>::Context<'_>: Send
[INFO] [stdout]     |                                                             ++++++++++++++++++++++++++++++++++++++++++++++++++++
[INFO] [stdout] 
[INFO] [stdout] 
[INFO] [stdout] error[E0277]: `<<T as Item>::Summary as Summary>::Context<'_>` cannot be sent between threads safely
[INFO] [stdout]    --> src/sum_tree.rs:336:22
[INFO] [stdout]     |
[INFO] [stdout] 336 |                   .map(|child_nodes| {
[INFO] [stdout]     |                    --- ^------------
[INFO] [stdout]     |                    |   |
[INFO] [stdout]     |  __________________|___within this `{closure@src/sum_tree.rs:336:22: 336:35}`
[INFO] [stdout]     | |                  |
[INFO] [stdout]     | |                  required by a bound introduced by this call
[INFO] [stdout] 337 | |                     let child_trees: ArrayVec<SumTree<T>, { 2 * TREE_BASE }> =
[INFO] [stdout] 338 | |                         child_nodes.into_iter().collect();
[INFO] [stdout] 339 | |                     let child_summaries: ArrayVec<T::Summary, { 2 * TREE_BASE }> = child_trees
[INFO] [stdout] ...   |
[INFO] [stdout] 352 | |                     }))
[INFO] [stdout] 353 | |                 })
[INFO] [stdout]     | |_________________^ `<<T as Item>::Summary as Summary>::Context<'_>` cannot be sent between threads safely
[INFO] [stdout]     |
[INFO] [stdout]     = help: within `{closure@src/sum_tree.rs:336:22: 336:35}`, the trait `Send` is not implemented for `<<T as Item>::Summary as Summary>::Context<'_>`
[INFO] [stdout] note: required because `cx` is used within this closure
[INFO] [stdout]    --> src/sum_tree.rs:345:91
[INFO] [stdout]     |
[INFO] [stdout] 345 |                         <T::Summary as Summary>::add_summary(&mut summary, child_summary, cx);
[INFO] [stdout]     |                                                                                           ^^
[INFO] [stdout] note: required by a bound in `rayon::iter::ParallelIterator::map`
[INFO] [stdout]    --> /opt/rustwide/cargo-home/registry/src/index.crates.io-1949cf8c6b5b557f/rayon-1.11.0/src/iter/mod.rs:594:41
[INFO] [stdout]     |
[INFO] [stdout] 356 | pub trait ParallelIterator: Sized + Send {
[INFO] [stdout] ...
[INFO] [stdout] 592 |     fn map<F, R>(self, map_op: F) -> Map<Self, F>
[INFO] [stdout] 593 |     where
[INFO] [stdout] 594 |         F: Fn(Self::Item) -> R + Sync + Send,
[INFO] [stdout]     |                                         ^^^^ required by this bound in `ParallelIterator::map`
[INFO] [stdout] help: consider further restricting the associated type
[INFO] [stdout]     |
[INFO] [stdout] 309 |         for<'a> <T::Summary as Summary>::Context<'a>: Sync, <<T as Item>::Summary as Summary>::Context<'_>: Send
[INFO] [stdout]     |                                                             ++++++++++++++++++++++++++++++++++++++++++++++++++++
[INFO] [stdout] 
[INFO] [stdout] 
[INFO] [stdout] error[E0277]: `<<T as Item>::Summary as Summary>::Context<'_>` cannot be sent between threads safely
[INFO] [stdout]    --> src/sum_tree.rs:333:21
[INFO] [stdout]     |
[INFO] [stdout] 333 |               nodes = nodes
[INFO] [stdout]     |  _____________________^
[INFO] [stdout] 334 | |                 .into_par_iter()
[INFO] [stdout] 335 | |                 .chunks(2 * TREE_BASE)
[INFO] [stdout] 336 | |                 .map(|child_nodes| {
[INFO] [stdout]     | |                      ------------- within this `{closure@src/sum_tree.rs:336:22: 336:35}`
[INFO] [stdout] ...   |
[INFO] [stdout] 353 | |                 })
[INFO] [stdout] 354 | |                 .collect::<Vec<_>>();
[INFO] [stdout]     | |____________________________________^ `<<T as Item>::Summary as Summary>::Context<'_>` cannot be sent between threads safely
[INFO] [stdout]     |
[INFO] [stdout]     = help: within `{closure@src/sum_tree.rs:336:22: 336:35}`, the trait `Send` is not implemented for `<<T as Item>::Summary as Summary>::Context<'_>`
[INFO] [stdout] note: required because `cx` is used within this closure
[INFO] [stdout]    --> src/sum_tree.rs:345:91
[INFO] [stdout]     |
[INFO] [stdout] 345 |                         <T::Summary as Summary>::add_summary(&mut summary, child_summary, cx);
[INFO] [stdout]     |                                                                                           ^^
[INFO] [stdout]     = note: required for `Map<Chunks<IntoIter<SumTree<T>>>, {closure@sum_tree.rs:336:22}>` to implement `ParallelIterator`
[INFO] [stdout]     = note: the full name for the type has been written to '/opt/rustwide/target/debug/build/gpui_rn_sum_tree/37bbe8478252f209/out/gpui_rn_sum_tree-37bbe8478252f209.long-type-748620597528688807.txt'
[INFO] [stdout]     = note: consider using `--verbose` to print the full type name to the console
[INFO] [stdout] help: consider further restricting the associated type
[INFO] [stdout]     |
[INFO] [stdout] 309 |         for<'a> <T::Summary as Summary>::Context<'a>: Sync, <<T as Item>::Summary as Summary>::Context<'_>: Send
[INFO] [stdout]     |                                                             ++++++++++++++++++++++++++++++++++++++++++++++++++++
[INFO] [stdout] 
[INFO] [stdout] 
[INFO] [stdout] error[E0277]: `<<T as Item>::Summary as Summary>::Context<'_>` cannot be sent between threads safely
[INFO] [stdout]    --> src/sum_tree.rs:314:18
[INFO] [stdout]     |
[INFO] [stdout] 314 |               .map(|items| {
[INFO] [stdout]     |                --- ^------
[INFO] [stdout]     |                |   |
[INFO] [stdout]     |  ______________|___within this `{closure@src/sum_tree.rs:314:18: 314:25}`
[INFO] [stdout]     | |              |
[INFO] [stdout]     | |              required by a bound introduced by this call
[INFO] [stdout] 315 | |                 let items: ArrayVec<T, { 2 * TREE_BASE }> = items.into_iter().collect();
[INFO] [stdout] 316 | |                 let item_summaries: ArrayVec<T::Summary, { 2 * TREE_BASE }> =
[INFO] [stdout] 317 | |                     items.iter().map(|item| item.summary(cx)).collect();
[INFO] [stdout] ...   |
[INFO] [stdout] 326 | |                 }))
[INFO] [stdout] 327 | |             })
[INFO] [stdout]     | |_____________^ `<<T as Item>::Summary as Summary>::Context<'_>` cannot be sent between threads safely
[INFO] [stdout]     |
[INFO] [stdout]     = help: within `{closure@src/sum_tree.rs:314:18: 314:25}`, the trait `Send` is not implemented for `<<T as Item>::Summary as Summary>::Context<'_>`
[INFO] [stdout] note: required because `cx` is used within this closure
[INFO] [stdout]    --> src/sum_tree.rs:317:58
[INFO] [stdout]     |
[INFO] [stdout] 317 |                     items.iter().map(|item| item.summary(cx)).collect();
[INFO] [stdout]     |                                                          ^^
[INFO] [stdout] note: required by a bound in `rayon::iter::ParallelIterator::map`
[INFO] [stdout]    --> /opt/rustwide/cargo-home/registry/src/index.crates.io-1949cf8c6b5b557f/rayon-1.11.0/src/iter/mod.rs:594:41
[INFO] [stdout]     |
[INFO] [stdout] 356 | pub trait ParallelIterator: Sized + Send {
[INFO] [stdout] ...
[INFO] [stdout] 592 |     fn map<F, R>(self, map_op: F) -> Map<Self, F>
[INFO] [stdout] 593 |     where
[INFO] [stdout] 594 |         F: Fn(Self::Item) -> R + Sync + Send,
[INFO] [stdout]     |                                         ^^^^ required by this bound in `ParallelIterator::map`
[INFO] [stdout] help: consider further restricting the associated type
[INFO] [stdout]     |
[INFO] [stdout] 309 |         for<'a> <T::Summary as Summary>::Context<'a>: Sync, <<T as Item>::Summary as Summary>::Context<'_>: Send
[INFO] [stdout]     |                                                             ++++++++++++++++++++++++++++++++++++++++++++++++++++
[INFO] [stdout] 
[INFO] [stdout] 
[INFO] [stdout] error[E0277]: `<<T as Item>::Summary as Summary>::Context<'_>` cannot be sent between threads safely
[INFO] [stdout]    --> src/sum_tree.rs:311:25
[INFO] [stdout]     |
[INFO] [stdout] 311 |           let mut nodes = iter
[INFO] [stdout]     |  _________________________^
[INFO] [stdout] 312 | |             .into_par_iter()
[INFO] [stdout] 313 | |             .chunks(2 * TREE_BASE)
[INFO] [stdout] 314 | |             .map(|items| {
[INFO] [stdout]     | |                  ------- within this `{closure@src/sum_tree.rs:314:18: 314:25}`
[INFO] [stdout] ...   |
[INFO] [stdout] 327 | |             })
[INFO] [stdout] 328 | |             .collect::<Vec<_>>();
[INFO] [stdout]     | |________________________________^ `<<T as Item>::Summary as Summary>::Context<'_>` cannot be sent between threads safely
[INFO] [stdout]     |
[INFO] [stdout]     = help: within `{closure@src/sum_tree.rs:314:18: 314:25}`, the trait `Send` is not implemented for `<<T as Item>::Summary as Summary>::Context<'_>`
[INFO] [stdout] note: required because `cx` is used within this closure
[INFO] [stdout]    --> src/sum_tree.rs:317:58
[INFO] [stdout]     |
[INFO] [stdout] 317 |                     items.iter().map(|item| item.summary(cx)).collect();
[INFO] [stdout]     |                                                          ^^
[INFO] [stdout]     = note: required for `rayon::iter::Map<rayon::iter::Chunks<Iter>, {closure@src/sum_tree.rs:314:18: 314:25}>` to implement `ParallelIterator`
[INFO] [stdout] help: consider further restricting the associated type
[INFO] [stdout]     |
[INFO] [stdout] 309 |         for<'a> <T::Summary as Summary>::Context<'a>: Sync, <<T as Item>::Summary as Summary>::Context<'_>: Send
[INFO] [stdout]     |                                                             ++++++++++++++++++++++++++++++++++++++++++++++++++++
[INFO] [stdout] 
[INFO] [stdout] 
[INFO] [stdout] error[E0277]: `<<T as Item>::Summary as Summary>::Context<'_>` cannot be sent between threads safely
[INFO] [stdout]    --> src/sum_tree.rs:336:22
[INFO] [stdout]     |
[INFO] [stdout] 336 |                   .map(|child_nodes| {
[INFO] [stdout]     |                    --- ^------------
[INFO] [stdout]     |                    |   |
[INFO] [stdout]     |  __________________|___within this `{closure@src/sum_tree.rs:336:22: 336:35}`
[INFO] [stdout]     | |                  |
[INFO] [stdout]     | |                  required by a bound introduced by this call
[INFO] [stdout] 337 | |                     let child_trees: ArrayVec<SumTree<T>, { 2 * TREE_BASE }> =
[INFO] [stdout] 338 | |                         child_nodes.into_iter().collect();
[INFO] [stdout] 339 | |                     let child_summaries: ArrayVec<T::Summary, { 2 * TREE_BASE }> = child_trees
[INFO] [stdout] ...   |
[INFO] [stdout] 352 | |                     }))
[INFO] [stdout] 353 | |                 })
[INFO] [stdout]     | |_________________^ `<<T as Item>::Summary as Summary>::Context<'_>` cannot be sent between threads safely
[INFO] [stdout]     |
[INFO] [stdout]     = help: within `{closure@src/sum_tree.rs:336:22: 336:35}`, the trait `Send` is not implemented for `<<T as Item>::Summary as Summary>::Context<'_>`
[INFO] [stdout] note: required because `cx` is used within this closure
[INFO] [stdout]    --> src/sum_tree.rs:345:91
[INFO] [stdout]     |
[INFO] [stdout] 345 |                         <T::Summary as Summary>::add_summary(&mut summary, child_summary, cx);
[INFO] [stdout]     |                                                                                           ^^
[INFO] [stdout] note: required by a bound in `rayon::iter::ParallelIterator::map`
[INFO] [stdout]    --> /opt/rustwide/cargo-home/registry/src/index.crates.io-1949cf8c6b5b557f/rayon-1.11.0/src/iter/mod.rs:594:41
[INFO] [stdout]     |
[INFO] [stdout] 356 | pub trait ParallelIterator: Sized + Send {
[INFO] [stdout] ...
[INFO] [stdout] 592 |     fn map<F, R>(self, map_op: F) -> Map<Self, F>
[INFO] [stdout] 593 |     where
[INFO] [stdout] 594 |         F: Fn(Self::Item) -> R + Sync + Send,
[INFO] [stdout]     |                                         ^^^^ required by this bound in `ParallelIterator::map`
[INFO] [stdout] help: consider further restricting the associated type
[INFO] [stdout]     |
[INFO] [stdout] 309 |         for<'a> <T::Summary as Summary>::Context<'a>: Sync, <<T as Item>::Summary as Summary>::Context<'_>: Send
[INFO] [stdout]     |                                                             ++++++++++++++++++++++++++++++++++++++++++++++++++++
[INFO] [stdout] 
[INFO] [stdout] 
[INFO] [stdout] error[E0277]: `<<T as Item>::Summary as Summary>::Context<'_>` cannot be sent between threads safely
[INFO] [stdout]    --> src/sum_tree.rs:333:21
[INFO] [stdout]     |
[INFO] [stdout] 333 |               nodes = nodes
[INFO] [stdout]     |  _____________________^
[INFO] [stdout] 334 | |                 .into_par_iter()
[INFO] [stdout] 335 | |                 .chunks(2 * TREE_BASE)
[INFO] [stdout] 336 | |                 .map(|child_nodes| {
[INFO] [stdout]     | |                      ------------- within this `{closure@src/sum_tree.rs:336:22: 336:35}`
[INFO] [stdout] ...   |
[INFO] [stdout] 353 | |                 })
[INFO] [stdout] 354 | |                 .collect::<Vec<_>>();
[INFO] [stdout]     | |____________________________________^ `<<T as Item>::Summary as Summary>::Context<'_>` cannot be sent between threads safely
[INFO] [stdout]     |
[INFO] [stdout]     = help: within `{closure@src/sum_tree.rs:336:22: 336:35}`, the trait `Send` is not implemented for `<<T as Item>::Summary as Summary>::Context<'_>`
[INFO] [stdout] note: required because `cx` is used within this closure
[INFO] [stdout]    --> src/sum_tree.rs:345:91
[INFO] [stdout]     |
[INFO] [stdout] 345 |                         <T::Summary as Summary>::add_summary(&mut summary, child_summary, cx);
[INFO] [stdout]     |                                                                                           ^^
[INFO] [stdout]     = note: required for `Map<Chunks<IntoIter<SumTree<T>>>, {closure@sum_tree.rs:336:22}>` to implement `ParallelIterator`
[INFO] [stdout]     = note: the full name for the type has been written to '/opt/rustwide/target/debug/build/gpui_rn_sum_tree/71093c9467280064/out/gpui_rn_sum_tree-71093c9467280064.long-type-1407439919616631875.txt'
[INFO] [stdout]     = note: consider using `--verbose` to print the full type name to the console
[INFO] [stdout] help: consider further restricting the associated type
[INFO] [stdout]     |
[INFO] [stdout] 309 |         for<'a> <T::Summary as Summary>::Context<'a>: Sync, <<T as Item>::Summary as Summary>::Context<'_>: Send
[INFO] [stdout]     |                                                             ++++++++++++++++++++++++++++++++++++++++++++++++++++
[INFO] [stdout] 
[INFO] [stdout] 
[INFO] [stdout] For more information about this error, try `rustc --explain E0277`.
[INFO] [stdout] 
[INFO] [stderr] error: could not compile `gpui_rn_sum_tree` (lib) due to 4 previous errors
[INFO] [stderr] warning: build failed, waiting for other jobs to finish...
[INFO] [stdout] For more information about this error, try `rustc --explain E0277`.
[INFO] [stdout] 
[INFO] [stderr] error: could not compile `gpui_rn_sum_tree` (lib test) due to 4 previous errors
[INFO] running `Command { std: "docker" "inspect" "edb42cf4ae65f486a66421318ffc942a9b061afa091f383ab0a0735188ec37e2", kill_on_drop: false }`
[INFO] running `Command { std: "docker" "rm" "-f" "edb42cf4ae65f486a66421318ffc942a9b061afa091f383ab0a0735188ec37e2", kill_on_drop: false }`
[INFO] [stdout] edb42cf4ae65f486a66421318ffc942a9b061afa091f383ab0a0735188ec37e2
