[INFO] fetching crate gpui-vim-pre 0.1.1...
[INFO] checking gpui-vim-pre-0.1.1 against c60b92c03ca8a3b101eb9d57f51e2232690638c7 for pr-164148-crater-rollup
[INFO] extracting crate gpui-vim-pre 0.1.1 into /workspace/builds/worker-0-tc2/source
[INFO] started tweaking crates.io crate gpui-vim-pre 0.1.1
[INFO] finished tweaking crates.io crate gpui-vim-pre 0.1.1
[INFO] tweaked toml for crates.io crate gpui-vim-pre 0.1.1 written to /workspace/builds/worker-0-tc2/source/Cargo.toml
[INFO] validating manifest of crates.io crate gpui-vim-pre 0.1.1 on toolchain c60b92c03ca8a3b101eb9d57f51e2232690638c7
[INFO] running `Command { std: CARGO_HOME="/workspace/cargo-home" RUSTUP_HOME="/workspace/rustup-home" "/workspace/cargo-home/bin/cargo" "+c60b92c03ca8a3b101eb9d57f51e2232690638c7" "metadata" "--manifest-path" "Cargo.toml" "--no-deps", kill_on_drop: false }`
[INFO] crate crates.io crate gpui-vim-pre 0.1.1 already has a lockfile, it will not be regenerated
[INFO] running `Command { std: CARGO_HOME="/workspace/cargo-home" RUSTUP_HOME="/workspace/rustup-home" "/workspace/cargo-home/bin/cargo" "+c60b92c03ca8a3b101eb9d57f51e2232690638c7" "fetch" "--manifest-path" "Cargo.toml", kill_on_drop: false }`
[INFO] [stderr]     Blocking waiting for file lock on package cache
[INFO] running `Command { std: "docker" "create" "-v" "/var/lib/crater-agent-workspace/builds/worker-0-tc2/source:/opt/rustwide/workdir:ro,Z" "-v" "/var/lib/crater-agent-workspace/builds/worker-0-tc2/target:/opt/rustwide/target:rw,Z" "-v" "/var/lib/crater-agent-workspace/cargo-home:/opt/rustwide/cargo-home:ro,Z" "-v" "/var/lib/crater-agent-workspace/rustup-home:/opt/rustwide/rustup-home:ro,Z" "-m" "1610612736" "--network" "none" "ghcr.io/rust-lang/crates-build-env/linux@sha256:77db811e55d90add9212f6832c23229e3de5f1c1f9905e8cb07319ea15df73ac" "sleep" "infinity", kill_on_drop: false }`
[INFO] [stdout] 114d8129e0eaa4f91f375d0e34c74efe861119450fdb31ca7b445cdbf94ff8b4
[INFO] running `Command { std: "docker" "start" "114d8129e0eaa4f91f375d0e34c74efe861119450fdb31ca7b445cdbf94ff8b4", kill_on_drop: false }`
[INFO] running `Command { std: "docker" "inspect" "114d8129e0eaa4f91f375d0e34c74efe861119450fdb31ca7b445cdbf94ff8b4", kill_on_drop: false }`
[INFO] running `Command { std: "docker" "exec" "-e" "SOURCE_DIR=/opt/rustwide/workdir" "-e" "CARGO_HOME=/opt/rustwide/cargo-home" "-e" "RUSTUP_HOME=/opt/rustwide/rustup-home" "-e" "CARGO_TARGET_DIR=/opt/rustwide/target" "-w" "/opt/rustwide/workdir" "--user" "0:0" "114d8129e0eaa4f91f375d0e34c74efe861119450fdb31ca7b445cdbf94ff8b4" "/opt/rustwide/cargo-home/bin/cargo" "+c60b92c03ca8a3b101eb9d57f51e2232690638c7" "metadata" "--no-deps" "--format-version=1", kill_on_drop: false }`
[INFO] running `Command { std: "docker" "inspect" "114d8129e0eaa4f91f375d0e34c74efe861119450fdb31ca7b445cdbf94ff8b4", kill_on_drop: false }`
[INFO] running `Command { std: "docker" "exec" "-e" "SOURCE_DIR=/opt/rustwide/workdir" "-e" "CARGO_HOME=/opt/rustwide/cargo-home" "-e" "RUSTUP_HOME=/opt/rustwide/rustup-home" "-e" "CARGO_TARGET_DIR=/opt/rustwide/target" "-e" "CARGO_INCREMENTAL=0" "-e" "RUST_BACKTRACE=full" "-e" "RUSTFLAGS=--cap-lints=forbid" "-e" "RUSTDOCFLAGS=--cap-lints=forbid" "-w" "/opt/rustwide/workdir" "--user" "0:0" "114d8129e0eaa4f91f375d0e34c74efe861119450fdb31ca7b445cdbf94ff8b4" "/opt/rustwide/cargo-home/bin/cargo" "+c60b92c03ca8a3b101eb9d57f51e2232690638c7" "check" "--frozen" "--all" "--all-targets" "--message-format=json", kill_on_drop: false }`
[INFO] [stderr]     Checking bytemuck v1.25.2
[INFO] [stderr]    Compiling syn v2.0.119
[INFO] [stderr]     Checking indexmap v2.14.2
[INFO] [stderr]     Checking value-bag-serde1 v1.14.1
[INFO] [stderr]     Checking flate2 v1.1.10
[INFO] [stderr]    Compiling yoke-derive v0.8.3
[INFO] [stderr]     Checking serde v1.0.229
[INFO] [stderr]    Compiling toml_datetime v1.1.1+spec-1.1.0
[INFO] [stderr]    Compiling futures-macro v0.3.34
[INFO] [stderr]     Checking value-bag v1.14.1
[INFO] [stderr]     Checking parking_lot_core v0.9.12
[INFO] [stderr]     Checking getrandom v0.3.4
[INFO] [stderr]     Checking lyon_geom v1.0.19
[INFO] [stderr]    Compiling serde_spanned v1.1.1
[INFO] [stderr]     Checking polycool v0.4.0
[INFO] [stderr]     Checking fastrand v2.5.0
[INFO] [stderr]    Compiling toml_writer v1.1.2+spec-1.1.0
[INFO] [stderr]     Checking zune-core v0.5.3
[INFO] [stderr]    Compiling find-msvc-tools v0.1.13
[INFO] [stderr]     Checking log v0.4.34
[INFO] [stderr]     Checking parking_lot v0.12.5
[INFO] [stderr]     Checking zune-jpeg v0.5.15
[INFO] [stderr]    Compiling toml v1.1.6+spec-1.1.0
[INFO] [stderr]    Compiling cc v1.4.7
[INFO] [stderr]     Checking tiny-skia-path v0.11.4
[INFO] [stderr]     Checking num-complex v0.4.6
[INFO] [stderr]     Checking gpui-pre-util v0.3.8
[INFO] [stderr]     Checking futures-util v0.3.34
[INFO] [stderr]     Checking lyon_path v1.0.19
[INFO] [stderr]     Checking tracing-log v0.2.0
[INFO] [stderr]     Checking serde_json v1.0.151
[INFO] [stderr]     Checking kurbo v0.13.1
[INFO] [stderr]     Checking form_urlencoded v1.2.2
[INFO] [stderr]     Checking gpui-pre-collections v0.3.8
[INFO] [stderr]    Compiling pulp v0.22.3
[INFO] [stderr]     Checking rand_core v0.9.5
[INFO] [stderr]     Checking raw-cpuid v11.6.0
[INFO] [stderr]    Compiling serde_derive_internals v0.30.0
[INFO] [stderr]    Compiling ref-cast-impl v1.0.27
[INFO] [stderr]     Checking yoke v0.8.3
[INFO] [stderr]    Compiling gpui-pre-ztracing v0.3.8
[INFO] [stderr]     Checking unicode-properties v0.1.3
[INFO] [stderr]     Checking chrono v0.4.45
[INFO] [stderr]     Checking unicode-bidi-mirroring v0.4.0
[INFO] [stderr]    Compiling heapless v0.9.3
[INFO] [stderr]     Checking unicode-ccc v0.4.0
[INFO] [stderr]     Checking color_quant v1.1.0
[INFO] [stderr]     Checking pulp-wasm-simd-flag v0.1.1
[INFO] [stderr]     Checking compression-core v0.4.33
[INFO] [stderr]     Checking gif v0.14.2
[INFO] [stderr]     Checking compression-codecs v0.4.43
[INFO] [stderr]     Checking tracing-subscriber v0.3.23
[INFO] [stderr]     Checking zerovec v0.11.8
[INFO] [stderr]     Checking zerotrie v0.2.5
[INFO] [stderr]     Checking rustybuzz v0.20.1
[INFO] [stderr]     Checking ref-cast v1.0.27
[INFO] [stderr]     Checking fontdb v0.23.0
[INFO] [stderr]     Checking svgtypes v0.16.1
[INFO] [stderr]    Compiling toml_edit v0.25.15+spec-1.1.0
[INFO] [stderr]    Compiling embed-resource v3.0.11
[INFO] [stderr]     Checking image-webp v0.2.4
[INFO] [stderr]     Checking png v0.17.16
[INFO] [stderr]     Checking getrandom v0.4.3
[INFO] [stderr]     Checking simplecss v0.2.2
[INFO] [stderr]     Checking tinystr v0.8.4
[INFO] [stderr]     Checking potential_utf v0.1.6
[INFO] [stderr]     Checking event-listener v5.4.2
[INFO] [stderr]     Checking icu_locale_core v2.3.0
[INFO] [stderr]    Compiling schemars_derive v1.2.2
[INFO] [stderr]     Checking icu_collections v2.3.0
[INFO] [stderr]     Checking zune-inflate v0.2.54
[INFO] [stderr]     Checking data-url v0.3.2
[INFO] [stderr]     Checking unicode-vo v0.1.0
[INFO] [stderr]    Compiling gpui-pre-ztracing-macro v0.3.8
[INFO] [stderr]     Checking fax v0.2.7
[INFO] [stderr]     Checking xmlwriter v0.1.0
[INFO] [stderr]     Checking float_next_after v1.0.0
[INFO] [stderr]     Checking lebe v0.5.3
[INFO] [stderr]     Checking pico-args v0.5.0
[INFO] [stderr]     Checking imagesize v0.14.0
[INFO] [stderr]     Checking gpui-pre-zlog v0.3.8
[INFO] [stderr]     Checking bit_field v0.10.3
[INFO] [stderr]     Checking pxfm v0.1.30
[INFO] [stderr]     Checking lyon_tessellation v1.0.22
[INFO] [stderr]    Compiling proc-macro-crate v3.5.0
[INFO] [stderr]     Checking serde_urlencoded v0.7.1
[INFO] [stderr]     Checking backtrace v0.3.76
[INFO] [stderr]     Checking uuid v1.26.1
[INFO] [stderr]     Checking tiny-skia v0.11.4
[INFO] [stderr]     Checking event-listener-strategy v0.5.4
[INFO] [stderr]     Checking flume v0.12.0
[INFO] [stderr]    Compiling gpui-pre v0.3.8
[INFO] [stderr]    Compiling gpui-pre-perf v0.3.8
[INFO] [stderr]     Checking async-compression v0.4.48
[INFO] [stderr]     Checking lyon_algorithms v1.0.21
[INFO] [stderr]     Checking png v0.18.1
[INFO] [stderr]     Checking qoi v0.4.1
[INFO] [stderr]     Checking rgb v0.8.53
[INFO] [stderr]     Checking futures-lite v2.6.1
[INFO] [stderr]     Checking crossbeam-queue v0.3.14
[INFO] [stderr]     Checking concurrent-queue v2.5.0
[INFO] [stderr]    Compiling thiserror-impl v2.0.20
[INFO] [stderr]     Checking smol_str v0.3.6
[INFO] [stderr]     Checking atomic v0.5.3
[INFO] [stderr]     Checking pollster v0.2.5
[INFO] [stderr]     Checking etagere v0.2.15
[INFO] [stderr]     Checking async-channel v2.5.0
[INFO] [stderr]     Checking lyon v1.0.19
[INFO] [stderr]     Checking itertools v0.14.0
[INFO] [stderr]     Checking taffy v0.13.0
[INFO] [stderr]     Checking spin v0.10.1
[INFO] [stderr]     Checking icu_provider v2.3.1
[INFO] [stderr]     Checking num_cpus v1.17.0
[INFO] [stderr]     Checking raw-window-handle v0.6.2
[INFO] [stderr]     Checking pollster v0.4.0
[INFO] [stderr]     Checking waker-fn v1.2.0
[INFO] [stderr]     Checking vimcore v0.1.24
[INFO] [stderr]     Checking schemars v1.2.2
[INFO] [stderr]     Checking usvg v0.46.0
[INFO] [stderr]     Checking icu_normalizer v2.3.0
[INFO] [stderr]     Checking icu_properties v2.3.0
[INFO] [stderr]     Checking thiserror v2.0.20
[INFO] [stderr]    Compiling zerocopy-derive v0.8.57
[INFO] [stderr]    Compiling tracing-attributes v0.1.31
[INFO] [stderr]    Compiling pin-project-internal v1.1.13
[INFO] [stderr]    Compiling thiserror-impl v1.0.69
[INFO] [stderr]    Compiling derive_more-impl v2.1.1
[INFO] [stderr]    Compiling gpui-pre-derive-refineable v0.3.8
[INFO] [stderr]    Compiling enumn v0.1.14
[INFO] [stderr]    Compiling strum_macros v0.28.0
[INFO] [stderr]    Compiling profiling-procmacros v1.0.18
[INFO] [stderr]     Checking accesskit v0.24.1
[INFO] [stderr]     Checking gpui-pre-shared-string v0.3.8
[INFO] [stderr]     Checking profiling v1.0.18
[INFO] [stderr]    Compiling gpui-pre-macros v0.3.8
[INFO] [stderr]    Compiling gpui-pre-util-macros v0.3.8
[INFO] [stderr]     Checking gpui-pre-refineable v0.3.8
[INFO] [stderr]     Checking pin-project v1.1.13
[INFO] [stderr]     Checking futures-concurrency v7.7.1
[INFO] [stderr]     Checking resvg v0.46.0
[INFO] [stderr]     Checking zerocopy v0.8.57
[INFO] [stderr]     Checking idna_adapter v1.2.2
[INFO] [stderr]     Checking futures-executor v0.3.34
[INFO] [stderr]     Checking futures v0.3.34
[INFO] [stderr]     Checking idna v1.1.0
[INFO] [stderr]     Checking url v2.5.8
[INFO] [stderr]     Checking tracing v0.1.44
[INFO] [stderr]     Checking gpui-pre-sum-tree v0.3.8
[INFO] [stderr]     Checking thiserror v1.0.69
[INFO] [stderr]     Checking postage v0.5.0
[INFO] [stdout] error[E0277]: `<<T as Item>::Summary as Summary>::Context<'_>` cannot be sent between threads safely
[INFO] [stdout]    --> /opt/rustwide/cargo-home/registry/src/index.crates.io-1949cf8c6b5b557f/gpui-pre-sum-tree-0.3.8/src/sum_tree.rs:329:18
[INFO] [stdout]     |
[INFO] [stdout] 329 |               .map(|items| {
[INFO] [stdout]     |                --- ^------
[INFO] [stdout]     |                |   |
[INFO] [stdout]     |  ______________|___within this `{closure@sum_tree.rs:329:18}`
[INFO] [stdout]     | |              |
[INFO] [stdout]     | |              required by a bound introduced by this call
[INFO] [stdout] 330 | |                 let items: ArrayVec<T, { 2 * TREE_BASE }, u8> = items.into_iter().collect();
[INFO] [stdout] 331 | |                 let item_summaries: ArrayVec<T::Summary, { 2 * TREE_BASE }, u8> =
[INFO] [stdout] 332 | |                     items.iter().map(|item| item.summary(cx)).collect();
[INFO] [stdout] ...   |
[INFO] [stdout] 341 | |                 }))
[INFO] [stdout] 342 | |             })
[INFO] [stdout]     | |_____________^ `<<T as Item>::Summary as Summary>::Context<'_>` cannot be sent between threads safely
[INFO] [stdout]     |
[INFO] [stdout]     = help: within `{closure@sum_tree.rs:329:18}`, the trait `Send` is not implemented for `<<T as Item>::Summary as Summary>::Context<'_>`
[INFO] [stdout] note: required because `cx` is used within this closure
[INFO] [stdout]    --> /opt/rustwide/cargo-home/registry/src/index.crates.io-1949cf8c6b5b557f/gpui-pre-sum-tree-0.3.8/src/sum_tree.rs:332:58
[INFO] [stdout]     |
[INFO] [stdout] 332 |                     items.iter().map(|item| item.summary(cx)).collect();
[INFO] [stdout]     |                                                          ^^
[INFO] [stdout] note: required by a bound in `rayon::iter::ParallelIterator::map`
[INFO] [stdout]    --> /opt/rustwide/cargo-home/registry/src/index.crates.io-1949cf8c6b5b557f/rayon-1.12.0/src/iter/mod.rs:595:41
[INFO] [stdout]     |
[INFO] [stdout] 357 | pub trait ParallelIterator: Sized + Send {
[INFO] [stdout] ...
[INFO] [stdout] 593 |     fn map<F, R>(self, map_op: F) -> Map<Self, F>
[INFO] [stdout] 594 |     where
[INFO] [stdout] 595 |         F: Fn(Self::Item) -> R + Sync + Send,
[INFO] [stdout]     |                                         ^^^^ required by this bound in `ParallelIterator::map`
[INFO] [stdout]     = note: the full name for the type has been written to '/opt/rustwide/target/debug/build/gpui-pre-sum-tree/077b4184124c436b/out/sum_tree-077b4184124c436b.long-type-6187964575296710074.txt'
[INFO] [stdout]     = note: consider using `--verbose` to print the full type name to the console
[INFO] [stdout] help: consider further restricting the associated type
[INFO] [stdout]     |
[INFO] [stdout] 324 |         for<'a> <T::Summary as Summary>::Context<'a>: Sync, <<T as Item>::Summary as Summary>::Context<'_>: Send
[INFO] [stdout]     |                                                             ++++++++++++++++++++++++++++++++++++++++++++++++++++
[INFO] [stdout] 
[INFO] [stdout] 
[INFO] [stdout] error[E0277]: `<<T as Item>::Summary as Summary>::Context<'_>` cannot be sent between threads safely
[INFO] [stdout]    --> /opt/rustwide/cargo-home/registry/src/index.crates.io-1949cf8c6b5b557f/gpui-pre-sum-tree-0.3.8/src/sum_tree.rs:326:25
[INFO] [stdout]     |
[INFO] [stdout] 326 |           let mut nodes = iter
[INFO] [stdout]     |  _________________________^
[INFO] [stdout] 327 | |             .into_par_iter()
[INFO] [stdout] 328 | |             .chunks(2 * TREE_BASE)
[INFO] [stdout] 329 | |             .map(|items| {
[INFO] [stdout]     | |                  ------- within this `{closure@sum_tree.rs:329:18}`
[INFO] [stdout] ...   |
[INFO] [stdout] 342 | |             })
[INFO] [stdout] 343 | |             .collect::<Vec<_>>();
[INFO] [stdout]     | |________________________________^ `<<T as Item>::Summary as Summary>::Context<'_>` cannot be sent between threads safely
[INFO] [stdout]     |
[INFO] [stdout]     = help: within `{closure@sum_tree.rs:329:18}`, the trait `Send` is not implemented for `<<T as Item>::Summary as Summary>::Context<'_>`
[INFO] [stdout] note: required because `cx` is used within this closure
[INFO] [stdout]    --> /opt/rustwide/cargo-home/registry/src/index.crates.io-1949cf8c6b5b557f/gpui-pre-sum-tree-0.3.8/src/sum_tree.rs:332:58
[INFO] [stdout]     |
[INFO] [stdout] 332 |                     items.iter().map(|item| item.summary(cx)).collect();
[INFO] [stdout]     |                                                          ^^
[INFO] [stdout]     = note: required for `Map<Chunks<Iter>, {closure@sum_tree.rs:329:18}>` to implement `ParallelIterator`
[INFO] [stdout]     = note: the full name for the type has been written to '/opt/rustwide/target/debug/build/gpui-pre-sum-tree/077b4184124c436b/out/sum_tree-077b4184124c436b.long-type-6187964575296710074.txt'
[INFO] [stdout]     = note: consider using `--verbose` to print the full type name to the console
[INFO] [stdout] help: consider further restricting the associated type
[INFO] [stdout]     |
[INFO] [stdout] 324 |         for<'a> <T::Summary as Summary>::Context<'a>: Sync, <<T as Item>::Summary as Summary>::Context<'_>: Send
[INFO] [stdout]     |                                                             ++++++++++++++++++++++++++++++++++++++++++++++++++++
[INFO] [stdout] 
[INFO] [stdout] 
[INFO] [stdout] error[E0277]: `<<T as Item>::Summary as Summary>::Context<'_>` cannot be sent between threads safely
[INFO] [stdout]    --> /opt/rustwide/cargo-home/registry/src/index.crates.io-1949cf8c6b5b557f/gpui-pre-sum-tree-0.3.8/src/sum_tree.rs:351:22
[INFO] [stdout]     |
[INFO] [stdout] 351 |                   .map(|child_nodes| {
[INFO] [stdout]     |                    --- ^------------
[INFO] [stdout]     |                    |   |
[INFO] [stdout]     |  __________________|___within this `{closure@sum_tree.rs:351:22}`
[INFO] [stdout]     | |                  |
[INFO] [stdout]     | |                  required by a bound introduced by this call
[INFO] [stdout] 352 | |                     let child_trees: ArrayVec<SumTree<T>, { 2 * TREE_BASE }, u8> =
[INFO] [stdout] 353 | |                         child_nodes.into_iter().collect();
[INFO] [stdout] 354 | |                     let child_summaries: ArrayVec<T::Summary, { 2 * TREE_BASE }, u8> = child_trees
[INFO] [stdout] ...   |
[INFO] [stdout] 367 | |                     }))
[INFO] [stdout] 368 | |                 })
[INFO] [stdout]     | |_________________^ `<<T as Item>::Summary as Summary>::Context<'_>` cannot be sent between threads safely
[INFO] [stdout]     |
[INFO] [stdout]     = help: within `{closure@sum_tree.rs:351:22}`, the trait `Send` is not implemented for `<<T as Item>::Summary as Summary>::Context<'_>`
[INFO] [stdout] note: required because `cx` is used within this closure
[INFO] [stdout]    --> /opt/rustwide/cargo-home/registry/src/index.crates.io-1949cf8c6b5b557f/gpui-pre-sum-tree-0.3.8/src/sum_tree.rs:360:91
[INFO] [stdout]     |
[INFO] [stdout] 360 |                         <T::Summary as Summary>::add_summary(&mut summary, child_summary, cx);
[INFO] [stdout]     |                                                                                           ^^
[INFO] [stdout] note: required by a bound in `rayon::iter::ParallelIterator::map`
[INFO] [stdout]    --> /opt/rustwide/cargo-home/registry/src/index.crates.io-1949cf8c6b5b557f/rayon-1.12.0/src/iter/mod.rs:595:41
[INFO] [stdout]     |
[INFO] [stdout] 357 | pub trait ParallelIterator: Sized + Send {
[INFO] [stdout] ...
[INFO] [stdout] 593 |     fn map<F, R>(self, map_op: F) -> Map<Self, F>
[INFO] [stdout] 594 |     where
[INFO] [stdout] 595 |         F: Fn(Self::Item) -> R + Sync + Send,
[INFO] [stdout]     |                                         ^^^^ required by this bound in `ParallelIterator::map`
[INFO] [stdout]     = note: the full name for the type has been written to '/opt/rustwide/target/debug/build/gpui-pre-sum-tree/077b4184124c436b/out/sum_tree-077b4184124c436b.long-type-14912296116755658420.txt'
[INFO] [stdout]     = note: consider using `--verbose` to print the full type name to the console
[INFO] [stdout] help: consider further restricting the associated type
[INFO] [stdout]     |
[INFO] [stdout] 324 |         for<'a> <T::Summary as Summary>::Context<'a>: Sync, <<T as Item>::Summary as Summary>::Context<'_>: Send
[INFO] [stdout]     |                                                             ++++++++++++++++++++++++++++++++++++++++++++++++++++
[INFO] [stdout] 
[INFO] [stdout] 
[INFO] [stdout] error[E0277]: `<<T as Item>::Summary as Summary>::Context<'_>` cannot be sent between threads safely
[INFO] [stdout]    --> /opt/rustwide/cargo-home/registry/src/index.crates.io-1949cf8c6b5b557f/gpui-pre-sum-tree-0.3.8/src/sum_tree.rs:348:21
[INFO] [stdout]     |
[INFO] [stdout] 348 |               nodes = nodes
[INFO] [stdout]     |  _____________________^
[INFO] [stdout] 349 | |                 .into_par_iter()
[INFO] [stdout] 350 | |                 .chunks(2 * TREE_BASE)
[INFO] [stdout] 351 | |                 .map(|child_nodes| {
[INFO] [stdout]     | |                      ------------- within this `{closure@sum_tree.rs:351:22}`
[INFO] [stdout] ...   |
[INFO] [stdout] 368 | |                 })
[INFO] [stdout] 369 | |                 .collect::<Vec<_>>();
[INFO] [stdout]     | |____________________________________^ `<<T as Item>::Summary as Summary>::Context<'_>` cannot be sent between threads safely
[INFO] [stdout]     |
[INFO] [stdout]     = help: within `{closure@sum_tree.rs:351:22}`, the trait `Send` is not implemented for `<<T as Item>::Summary as Summary>::Context<'_>`
[INFO] [stdout] note: required because `cx` is used within this closure
[INFO] [stdout]    --> /opt/rustwide/cargo-home/registry/src/index.crates.io-1949cf8c6b5b557f/gpui-pre-sum-tree-0.3.8/src/sum_tree.rs:360:91
[INFO] [stdout]     |
[INFO] [stdout] 360 |                         <T::Summary as Summary>::add_summary(&mut summary, child_summary, cx);
[INFO] [stdout]     |                                                                                           ^^
[INFO] [stdout]     = note: required for `Map<Chunks<IntoIter<SumTree<T>>>, {closure@sum_tree.rs:351:22}>` to implement `ParallelIterator`
[INFO] [stdout]     = note: the full name for the type has been written to '/opt/rustwide/target/debug/build/gpui-pre-sum-tree/077b4184124c436b/out/sum_tree-077b4184124c436b.long-type-14912296116755658420.txt'
[INFO] [stdout]     = note: consider using `--verbose` to print the full type name to the console
[INFO] [stdout] help: consider further restricting the associated type
[INFO] [stdout]     |
[INFO] [stdout] 324 |         for<'a> <T::Summary as Summary>::Context<'a>: Sync, <<T as Item>::Summary as Summary>::Context<'_>: Send
[INFO] [stdout]     |                                                             ++++++++++++++++++++++++++++++++++++++++++++++++++++
[INFO] [stdout] 
[INFO] [stdout] 
[INFO] [stdout] For more information about this error, try `rustc --explain E0277`.
[INFO] [stdout] 
[INFO] [stderr] error: could not compile `gpui-pre-sum-tree` (lib) due to 4 previous errors
[INFO] [stderr] warning: build failed, waiting for other jobs to finish...
[INFO] running `Command { std: "docker" "inspect" "114d8129e0eaa4f91f375d0e34c74efe861119450fdb31ca7b445cdbf94ff8b4", kill_on_drop: false }`
[INFO] running `Command { std: "docker" "rm" "-f" "114d8129e0eaa4f91f375d0e34c74efe861119450fdb31ca7b445cdbf94ff8b4", kill_on_drop: false }`
[INFO] [stdout] 114d8129e0eaa4f91f375d0e34c74efe861119450fdb31ca7b445cdbf94ff8b4
