[INFO] fetching crate gpui-sfsymbols 0.1.0...
[INFO] checking gpui-sfsymbols-0.1.0 against c60b92c03ca8a3b101eb9d57f51e2232690638c7 for pr-164148-crater-rollup
[INFO] extracting crate gpui-sfsymbols 0.1.0 into /workspace/builds/worker-1-tc2/source
[INFO] started tweaking crates.io crate gpui-sfsymbols 0.1.0
[INFO] finished tweaking crates.io crate gpui-sfsymbols 0.1.0
[INFO] tweaked toml for crates.io crate gpui-sfsymbols 0.1.0 written to /workspace/builds/worker-1-tc2/source/Cargo.toml
[INFO] validating manifest of crates.io crate gpui-sfsymbols 0.1.0 on toolchain c60b92c03ca8a3b101eb9d57f51e2232690638c7
[INFO] running `Command { std: CARGO_HOME="/workspace/cargo-home" RUSTUP_HOME="/workspace/rustup-home" "/workspace/cargo-home/bin/cargo" "+c60b92c03ca8a3b101eb9d57f51e2232690638c7" "metadata" "--manifest-path" "Cargo.toml" "--no-deps", kill_on_drop: false }`
[INFO] crate crates.io crate gpui-sfsymbols 0.1.0 already has a lockfile, it will not be regenerated
[INFO] running `Command { std: CARGO_HOME="/workspace/cargo-home" RUSTUP_HOME="/workspace/rustup-home" "/workspace/cargo-home/bin/cargo" "+c60b92c03ca8a3b101eb9d57f51e2232690638c7" "fetch" "--manifest-path" "Cargo.toml", kill_on_drop: false }`
[INFO] running `Command { std: "docker" "create" "-v" "/var/lib/crater-agent-workspace/builds/worker-1-tc2/source:/opt/rustwide/workdir:ro,Z" "-v" "/var/lib/crater-agent-workspace/builds/worker-1-tc2/target:/opt/rustwide/target:rw,Z" "-v" "/var/lib/crater-agent-workspace/cargo-home:/opt/rustwide/cargo-home:ro,Z" "-v" "/var/lib/crater-agent-workspace/rustup-home:/opt/rustwide/rustup-home:ro,Z" "-m" "1610612736" "--network" "none" "ghcr.io/rust-lang/crates-build-env/linux@sha256:77db811e55d90add9212f6832c23229e3de5f1c1f9905e8cb07319ea15df73ac" "sleep" "infinity", kill_on_drop: false }`
[INFO] [stdout] 543c604a9da14a94f04d178b66710553195b068ff99f6c9de82d1a7500ec5063
[INFO] running `Command { std: "docker" "start" "543c604a9da14a94f04d178b66710553195b068ff99f6c9de82d1a7500ec5063", kill_on_drop: false }`
[INFO] running `Command { std: "docker" "inspect" "543c604a9da14a94f04d178b66710553195b068ff99f6c9de82d1a7500ec5063", kill_on_drop: false }`
[INFO] running `Command { std: "docker" "exec" "-e" "SOURCE_DIR=/opt/rustwide/workdir" "-e" "CARGO_HOME=/opt/rustwide/cargo-home" "-e" "RUSTUP_HOME=/opt/rustwide/rustup-home" "-e" "CARGO_TARGET_DIR=/opt/rustwide/target" "-w" "/opt/rustwide/workdir" "--user" "0:0" "543c604a9da14a94f04d178b66710553195b068ff99f6c9de82d1a7500ec5063" "/opt/rustwide/cargo-home/bin/cargo" "+c60b92c03ca8a3b101eb9d57f51e2232690638c7" "metadata" "--no-deps" "--format-version=1", kill_on_drop: false }`
[INFO] running `Command { std: "docker" "inspect" "543c604a9da14a94f04d178b66710553195b068ff99f6c9de82d1a7500ec5063", kill_on_drop: false }`
[INFO] running `Command { std: "docker" "exec" "-e" "SOURCE_DIR=/opt/rustwide/workdir" "-e" "CARGO_HOME=/opt/rustwide/cargo-home" "-e" "RUSTUP_HOME=/opt/rustwide/rustup-home" "-e" "CARGO_TARGET_DIR=/opt/rustwide/target" "-e" "CARGO_INCREMENTAL=0" "-e" "RUST_BACKTRACE=full" "-e" "RUSTFLAGS=--cap-lints=forbid" "-e" "RUSTDOCFLAGS=--cap-lints=forbid" "-w" "/opt/rustwide/workdir" "--user" "0:0" "543c604a9da14a94f04d178b66710553195b068ff99f6c9de82d1a7500ec5063" "/opt/rustwide/cargo-home/bin/cargo" "+c60b92c03ca8a3b101eb9d57f51e2232690638c7" "check" "--frozen" "--all" "--all-targets" "--message-format=json", kill_on_drop: false }`
[INFO] [stderr]    Compiling libc v0.2.180
[INFO] [stderr]    Compiling erased-serde v0.4.9
[INFO] [stderr]     Checking serde_fmt v1.1.0
[INFO] [stderr]     Checking smallvec v1.15.1
[INFO] [stderr]    Compiling serde_core v1.0.228
[INFO] [stderr]     Checking yoke v0.8.1
[INFO] [stderr]    Compiling find-msvc-tools v0.1.8
[INFO] [stderr]    Compiling rustix v1.1.3
[INFO] [stderr]     Checking linux-raw-sys v0.11.0
[INFO] [stderr]     Checking zerovec v0.11.5
[INFO] [stderr]    Compiling cc v1.2.53
[INFO] [stderr]     Checking serde v1.0.228
[INFO] [stderr]    Compiling zeroize_derive v1.4.3
[INFO] [stderr]     Checking value-bag-serde1 v1.12.0
[INFO] [stderr]     Checking value-bag v1.12.0
[INFO] [stderr]     Checking zeroize v1.8.2
[INFO] [stderr]     Checking log v0.4.29
[INFO] [stderr]     Checking tinystr v0.8.2
[INFO] [stderr]     Checking potential_utf v0.1.4
[INFO] [stderr]     Checking zerotrie v0.2.3
[INFO] [stderr]     Checking icu_collections v2.1.1
[INFO] [stderr]     Checking icu_locale_core v2.1.1
[INFO] [stderr]    Compiling thiserror-impl v2.0.18
[INFO] [stderr]     Checking indexmap v2.13.0
[INFO] [stderr]    Compiling zmij v1.0.16
[INFO] [stderr]     Checking tracing v0.1.44
[INFO] [stderr]     Checking bytemuck v1.24.0
[INFO] [stderr]     Checking rustls-pki-types v1.14.0
[INFO] [stderr]     Checking getrandom v0.2.17
[INFO] [stderr]     Checking mio v1.1.1
[INFO] [stderr]     Checking rand_core v0.6.4
[INFO] [stderr]     Checking socket2 v0.6.1
[INFO] [stderr]     Checking icu_provider v2.1.1
[INFO] [stderr]     Checking crypto-common v0.1.7
[INFO] [stderr]     Checking errno v0.3.14
[INFO] [stderr]     Checking digest v0.10.7
[INFO] [stderr]     Checking signal-hook-registry v1.4.8
[INFO] [stderr]     Checking getrandom v0.3.4
[INFO] [stderr]     Checking tokio v1.49.0
[INFO] [stderr]    Compiling ring v0.17.14
[INFO] [stderr]     Checking http v1.4.0
[INFO] [stderr]     Checking icu_properties v2.1.2
[INFO] [stderr]     Checking icu_normalizer v2.1.1
[INFO] [stderr]     Checking thiserror v2.0.18
[INFO] [stderr]     Checking num-rational v0.4.2
[INFO] [stderr]     Checking ppv-lite86 v0.2.21
[INFO] [stderr]    Compiling aho-corasick v1.1.4
[INFO] [stderr]    Compiling regex-syntax v0.8.8
[INFO] [stderr]    Compiling zvariant_utils v3.3.0
[INFO] [stderr]     Checking idna_adapter v1.2.1
[INFO] [stderr]     Checking idna v1.1.0
[INFO] [stderr]    Compiling toml_edit v0.23.10+spec-1.0.0
[INFO] [stderr]     Checking url v2.5.8
[INFO] [stderr]     Checking regex-automata v0.4.13
[INFO] [stderr]    Compiling enumflags2 v0.7.12
[INFO] [stderr]     Checking http-body v1.0.1
[INFO] [stderr]    Compiling bstr v1.12.1
[INFO] [stderr]    Compiling proc-macro-crate v3.4.0
[INFO] [stderr]    Compiling object v0.32.2
[INFO] [stderr]     Checking euclid v0.22.13
[INFO] [stderr]    Compiling pin-project-internal v1.1.10
[INFO] [stderr]    Compiling zvariant_derive v5.9.2
[INFO] [stderr]    Compiling num-traits v0.2.19
[INFO] [stderr]    Compiling rustls v0.23.36
[INFO] [stderr]    Compiling same-file v1.0.6
[INFO] [stderr]    Compiling rustix v0.38.44
[INFO] [stderr]    Compiling walkdir v2.5.0
[INFO] [stderr]     Checking pin-project v1.1.10
[INFO] [stderr]    Compiling zvariant v5.9.2
[INFO] [stderr]     Checking rustls-webpki v0.103.9
[INFO] [stderr]     Checking sha2 v0.10.9
[INFO] [stderr]     Checking polling v3.11.0
[INFO] [stderr]     Checking async-io v2.6.0
[INFO] [stderr]     Checking async-fs v2.2.0
[INFO] [stderr]    Compiling nix v0.30.1
[INFO] [stderr]     Checking async-signal v0.2.13
[INFO] [stderr]     Checking async-net v2.0.0
[INFO] [stderr]     Checking async-process v2.5.0
[INFO] [stderr]     Checking block-padding v0.3.3
[INFO] [stderr]     Checking as-slice v0.2.1
[INFO] [stderr]    Compiling serde_json v1.0.149
[INFO] [stderr]    Compiling globset v0.4.18
[INFO] [stderr]     Checking compression-core v0.4.31
[INFO] [stderr]     Checking deflate64 v0.1.10
[INFO] [stderr]     Checking ryu v1.0.22
[INFO] [stderr]     Checking compression-codecs v0.4.36
[INFO] [stderr]    Compiling mime_guess v2.0.5
[INFO] [stderr]    Compiling rust-embed-utils v8.11.0
[INFO] [stderr]     Checking ttf-parser v0.25.1
[INFO] [stderr]     Checking tokio-util v0.7.18
[INFO] [stderr]     Checking aligned v0.4.3
[INFO] [stderr]     Checking inout v0.1.4
[INFO] [stderr]    Compiling strum_macros v0.26.4
[INFO] [stderr]     Checking h2 v0.4.13
[INFO] [stderr]    Compiling ar_archive_writer v0.2.0
[INFO] [stderr]    Compiling psm v0.1.28
[INFO] [stderr]    Compiling zbus_names v4.3.1
[INFO] [stderr]     Checking lyon_geom v1.0.18
[INFO] [stderr]     Checking rand_core v0.9.5
[INFO] [stderr]     Checking spin v0.9.8
[INFO] [stderr]     Checking futures-executor v0.3.31
[INFO] [stderr]    Compiling nix v0.29.0
[INFO] [stderr]    Compiling naga v25.0.1
[INFO] [stderr]    Compiling serde_derive_internals v0.29.1
[INFO] [stderr]    Compiling ref-cast-impl v1.0.25
[INFO] [stderr]     Checking unicase v2.9.0
[INFO] [stderr]    Compiling unicode-width v0.2.2
[INFO] [stderr]    Compiling termcolor v1.4.1
[INFO] [stderr]    Compiling serde_json_lenient v0.2.4
[INFO] [stderr]     Checking roxmltree v0.20.0
[INFO] [stderr]    Compiling bit-vec v0.8.0
[INFO] [stderr]     Checking event-listener v2.5.3
[INFO] [stderr]     Checking async-channel v1.9.0
[INFO] [stderr]     Checking ref-cast v1.0.25
[INFO] [stderr]    Compiling codespan-reporting v0.12.0
[INFO] [stderr]    Compiling bit-set v0.8.0
[INFO] [stderr]     Checking rustls-native-certs v0.8.3
[INFO] [stderr]     Checking uuid v1.19.0
[INFO] [stderr]     Checking fontconfig-parser v0.5.8
[INFO] [stderr]     Checking av-scenechange v0.14.1
[INFO] [stderr]     Checking tiny-skia-path v0.11.4
[INFO] [stderr]    Compiling schemars_derive v1.2.0
[INFO] [stderr]     Checking av1-grain v0.2.5
[INFO] [stderr]     Checking lyon_path v1.0.16
[INFO] [stderr]    Compiling zbus_macros v5.13.2
[INFO] [stderr]    Compiling half v2.7.1
[INFO] [stderr]     Checking hyper v1.8.1
[INFO] [stderr]     Checking futures v0.3.31
[INFO] [stderr]     Checking rand_chacha v0.9.0
[INFO] [stderr]    Compiling strum v0.26.3
[INFO] [stderr]     Checking cipher v0.4.4
[INFO] [stderr]    Compiling rust-embed-impl v8.11.0
[INFO] [stderr]     Checking async-compression v0.4.37
[INFO] [stderr]     Checking tokio-rustls v0.26.4
[INFO] [stderr]    Compiling pathfinder_simd v0.5.5
[INFO] [stderr]     Checking parking_lot_core v0.9.12
[INFO] [stderr]     Checking async-global-executor v2.4.1
[INFO] [stderr]     Checking rand_chacha v0.3.1
[INFO] [stderr]     Checking hmac v0.12.1
[INFO] [stderr]    Compiling stacker v0.1.22
[INFO] [stderr]     Checking memmap2 v0.9.9
[INFO] [stderr]     Checking dirs-sys v0.3.7
[INFO] [stderr]     Checking rgb v0.8.52
[INFO] [stderr]     Checking num-iter v0.1.45
[INFO] [stderr]     Checking kv-log-macro v1.0.7
[INFO] [stderr]     Checking kurbo v0.11.3
[INFO] [stderr]    Compiling proc-macro-error-attr2 v2.0.0
[INFO] [stderr]     Checking sync_wrapper v1.0.2
[INFO] [stderr]     Checking hyper-util v0.1.19
[INFO] [stderr]     Checking home v0.5.12
[INFO] [stderr]    Compiling rustc-hash v1.1.0
[INFO] [stderr]    Compiling num-bigint-dig v0.8.6
[INFO] [stderr]    Compiling once_cell v1.21.3
[INFO] [stderr]     Checking waker-fn v1.2.0
[INFO] [stderr]    Compiling arrayvec v0.7.6
[INFO] [stderr]    Compiling hexf-parse v0.2.1
[INFO] [stderr]    Compiling rustc-hash v2.1.1
[INFO] [stderr]     Checking fastrand v1.9.0
[INFO] [stderr]     Checking rustybuzz v0.20.1
[INFO] [stderr]    Compiling gpui_collections v0.2.2
[INFO] [stderr]     Checking tower v0.5.3
[INFO] [stderr]     Checking schemars v1.2.0
[INFO] [stderr]     Checking futures-lite v1.13.0
[INFO] [stderr]     Checking svgtypes v0.15.3
[INFO] [stderr]    Compiling proc-macro-error2 v2.0.1
[INFO] [stderr]     Checking rav1e v0.8.1
[INFO] [stderr]     Checking which v6.0.3
[INFO] [stderr]     Checking async-std v1.13.2
[INFO] [stderr]     Checking hyper-rustls v0.27.7
[INFO] [stderr]     Checking zbus v5.13.2
[INFO] [stderr]     Checking fontdb v0.23.0
[INFO] [stderr]     Checking dirs v4.0.0
[INFO] [stderr]     Checking rand v0.8.5
[INFO] [stderr]     Checking parking_lot v0.12.5
[INFO] [stderr]     Checking command-fds v0.3.2
[INFO] [stderr]     Checking async_zip v0.0.17
[INFO] [stderr]     Checking rust-embed v8.11.0
[INFO] [stderr]     Checking rand v0.9.2
[INFO] [stderr]     Checking lazy_static v1.5.0
[INFO] [stderr]     Checking tokio-socks v0.5.2
[INFO] [stderr]     Checking serde_urlencoded v0.7.1
[INFO] [stderr]     Checking smol v2.0.2
[INFO] [stderr]     Checking tempfile v3.24.0
[INFO] [stderr]     Checking regex v1.12.2
[INFO] [stderr]     Checking http-body-util v0.1.3
[INFO] [stderr]     Checking rustls-pemfile v2.2.0
[INFO] [stderr]     Checking filetime v0.2.27
[INFO] [stderr]     Checking xattr v0.2.3
[INFO] [stderr]     Checking simplecss v0.2.2
[INFO] [stderr]     Checking num-complex v0.4.6
[INFO] [stderr]     Checking zune-core v0.5.1
[INFO] [stderr]     Checking unicode-vo v0.1.0
[INFO] [stderr]     Checking xmlwriter v0.1.0
[INFO] [stderr]     Checking imagesize v0.13.0
[INFO] [stderr]     Checking float_next_after v1.0.0
[INFO] [stderr]    Compiling dtor-proc-macro v0.0.5
[INFO] [stderr]     Checking data-url v0.3.2
[INFO] [stderr]     Checking pico-args v0.5.0
[INFO] [stderr]     Checking ipnet v2.11.0
[INFO] [stderr]     Checking dunce v1.0.5
[INFO] [stderr]     Checking shlex v1.3.0
[INFO] [stderr]     Checking take-until v0.2.0
[INFO] [stderr]     Checking num v0.4.3
[INFO] [stderr]     Checking gif v0.14.1
[INFO] [stderr]     Checking usvg v0.45.1
[INFO] [stderr]     Checking gpui_util v0.2.2
[INFO] [stderr]     Checking zed-reqwest v0.12.15-zed
[INFO] [stderr]     Checking dtor v0.0.6
[INFO] [stderr]     Checking lyon_tessellation v1.0.16
[INFO] [stderr]     Checking exr v1.74.0
[INFO] [stderr]    Compiling derive_more v0.99.20
[INFO] [stderr]     Checking zune-jpeg v0.5.11
[INFO] [stderr]     Checking zed-async-tar v0.5.0-zed
[INFO] [stderr]     Checking moxcms v0.7.11
[INFO] [stderr]    Compiling gpui_perf v0.2.2
[INFO] [stderr]     Checking ravif v0.12.0
[INFO] [stderr]     Checking tiff v0.10.3
[INFO] [stderr]     Checking ashpd v0.12.1
[INFO] [stderr]     Checking tiny-skia v0.11.4
[INFO] [stderr]    Compiling stacksafe-macro v0.1.4
[INFO] [stderr]     Checking pbkdf2 v0.12.2
[INFO] [stderr]     Checking hkdf v0.12.4
[INFO] [stderr]     Checking aes v0.8.4
[INFO] [stderr]     Checking cbc v0.1.2
[INFO] [stderr]     Checking lyon_algorithms v1.0.16
[INFO] [stderr]     Checking png v0.18.0
[INFO] [stderr]     Checking md-5 v0.10.6
[INFO] [stderr]     Checking nanorand v0.7.0
[INFO] [stderr]     Checking qoi v0.4.1
[INFO] [stderr]     Checking crossbeam-queue v0.3.12
[INFO] [stderr]    Compiling gpui_derive_refineable v0.2.2
[INFO] [stderr]    Compiling ctor-proc-macro v0.0.6
[INFO] [stderr]     Checking pollster v0.2.5
[INFO] [stderr]     Checking svg_fmt v0.4.5
[INFO] [stderr]     Checking grid v0.18.0
[INFO] [stderr]     Checking atomic v0.5.3
[INFO] [stderr]     Checking resvg v0.45.1
[INFO] [stderr]     Checking postage v0.5.0
[INFO] [stderr]     Checking taffy v0.9.0
[INFO] [stderr]     Checking gpui_refineable v0.2.2
[INFO] [stderr]     Checking etagere v0.2.15
[INFO] [stderr]     Checking ctor v0.4.3
[INFO] [stderr]     Checking lyon v1.0.16
[INFO] [stderr]     Checking flume v0.11.1
[INFO] [stderr]     Checking strum v0.27.2
[INFO] [stderr]     Checking gpui_http_client v0.2.2
[INFO] [stderr]     Checking stacksafe v0.1.4
[INFO] [stderr]    Compiling gpui_util_macros v0.2.2
[INFO] [stderr]     Checking pathfinder_geometry v0.5.1
[INFO] [stderr]     Checking calloop v0.13.0
[INFO] [stderr]     Checking gpui_sum_tree v0.2.2
[INFO] [stderr]    Compiling gpui-macros v0.2.2
[INFO] [stderr]     Checking num_cpus v1.17.0
[INFO] [stderr]     Checking gpui_semantic_version v0.2.2
[INFO] [stderr]     Checking inventory v0.3.21
[INFO] [stderr]     Checking raw-window-handle v0.6.2
[INFO] [stderr]     Checking seahash v4.1.0
[INFO] [stdout] error[E0277]: `<<T as Item>::Summary as Summary>::Context<'_>` cannot be sent between threads safely
[INFO] [stdout]    --> /opt/rustwide/cargo-home/registry/src/index.crates.io-1949cf8c6b5b557f/gpui_sum_tree-0.2.2/src/sum_tree.rs:312:18
[INFO] [stdout]     |
[INFO] [stdout] 312 |               .map(|items| {
[INFO] [stdout]     |                --- ^------
[INFO] [stdout]     |                |   |
[INFO] [stdout]     |  ______________|___within this `{closure@sum_tree.rs:312:18}`
[INFO] [stdout]     | |              |
[INFO] [stdout]     | |              required by a bound introduced by this call
[INFO] [stdout] 313 | |                 let items: ArrayVec<T, { 2 * TREE_BASE }> = items.into_iter().collect();
[INFO] [stdout] 314 | |                 let item_summaries: ArrayVec<T::Summary, { 2 * TREE_BASE }> =
[INFO] [stdout] 315 | |                     items.iter().map(|item| item.summary(cx)).collect();
[INFO] [stdout] ...   |
[INFO] [stdout] 324 | |                 }))
[INFO] [stdout] 325 | |             })
[INFO] [stdout]     | |_____________^ `<<T as Item>::Summary as Summary>::Context<'_>` cannot be sent between threads safely
[INFO] [stdout]     |
[INFO] [stdout]     = help: within `{closure@sum_tree.rs:312:18}`, the trait `Send` is not implemented for `<<T as Item>::Summary as Summary>::Context<'_>`
[INFO] [stdout] note: required because `cx` is used within this closure
[INFO] [stdout]    --> /opt/rustwide/cargo-home/registry/src/index.crates.io-1949cf8c6b5b557f/gpui_sum_tree-0.2.2/src/sum_tree.rs:315:58
[INFO] [stdout]     |
[INFO] [stdout] 315 |                     items.iter().map(|item| item.summary(cx)).collect();
[INFO] [stdout]     |                                                          ^^
[INFO] [stdout] note: required by a bound in `rayon::iter::ParallelIterator::map`
[INFO] [stdout]    --> /opt/rustwide/cargo-home/registry/src/index.crates.io-1949cf8c6b5b557f/rayon-1.11.0/src/iter/mod.rs:594:41
[INFO] [stdout]     |
[INFO] [stdout] 356 | pub trait ParallelIterator: Sized + Send {
[INFO] [stdout] ...
[INFO] [stdout] 592 |     fn map<F, R>(self, map_op: F) -> Map<Self, F>
[INFO] [stdout] 593 |     where
[INFO] [stdout] 594 |         F: Fn(Self::Item) -> R + Sync + Send,
[INFO] [stdout]     |                                         ^^^^ required by this bound in `ParallelIterator::map`
[INFO] [stdout]     = note: the full name for the type has been written to '/opt/rustwide/target/debug/build/gpui_sum_tree/e4fb8013419f94c7/out/gpui_sum_tree-e4fb8013419f94c7.long-type-18050086841826984867.txt'
[INFO] [stdout]     = note: consider using `--verbose` to print the full type name to the console
[INFO] [stdout] help: consider further restricting the associated type
[INFO] [stdout]     |
[INFO] [stdout] 307 |         for<'a> <T::Summary as Summary>::Context<'a>: Sync, <<T as Item>::Summary as Summary>::Context<'_>: Send
[INFO] [stdout]     |                                                             ++++++++++++++++++++++++++++++++++++++++++++++++++++
[INFO] [stdout] 
[INFO] [stdout] 
[INFO] [stdout] error[E0277]: `<<T as Item>::Summary as Summary>::Context<'_>` cannot be sent between threads safely
[INFO] [stdout]    --> /opt/rustwide/cargo-home/registry/src/index.crates.io-1949cf8c6b5b557f/gpui_sum_tree-0.2.2/src/sum_tree.rs:309:25
[INFO] [stdout]     |
[INFO] [stdout] 309 |           let mut nodes = iter
[INFO] [stdout]     |  _________________________^
[INFO] [stdout] 310 | |             .into_par_iter()
[INFO] [stdout] 311 | |             .chunks(2 * TREE_BASE)
[INFO] [stdout] 312 | |             .map(|items| {
[INFO] [stdout]     | |                  ------- within this `{closure@sum_tree.rs:312:18}`
[INFO] [stdout] ...   |
[INFO] [stdout] 325 | |             })
[INFO] [stdout] 326 | |             .collect::<Vec<_>>();
[INFO] [stdout]     | |________________________________^ `<<T as Item>::Summary as Summary>::Context<'_>` cannot be sent between threads safely
[INFO] [stdout]     |
[INFO] [stdout]     = help: within `{closure@sum_tree.rs:312:18}`, the trait `Send` is not implemented for `<<T as Item>::Summary as Summary>::Context<'_>`
[INFO] [stdout] note: required because `cx` is used within this closure
[INFO] [stdout]    --> /opt/rustwide/cargo-home/registry/src/index.crates.io-1949cf8c6b5b557f/gpui_sum_tree-0.2.2/src/sum_tree.rs:315:58
[INFO] [stdout]     |
[INFO] [stdout] 315 |                     items.iter().map(|item| item.summary(cx)).collect();
[INFO] [stdout]     |                                                          ^^
[INFO] [stdout]     = note: required for `Map<Chunks<Iter>, {closure@sum_tree.rs:312:18}>` to implement `rayon::iter::ParallelIterator`
[INFO] [stdout]     = note: the full name for the type has been written to '/opt/rustwide/target/debug/build/gpui_sum_tree/e4fb8013419f94c7/out/gpui_sum_tree-e4fb8013419f94c7.long-type-18050086841826984867.txt'
[INFO] [stdout]     = note: consider using `--verbose` to print the full type name to the console
[INFO] [stdout] help: consider further restricting the associated type
[INFO] [stdout]     |
[INFO] [stdout] 307 |         for<'a> <T::Summary as Summary>::Context<'a>: Sync, <<T as Item>::Summary as Summary>::Context<'_>: Send
[INFO] [stdout]     |                                                             ++++++++++++++++++++++++++++++++++++++++++++++++++++
[INFO] [stdout] 
[INFO] [stdout] 
[INFO] [stdout] error[E0277]: `<<T as Item>::Summary as Summary>::Context<'_>` cannot be sent between threads safely
[INFO] [stdout]    --> /opt/rustwide/cargo-home/registry/src/index.crates.io-1949cf8c6b5b557f/gpui_sum_tree-0.2.2/src/sum_tree.rs:334:22
[INFO] [stdout]     |
[INFO] [stdout] 334 |                   .map(|child_nodes| {
[INFO] [stdout]     |                    --- ^------------
[INFO] [stdout]     |                    |   |
[INFO] [stdout]     |  __________________|___within this `{closure@sum_tree.rs:334:22}`
[INFO] [stdout]     | |                  |
[INFO] [stdout]     | |                  required by a bound introduced by this call
[INFO] [stdout] 335 | |                     let child_trees: ArrayVec<SumTree<T>, { 2 * TREE_BASE }> =
[INFO] [stdout] 336 | |                         child_nodes.into_iter().collect();
[INFO] [stdout] 337 | |                     let child_summaries: ArrayVec<T::Summary, { 2 * TREE_BASE }> = child_trees
[INFO] [stdout] ...   |
[INFO] [stdout] 350 | |                     }))
[INFO] [stdout] 351 | |                 })
[INFO] [stdout]     | |_________________^ `<<T as Item>::Summary as Summary>::Context<'_>` cannot be sent between threads safely
[INFO] [stdout]     |
[INFO] [stdout]     = help: within `{closure@sum_tree.rs:334:22}`, the trait `Send` is not implemented for `<<T as Item>::Summary as Summary>::Context<'_>`
[INFO] [stdout] note: required because `cx` is used within this closure
[INFO] [stdout]    --> /opt/rustwide/cargo-home/registry/src/index.crates.io-1949cf8c6b5b557f/gpui_sum_tree-0.2.2/src/sum_tree.rs:343:91
[INFO] [stdout]     |
[INFO] [stdout] 343 |                         <T::Summary as Summary>::add_summary(&mut summary, child_summary, cx);
[INFO] [stdout]     |                                                                                           ^^
[INFO] [stdout] note: required by a bound in `rayon::iter::ParallelIterator::map`
[INFO] [stdout]    --> /opt/rustwide/cargo-home/registry/src/index.crates.io-1949cf8c6b5b557f/rayon-1.11.0/src/iter/mod.rs:594:41
[INFO] [stdout]     |
[INFO] [stdout] 356 | pub trait ParallelIterator: Sized + Send {
[INFO] [stdout] ...
[INFO] [stdout] 592 |     fn map<F, R>(self, map_op: F) -> Map<Self, F>
[INFO] [stdout] 593 |     where
[INFO] [stdout] 594 |         F: Fn(Self::Item) -> R + Sync + Send,
[INFO] [stdout]     |                                         ^^^^ required by this bound in `ParallelIterator::map`
[INFO] [stdout]     = note: the full name for the type has been written to '/opt/rustwide/target/debug/build/gpui_sum_tree/e4fb8013419f94c7/out/gpui_sum_tree-e4fb8013419f94c7.long-type-4284160511023766836.txt'
[INFO] [stdout]     = note: consider using `--verbose` to print the full type name to the console
[INFO] [stdout] help: consider further restricting the associated type
[INFO] [stdout]     |
[INFO] [stdout] 307 |         for<'a> <T::Summary as Summary>::Context<'a>: Sync, <<T as Item>::Summary as Summary>::Context<'_>: Send
[INFO] [stdout]     |                                                             ++++++++++++++++++++++++++++++++++++++++++++++++++++
[INFO] [stdout] 
[INFO] [stdout] 
[INFO] [stdout] error[E0277]: `<<T as Item>::Summary as Summary>::Context<'_>` cannot be sent between threads safely
[INFO] [stdout]    --> /opt/rustwide/cargo-home/registry/src/index.crates.io-1949cf8c6b5b557f/gpui_sum_tree-0.2.2/src/sum_tree.rs:331:21
[INFO] [stdout]     |
[INFO] [stdout] 331 |               nodes = nodes
[INFO] [stdout]     |  _____________________^
[INFO] [stdout] 332 | |                 .into_par_iter()
[INFO] [stdout] 333 | |                 .chunks(2 * TREE_BASE)
[INFO] [stdout] 334 | |                 .map(|child_nodes| {
[INFO] [stdout]     | |                      ------------- within this `{closure@sum_tree.rs:334:22}`
[INFO] [stdout] ...   |
[INFO] [stdout] 351 | |                 })
[INFO] [stdout] 352 | |                 .collect::<Vec<_>>();
[INFO] [stdout]     | |____________________________________^ `<<T as Item>::Summary as Summary>::Context<'_>` cannot be sent between threads safely
[INFO] [stdout]     |
[INFO] [stdout]     = help: within `{closure@sum_tree.rs:334:22}`, the trait `Send` is not implemented for `<<T as Item>::Summary as Summary>::Context<'_>`
[INFO] [stdout] note: required because `cx` is used within this closure
[INFO] [stdout]    --> /opt/rustwide/cargo-home/registry/src/index.crates.io-1949cf8c6b5b557f/gpui_sum_tree-0.2.2/src/sum_tree.rs:343:91
[INFO] [stdout]     |
[INFO] [stdout] 343 |                         <T::Summary as Summary>::add_summary(&mut summary, child_summary, cx);
[INFO] [stdout]     |                                                                                           ^^
[INFO] [stdout]     = note: required for `Map<Chunks<IntoIter<SumTree<T>>>, {closure@sum_tree.rs:334:22}>` to implement `rayon::iter::ParallelIterator`
[INFO] [stdout]     = note: the full name for the type has been written to '/opt/rustwide/target/debug/build/gpui_sum_tree/e4fb8013419f94c7/out/gpui_sum_tree-e4fb8013419f94c7.long-type-4284160511023766836.txt'
[INFO] [stdout]     = note: consider using `--verbose` to print the full type name to the console
[INFO] [stdout] help: consider further restricting the associated type
[INFO] [stdout]     |
[INFO] [stdout] 307 |         for<'a> <T::Summary as Summary>::Context<'a>: Sync, <<T as Item>::Summary as Summary>::Context<'_>: Send
[INFO] [stdout]     |                                                             ++++++++++++++++++++++++++++++++++++++++++++++++++++
[INFO] [stdout] 
[INFO] [stdout] 
[INFO] [stderr]     Checking sfsymbols v0.1.1
[INFO] [stdout] For more information about this error, try `rustc --explain E0277`.
[INFO] [stdout] 
[INFO] [stderr] error: could not compile `gpui_sum_tree` (lib) due to 4 previous errors
[INFO] [stderr] warning: build failed, waiting for other jobs to finish...
[INFO] running `Command { std: "docker" "inspect" "543c604a9da14a94f04d178b66710553195b068ff99f6c9de82d1a7500ec5063", kill_on_drop: false }`
[INFO] running `Command { std: "docker" "rm" "-f" "543c604a9da14a94f04d178b66710553195b068ff99f6c9de82d1a7500ec5063", kill_on_drop: false }`
[INFO] [stdout] 543c604a9da14a94f04d178b66710553195b068ff99f6c9de82d1a7500ec5063
