[INFO] fetching crate gpui-box-kit-assets 0.1.1...
[INFO] checking gpui-box-kit-assets-0.1.1 against c60b92c03ca8a3b101eb9d57f51e2232690638c7 for pr-164148-crater-rollup
[INFO] extracting crate gpui-box-kit-assets 0.1.1 into /workspace/builds/worker-2-tc2/source
[INFO] started tweaking crates.io crate gpui-box-kit-assets 0.1.1
[INFO] finished tweaking crates.io crate gpui-box-kit-assets 0.1.1
[INFO] tweaked toml for crates.io crate gpui-box-kit-assets 0.1.1 written to /workspace/builds/worker-2-tc2/source/Cargo.toml
[INFO] validating manifest of crates.io crate gpui-box-kit-assets 0.1.1 on toolchain c60b92c03ca8a3b101eb9d57f51e2232690638c7
[INFO] running `Command { std: CARGO_HOME="/workspace/cargo-home" RUSTUP_HOME="/workspace/rustup-home" "/workspace/cargo-home/bin/cargo" "+c60b92c03ca8a3b101eb9d57f51e2232690638c7" "metadata" "--manifest-path" "Cargo.toml" "--no-deps", kill_on_drop: false }`
[INFO] crate crates.io crate gpui-box-kit-assets 0.1.1 already has a lockfile, it will not be regenerated
[INFO] running `Command { std: CARGO_HOME="/workspace/cargo-home" RUSTUP_HOME="/workspace/rustup-home" "/workspace/cargo-home/bin/cargo" "+c60b92c03ca8a3b101eb9d57f51e2232690638c7" "fetch" "--manifest-path" "Cargo.toml", kill_on_drop: false }`
[INFO] [stderr]     Updating crates.io index
[INFO] [stderr]      Locking 12 packages to highest Rust 1.97 compatible versions
[INFO] [stderr]       Adding gpui-box v0.1.1
[INFO] [stderr]       Adding gpui-box-collections v0.1.1
[INFO] [stderr]       Adding gpui-box-http-client v0.1.1
[INFO] [stderr]       Adding gpui-box-macros v0.1.1
[INFO] [stderr]       Adding gpui-box-media v0.1.1
[INFO] [stderr]       Adding gpui-box-refineable v0.1.1
[INFO] [stderr]       Adding gpui-box-refineable-derive v0.1.1
[INFO] [stderr]       Adding gpui-box-scheduler v0.1.1
[INFO] [stderr]       Adding gpui-box-shared-string v0.1.1
[INFO] [stderr]       Adding gpui-box-sum-tree v0.1.1
[INFO] [stderr]       Adding gpui-box-util v0.1.1
[INFO] [stderr]       Adding gpui-box-util-macros v0.1.1
[INFO] running `Command { std: "docker" "create" "-v" "/var/lib/crater-agent-workspace/builds/worker-2-tc2/source:/opt/rustwide/workdir:ro,Z" "-v" "/var/lib/crater-agent-workspace/builds/worker-2-tc2/target:/opt/rustwide/target:rw,Z" "-v" "/var/lib/crater-agent-workspace/cargo-home:/opt/rustwide/cargo-home:ro,Z" "-v" "/var/lib/crater-agent-workspace/rustup-home:/opt/rustwide/rustup-home:ro,Z" "-m" "1610612736" "--network" "none" "ghcr.io/rust-lang/crates-build-env/linux@sha256:77db811e55d90add9212f6832c23229e3de5f1c1f9905e8cb07319ea15df73ac" "sleep" "infinity", kill_on_drop: false }`
[INFO] [stdout] 984a068585eaa2b47bafd91c2dd12fbfdff72e5b45c6f376261036e9843656ac
[INFO] running `Command { std: "docker" "start" "984a068585eaa2b47bafd91c2dd12fbfdff72e5b45c6f376261036e9843656ac", kill_on_drop: false }`
[INFO] running `Command { std: "docker" "inspect" "984a068585eaa2b47bafd91c2dd12fbfdff72e5b45c6f376261036e9843656ac", kill_on_drop: false }`
[INFO] running `Command { std: "docker" "exec" "-e" "SOURCE_DIR=/opt/rustwide/workdir" "-e" "CARGO_HOME=/opt/rustwide/cargo-home" "-e" "RUSTUP_HOME=/opt/rustwide/rustup-home" "-e" "CARGO_TARGET_DIR=/opt/rustwide/target" "-w" "/opt/rustwide/workdir" "--user" "0:0" "984a068585eaa2b47bafd91c2dd12fbfdff72e5b45c6f376261036e9843656ac" "/opt/rustwide/cargo-home/bin/cargo" "+c60b92c03ca8a3b101eb9d57f51e2232690638c7" "metadata" "--no-deps" "--format-version=1", kill_on_drop: false }`
[INFO] running `Command { std: "docker" "inspect" "984a068585eaa2b47bafd91c2dd12fbfdff72e5b45c6f376261036e9843656ac", kill_on_drop: false }`
[INFO] running `Command { std: "docker" "exec" "-e" "SOURCE_DIR=/opt/rustwide/workdir" "-e" "CARGO_HOME=/opt/rustwide/cargo-home" "-e" "RUSTUP_HOME=/opt/rustwide/rustup-home" "-e" "CARGO_TARGET_DIR=/opt/rustwide/target" "-e" "CARGO_INCREMENTAL=0" "-e" "RUST_BACKTRACE=full" "-e" "RUSTFLAGS=--cap-lints=forbid" "-e" "RUSTDOCFLAGS=--cap-lints=forbid" "-w" "/opt/rustwide/workdir" "--user" "0:0" "984a068585eaa2b47bafd91c2dd12fbfdff72e5b45c6f376261036e9843656ac" "/opt/rustwide/cargo-home/bin/cargo" "+c60b92c03ca8a3b101eb9d57f51e2232690638c7" "check" "--frozen" "--all" "--all-targets" "--message-format=json", kill_on_drop: false }`
[INFO] [stderr]    Compiling serde_core v1.0.229
[INFO] [stderr]     Checking simd-adler32 v0.3.10
[INFO] [stderr]     Checking smallvec v1.15.2
[INFO] [stderr]    Compiling num-traits v0.2.19
[INFO] [stderr]    Compiling zerovec-derive v0.11.3
[INFO] [stderr]    Compiling displaydoc v0.2.7
[INFO] [stderr]     Checking bytemuck v1.25.2
[INFO] [stderr]    Compiling zerocopy-derive v0.8.55
[INFO] [stderr]     Checking miniz_oxide v0.8.9
[INFO] [stderr]     Checking futures-io v0.3.33
[INFO] [stderr]    Compiling object v0.39.1
[INFO] [stderr]    Compiling serde v1.0.229
[INFO] [stderr]     Checking flate2 v1.1.9
[INFO] [stderr]     Checking zerotrie v0.2.4
[INFO] [stderr]    Compiling slotmap v1.1.1
[INFO] [stderr]     Checking euclid v0.22.14
[INFO] [stderr]    Compiling futures-macro v0.3.33
[INFO] [stderr]     Checking fdeflate v0.3.7
[INFO] [stderr]     Checking zerovec v0.11.6
[INFO] [stderr]     Checking core_maths v0.1.1
[INFO] [stderr]    Compiling winnow v1.0.4
[INFO] [stderr]     Checking tinystr v0.8.3
[INFO] [stderr]     Checking potential_utf v0.1.5
[INFO] [stderr]     Checking futures-util v0.3.33
[INFO] [stderr]     Checking icu_collections v2.2.0
[INFO] [stderr]     Checking icu_locale_core v2.2.0
[INFO] [stderr]     Checking float-cmp v0.9.0
[INFO] [stderr]    Compiling serde_json v1.0.151
[INFO] [stderr]     Checking zerocopy v0.8.55
[INFO] [stderr]     Checking strict-num v0.1.1
[INFO] [stderr]     Checking lyon_geom v1.0.19
[INFO] [stderr]    Compiling toml_parser v1.1.3+spec-1.1.0
[INFO] [stderr]     Checking ttf-parser v0.25.1
[INFO] [stderr]     Checking icu_provider v2.2.0
[INFO] [stderr]     Checking icu_properties v2.2.0
[INFO] [stderr]     Checking serde_fmt v1.1.0
[INFO] [stderr]     Checking erased-serde v0.4.10
[INFO] [stderr]     Checking indexmap v2.14.0
[INFO] [stderr]     Checking value-bag-serde1 v1.13.2
[INFO] [stderr]     Checking value-bag v1.13.2
[INFO] [stderr]     Checking log v0.4.33
[INFO] [stderr]    Compiling serde_spanned v1.1.1
[INFO] [stderr]    Compiling toml_datetime v1.1.1+spec-1.1.0
[INFO] [stderr]     Checking icu_normalizer v2.2.0
[INFO] [stderr]     Checking parking_lot_core v0.9.12
[INFO] [stderr]     Checking polycool v0.4.0
[INFO] [stderr]    Compiling pulp v0.22.3
[INFO] [stderr]    Compiling ref-cast v1.0.26
[INFO] [stderr]     Checking fastrand v2.5.0
[INFO] [stderr]    Compiling object v0.37.3
[INFO] [stderr]    Compiling toml_writer v1.1.2+spec-1.1.0
[INFO] [stderr]     Checking libbz2-rs-sys v0.2.5
[INFO] [stderr]     Checking percent-encoding v2.3.2
[INFO] [stderr]     Checking roxmltree v0.20.0
[INFO] [stderr]     Checking form_urlencoded v1.2.2
[INFO] [stderr]    Compiling toml v1.1.4+spec-1.1.0
[INFO] [stderr]     Checking tiny-skia-path v0.11.4
[INFO] [stderr]     Checking zune-jpeg v0.5.15
[INFO] [stderr]     Checking fontconfig-parser v0.5.8
[INFO] [stderr]     Checking bzip2 v0.6.1
[INFO] [stderr]     Checking idna_adapter v1.2.2
[INFO] [stderr]     Checking tinyvec v1.12.0
[INFO] [stderr]    Compiling ar_archive_writer v0.5.3
[INFO] [stderr]     Checking kurbo v0.13.1
[INFO] [stderr]     Checking parking_lot v0.12.5
[INFO] [stderr]     Checking lyon_path v1.0.19
[INFO] [stderr]     Checking num-complex v0.4.6
[INFO] [stderr]    Compiling pathfinder_simd v0.5.6
[INFO] [stderr]     Checking futures-executor v0.3.33
[INFO] [stderr]     Checking raw-cpuid v11.6.0
[INFO] [stderr]    Compiling psm v0.1.32
[INFO] [stderr]    Compiling stacker v0.1.25
[INFO] [stderr]     Checking futures v0.3.33
[INFO] [stderr]    Compiling serde_derive_internals v0.30.0
[INFO] [stderr]    Compiling ref-cast-impl v1.0.26
[INFO] [stderr]     Checking memmap2 v0.9.11
[INFO] [stderr]    Compiling proc-macro-error-attr2 v2.0.0
[INFO] [stderr]    Compiling heapless v0.9.3
[INFO] [stderr]     Checking unicode-properties v0.1.4
[INFO] [stderr]     Checking reborrow v0.5.5
[INFO] [stderr]     Checking unicode-bidi-mirroring v0.4.0
[INFO] [stderr]     Checking siphasher v1.0.3
[INFO] [stderr]     Checking byteorder v1.5.0
[INFO] [stderr]     Checking unicode-script v0.5.8
[INFO] [stderr]     Checking gimli v0.32.3
[INFO] [stderr]     Checking unicode-ccc v0.4.0
[INFO] [stderr]     Checking compression-core v0.4.32
[INFO] [stderr]     Checking pulp-wasm-simd-flag v0.1.1
[INFO] [stderr]     Checking svgtypes v0.16.1
[INFO] [stderr]     Checking compression-codecs v0.4.38
[INFO] [stderr]     Checking png v0.17.16
[INFO] [stderr]     Checking rustybuzz v0.20.1
[INFO] [stderr]     Checking hash32 v0.3.1
[INFO] [stderr]    Compiling proc-macro-error2 v2.0.1
[INFO] [stderr]    Compiling schemars_derive v1.2.2
[INFO] [stderr]    Compiling derive_more-impl v2.1.1
[INFO] [stderr]     Checking gif v0.14.2
[INFO] [stderr]     Checking fontdb v0.23.0
[INFO] [stderr]    Compiling embed-resource v3.0.11
[INFO] [stderr]     Checking idna v1.1.0
[INFO] [stderr]     Checking half v2.7.1
[INFO] [stderr]     Checking ppv-lite86 v0.2.21
[INFO] [stderr]     Checking simplecss v0.2.2
[INFO] [stderr]     Checking event-listener v5.4.2
[INFO] [stderr]     Checking rand_chacha v0.9.0
[INFO] [stderr]     Checking spin v0.9.9
[INFO] [stderr]     Checking zune-inflate v0.2.54
[INFO] [stderr]     Checking roxmltree v0.21.1
[INFO] [stderr]     Checking aho-corasick v1.1.5
[INFO] [stderr]     Checking unicode-vo v0.1.0
[INFO] [stderr]     Checking xmlwriter v0.1.0
[INFO] [stderr]     Checking pico-args v0.5.0
[INFO] [stderr]    Compiling thiserror v2.0.19
[INFO] [stderr]     Checking unicode-bidi v0.3.18
[INFO] [stderr]     Checking dyn-clone v1.0.20
[INFO] [stderr]     Checking sha1_smol v1.0.1
[INFO] [stderr]     Checking data-url v0.3.2
[INFO] [stderr]     Checking float_next_after v1.0.0
[INFO] [stderr]     Checking imagesize v0.14.0
[INFO] [stderr]     Checking rustc-demangle v0.1.28
[INFO] [stderr]     Checking addr2line v0.25.1
[INFO] [stderr]     Checking fax v0.2.7
[INFO] [stderr]     Checking pxfm v0.1.30
[INFO] [stderr]     Checking usvg v0.46.0
[INFO] [stderr]     Checking tiff v0.11.3
[INFO] [stderr]     Checking serde_urlencoded v0.7.1
[INFO] [stderr]     Checking regex-automata v0.4.18
[INFO] [stderr]     Checking chrono v0.4.45
[INFO] [stderr]     Checking derive_more v2.1.1
[INFO] [stderr]     Checking lyon_tessellation v1.0.20
[INFO] [stderr]     Checking uuid v1.24.0
[INFO] [stderr]     Checking schemars v1.2.2
[INFO] [stderr]     Checking tracing v0.1.44
[INFO] [stderr]     Checking flume v0.12.0
[INFO] [stderr]     Checking event-listener-strategy v0.5.4
[INFO] [stderr]     Checking rand v0.9.5
[INFO] [stderr]     Checking url v2.5.8
[INFO] [stderr]     Checking exr v1.74.2
[INFO] [stderr]    Compiling gpui-box v0.1.1
[INFO] [stderr]     Checking tiny-skia v0.11.4
[INFO] [stderr]    Compiling stacksafe-macro v0.1.4
[INFO] [stderr]     Checking async-compression v0.4.43
[INFO] [stderr]     Checking backtrace v0.3.76
[INFO] [stderr]    Compiling strum_macros v0.27.2
[INFO] [stderr]     Checking lyon_algorithms v1.0.20
[INFO] [stderr]     Checking gpui-box-util v0.1.1
[INFO] [stderr]     Checking futures-lite v2.6.1
[INFO] [stderr]     Checking png v0.18.1
[INFO] [stderr]     Checking qoi v0.4.1
[INFO] [stderr]     Checking rgb v0.8.53
[INFO] [stderr]     Checking crossbeam-queue v0.3.13
[INFO] [stderr]     Checking concurrent-queue v2.5.0
[INFO] [stderr]    Compiling gpui-box-refineable-derive v0.1.1
[INFO] [stderr]    Compiling profiling-procmacros v1.0.18
[INFO] [stderr]    Compiling enumn v0.1.14
[INFO] [stderr]    Compiling thiserror-impl v2.0.19
[INFO] [stderr]    Compiling linktime-proc-macro v0.2.2
[INFO] [stderr]     Checking rustc-hash v2.1.3
[INFO] [stderr]     Checking atomic v0.5.3
[INFO] [stderr]     Checking link-section v0.19.2
[INFO] [stderr]     Checking svg_fmt v0.4.5
[INFO] [stderr]     Checking grid v1.0.1
[INFO] [stderr]     Checking web-time v1.1.0
[INFO] [stderr]     Checking pollster v0.2.5
[INFO] [stderr]     Checking fixedbitset v0.5.7
[INFO] [stderr]     Checking static_assertions v1.1.0
[INFO] [stderr]     Checking taffy v0.12.2
[INFO] [stderr]     Checking postage v0.5.0
[INFO] [stderr]     Checking ctor v1.0.12
[INFO] [stderr]     Checking futures-concurrency v7.7.1
[INFO] [stderr]     Checking gpui-box-scheduler v0.1.1
[INFO] [stderr]     Checking moxcms v0.8.1
[INFO] [stderr]     Checking etagere v0.2.15
[INFO] [stderr]     Checking gpui-box-refineable v0.1.1
[INFO] [stderr]     Checking accesskit v0.24.1
[INFO] [stderr]     Checking strum v0.27.2
[INFO] [stderr]     Checking gpui-box-collections v0.1.1
[INFO] [stderr]     Checking gpui-box-shared-string v0.1.1
[INFO] [stderr]     Checking profiling v1.0.18
[INFO] [stderr]     Checking resvg v0.46.0
[INFO] [stderr]     Checking async-channel v2.5.0
[INFO] [stderr]     Checking gpui-box-sum-tree v0.1.1
[INFO] [stderr]     Checking lyon v1.0.19
[INFO] [stderr]     Checking gpui-box-http-client v0.1.1
[INFO] [stderr]     Checking regex v1.13.1
[INFO] [stderr]     Checking stacksafe v0.1.4
[INFO] [stdout] error[E0277]: `<<T as Item>::Summary as Summary>::Context<'_>` cannot be sent between threads safely
[INFO] [stdout]    --> /opt/rustwide/cargo-home/registry/src/index.crates.io-1949cf8c6b5b557f/gpui-box-sum-tree-0.1.1/src/sum_tree.rs:329:18
[INFO] [stdout]     |
[INFO] [stdout] 329 |               .map(|items| {
[INFO] [stdout]     |                --- ^------
[INFO] [stdout]     |                |   |
[INFO] [stdout]     |  ______________|___within this `{closure@sum_tree.rs:329:18}`
[INFO] [stdout]     | |              |
[INFO] [stdout]     | |              required by a bound introduced by this call
[INFO] [stdout] 330 | |                 let items: ArrayVec<T, { 2 * TREE_BASE }, u8> = items.into_iter().collect();
[INFO] [stdout] 331 | |                 let item_summaries: ArrayVec<T::Summary, { 2 * TREE_BASE }, u8> =
[INFO] [stdout] 332 | |                     items.iter().map(|item| item.summary(cx)).collect();
[INFO] [stdout] ...   |
[INFO] [stdout] 341 | |                 }))
[INFO] [stdout] 342 | |             })
[INFO] [stdout]     | |_____________^ `<<T as Item>::Summary as Summary>::Context<'_>` cannot be sent between threads safely
[INFO] [stdout]     |
[INFO] [stdout]     = help: within `{closure@sum_tree.rs:329:18}`, the trait `Send` is not implemented for `<<T as Item>::Summary as Summary>::Context<'_>`
[INFO] [stdout] note: required because `cx` is used within this closure
[INFO] [stdout]    --> /opt/rustwide/cargo-home/registry/src/index.crates.io-1949cf8c6b5b557f/gpui-box-sum-tree-0.1.1/src/sum_tree.rs:332:58
[INFO] [stdout]     |
[INFO] [stdout] 332 |                     items.iter().map(|item| item.summary(cx)).collect();
[INFO] [stdout]     |                                                          ^^
[INFO] [stdout] note: required by a bound in `rayon::iter::ParallelIterator::map`
[INFO] [stdout]    --> /opt/rustwide/cargo-home/registry/src/index.crates.io-1949cf8c6b5b557f/rayon-1.12.0/src/iter/mod.rs:595:41
[INFO] [stdout]     |
[INFO] [stdout] 357 | pub trait ParallelIterator: Sized + Send {
[INFO] [stdout] ...
[INFO] [stdout] 593 |     fn map<F, R>(self, map_op: F) -> Map<Self, F>
[INFO] [stdout] 594 |     where
[INFO] [stdout] 595 |         F: Fn(Self::Item) -> R + Sync + Send,
[INFO] [stdout]     |                                         ^^^^ required by this bound in `ParallelIterator::map`
[INFO] [stdout]     = note: the full name for the type has been written to '/opt/rustwide/target/debug/build/gpui-box-sum-tree/9b594a7498005cdb/out/sum_tree-9b594a7498005cdb.long-type-5478014128954468336.txt'
[INFO] [stdout]     = note: consider using `--verbose` to print the full type name to the console
[INFO] [stdout] help: consider further restricting the associated type
[INFO] [stdout]     |
[INFO] [stdout] 324 |         for<'a> <T::Summary as Summary>::Context<'a>: Sync, <<T as Item>::Summary as Summary>::Context<'_>: Send
[INFO] [stdout]     |                                                             ++++++++++++++++++++++++++++++++++++++++++++++++++++
[INFO] [stdout] 
[INFO] [stdout] 
[INFO] [stdout] error[E0277]: `<<T as Item>::Summary as Summary>::Context<'_>` cannot be sent between threads safely
[INFO] [stdout]    --> /opt/rustwide/cargo-home/registry/src/index.crates.io-1949cf8c6b5b557f/gpui-box-sum-tree-0.1.1/src/sum_tree.rs:326:25
[INFO] [stdout]     |
[INFO] [stdout] 326 |           let mut nodes = iter
[INFO] [stdout]     |  _________________________^
[INFO] [stdout] 327 | |             .into_par_iter()
[INFO] [stdout] 328 | |             .chunks(2 * TREE_BASE)
[INFO] [stdout] 329 | |             .map(|items| {
[INFO] [stdout]     | |                  ------- within this `{closure@sum_tree.rs:329:18}`
[INFO] [stdout] ...   |
[INFO] [stdout] 342 | |             })
[INFO] [stdout] 343 | |             .collect::<Vec<_>>();
[INFO] [stdout]     | |________________________________^ `<<T as Item>::Summary as Summary>::Context<'_>` cannot be sent between threads safely
[INFO] [stdout]     |
[INFO] [stdout]     = help: within `{closure@sum_tree.rs:329:18}`, the trait `Send` is not implemented for `<<T as Item>::Summary as Summary>::Context<'_>`
[INFO] [stdout] note: required because `cx` is used within this closure
[INFO] [stdout]    --> /opt/rustwide/cargo-home/registry/src/index.crates.io-1949cf8c6b5b557f/gpui-box-sum-tree-0.1.1/src/sum_tree.rs:332:58
[INFO] [stdout]     |
[INFO] [stdout] 332 |                     items.iter().map(|item| item.summary(cx)).collect();
[INFO] [stdout]     |                                                          ^^
[INFO] [stdout]     = note: required for `Map<Chunks<Iter>, {closure@sum_tree.rs:329:18}>` to implement `ParallelIterator`
[INFO] [stdout]     = note: the full name for the type has been written to '/opt/rustwide/target/debug/build/gpui-box-sum-tree/9b594a7498005cdb/out/sum_tree-9b594a7498005cdb.long-type-5478014128954468336.txt'
[INFO] [stdout]     = note: consider using `--verbose` to print the full type name to the console
[INFO] [stdout] help: consider further restricting the associated type
[INFO] [stdout]     |
[INFO] [stdout] 324 |         for<'a> <T::Summary as Summary>::Context<'a>: Sync, <<T as Item>::Summary as Summary>::Context<'_>: Send
[INFO] [stdout]     |                                                             ++++++++++++++++++++++++++++++++++++++++++++++++++++
[INFO] [stdout] 
[INFO] [stdout] 
[INFO] [stdout] error[E0277]: `<<T as Item>::Summary as Summary>::Context<'_>` cannot be sent between threads safely
[INFO] [stdout]    --> /opt/rustwide/cargo-home/registry/src/index.crates.io-1949cf8c6b5b557f/gpui-box-sum-tree-0.1.1/src/sum_tree.rs:351:22
[INFO] [stdout]     |
[INFO] [stdout] 351 |                   .map(|child_nodes| {
[INFO] [stdout]     |                    --- ^------------
[INFO] [stdout]     |                    |   |
[INFO] [stdout]     |  __________________|___within this `{closure@sum_tree.rs:351:22}`
[INFO] [stdout]     | |                  |
[INFO] [stdout]     | |                  required by a bound introduced by this call
[INFO] [stdout] 352 | |                     let child_trees: ArrayVec<SumTree<T>, { 2 * TREE_BASE }, u8> =
[INFO] [stdout] 353 | |                         child_nodes.into_iter().collect();
[INFO] [stdout] 354 | |                     let child_summaries: ArrayVec<T::Summary, { 2 * TREE_BASE }, u8> = child_trees
[INFO] [stdout] ...   |
[INFO] [stdout] 367 | |                     }))
[INFO] [stdout] 368 | |                 })
[INFO] [stdout]     | |_________________^ `<<T as Item>::Summary as Summary>::Context<'_>` cannot be sent between threads safely
[INFO] [stdout]     |
[INFO] [stdout]     = help: within `{closure@sum_tree.rs:351:22}`, the trait `Send` is not implemented for `<<T as Item>::Summary as Summary>::Context<'_>`
[INFO] [stdout] note: required because `cx` is used within this closure
[INFO] [stdout]    --> /opt/rustwide/cargo-home/registry/src/index.crates.io-1949cf8c6b5b557f/gpui-box-sum-tree-0.1.1/src/sum_tree.rs:360:91
[INFO] [stdout]     |
[INFO] [stdout] 360 |                         <T::Summary as Summary>::add_summary(&mut summary, child_summary, cx);
[INFO] [stdout]     |                                                                                           ^^
[INFO] [stdout] note: required by a bound in `rayon::iter::ParallelIterator::map`
[INFO] [stdout]    --> /opt/rustwide/cargo-home/registry/src/index.crates.io-1949cf8c6b5b557f/rayon-1.12.0/src/iter/mod.rs:595:41
[INFO] [stdout]     |
[INFO] [stdout] 357 | pub trait ParallelIterator: Sized + Send {
[INFO] [stdout] ...
[INFO] [stdout] 593 |     fn map<F, R>(self, map_op: F) -> Map<Self, F>
[INFO] [stdout] 594 |     where
[INFO] [stdout] 595 |         F: Fn(Self::Item) -> R + Sync + Send,
[INFO] [stdout]     |                                         ^^^^ required by this bound in `ParallelIterator::map`
[INFO] [stdout]     = note: the full name for the type has been written to '/opt/rustwide/target/debug/build/gpui-box-sum-tree/9b594a7498005cdb/out/sum_tree-9b594a7498005cdb.long-type-1175769489130297934.txt'
[INFO] [stdout]     = note: consider using `--verbose` to print the full type name to the console
[INFO] [stdout] help: consider further restricting the associated type
[INFO] [stdout]     |
[INFO] [stdout] 324 |         for<'a> <T::Summary as Summary>::Context<'a>: Sync, <<T as Item>::Summary as Summary>::Context<'_>: Send
[INFO] [stdout]     |                                                             ++++++++++++++++++++++++++++++++++++++++++++++++++++
[INFO] [stdout] 
[INFO] [stdout] 
[INFO] [stdout] error[E0277]: `<<T as Item>::Summary as Summary>::Context<'_>` cannot be sent between threads safely
[INFO] [stdout]    --> /opt/rustwide/cargo-home/registry/src/index.crates.io-1949cf8c6b5b557f/gpui-box-sum-tree-0.1.1/src/sum_tree.rs:348:21
[INFO] [stdout]     |
[INFO] [stdout] 348 |               nodes = nodes
[INFO] [stdout]     |  _____________________^
[INFO] [stdout] 349 | |                 .into_par_iter()
[INFO] [stdout] 350 | |                 .chunks(2 * TREE_BASE)
[INFO] [stdout] 351 | |                 .map(|child_nodes| {
[INFO] [stdout]     | |                      ------------- within this `{closure@sum_tree.rs:351:22}`
[INFO] [stdout] ...   |
[INFO] [stdout] 368 | |                 })
[INFO] [stdout] 369 | |                 .collect::<Vec<_>>();
[INFO] [stdout]     | |____________________________________^ `<<T as Item>::Summary as Summary>::Context<'_>` cannot be sent between threads safely
[INFO] [stdout]     |
[INFO] [stdout]     = help: within `{closure@sum_tree.rs:351:22}`, the trait `Send` is not implemented for `<<T as Item>::Summary as Summary>::Context<'_>`
[INFO] [stdout] note: required because `cx` is used within this closure
[INFO] [stdout]    --> /opt/rustwide/cargo-home/registry/src/index.crates.io-1949cf8c6b5b557f/gpui-box-sum-tree-0.1.1/src/sum_tree.rs:360:91
[INFO] [stdout]     |
[INFO] [stdout] 360 |                         <T::Summary as Summary>::add_summary(&mut summary, child_summary, cx);
[INFO] [stdout]     |                                                                                           ^^
[INFO] [stdout]     = note: required for `Map<Chunks<IntoIter<SumTree<T>>>, {closure@sum_tree.rs:351:22}>` to implement `ParallelIterator`
[INFO] [stdout]     = note: the full name for the type has been written to '/opt/rustwide/target/debug/build/gpui-box-sum-tree/9b594a7498005cdb/out/sum_tree-9b594a7498005cdb.long-type-1175769489130297934.txt'
[INFO] [stdout]     = note: consider using `--verbose` to print the full type name to the console
[INFO] [stdout] help: consider further restricting the associated type
[INFO] [stdout]     |
[INFO] [stdout] 324 |         for<'a> <T::Summary as Summary>::Context<'a>: Sync, <<T as Item>::Summary as Summary>::Context<'_>: Send
[INFO] [stdout]     |                                                             ++++++++++++++++++++++++++++++++++++++++++++++++++++
[INFO] [stdout] 
[INFO] [stdout] 
[INFO] [stderr]     Checking pathfinder_geometry v0.5.1
[INFO] [stderr]    Compiling gpui-box-macros v0.1.1
[INFO] [stderr]     Checking itertools v0.14.0
[INFO] [stderr]     Checking spin v0.10.1
[INFO] [stdout] For more information about this error, try `rustc --explain E0277`.
[INFO] [stdout] 
[INFO] [stderr] error: could not compile `gpui-box-sum-tree` (lib) due to 4 previous errors
[INFO] [stderr] warning: build failed, waiting for other jobs to finish...
[INFO] running `Command { std: "docker" "inspect" "984a068585eaa2b47bafd91c2dd12fbfdff72e5b45c6f376261036e9843656ac", kill_on_drop: false }`
[INFO] running `Command { std: "docker" "rm" "-f" "984a068585eaa2b47bafd91c2dd12fbfdff72e5b45c6f376261036e9843656ac", kill_on_drop: false }`
[INFO] [stdout] 984a068585eaa2b47bafd91c2dd12fbfdff72e5b45c6f376261036e9843656ac
