[INFO] fetching crate gnat 0.1.11...
[INFO] checking gnat-0.1.11 against c60b92c03ca8a3b101eb9d57f51e2232690638c7 for pr-164148-crater-rollup
[INFO] extracting crate gnat 0.1.11 into /workspace/builds/worker-4-tc2/source
[INFO] started tweaking crates.io crate gnat 0.1.11
[INFO] finished tweaking crates.io crate gnat 0.1.11
[INFO] tweaked toml for crates.io crate gnat 0.1.11 written to /workspace/builds/worker-4-tc2/source/Cargo.toml
[INFO] validating manifest of crates.io crate gnat 0.1.11 on toolchain c60b92c03ca8a3b101eb9d57f51e2232690638c7
[INFO] running `Command { std: CARGO_HOME="/workspace/cargo-home" RUSTUP_HOME="/workspace/rustup-home" "/workspace/cargo-home/bin/cargo" "+c60b92c03ca8a3b101eb9d57f51e2232690638c7" "metadata" "--manifest-path" "Cargo.toml" "--no-deps", kill_on_drop: false }`
[INFO] crate crates.io crate gnat 0.1.11 already has a lockfile, it will not be regenerated
[INFO] running `Command { std: CARGO_HOME="/workspace/cargo-home" RUSTUP_HOME="/workspace/rustup-home" "/workspace/cargo-home/bin/cargo" "+c60b92c03ca8a3b101eb9d57f51e2232690638c7" "fetch" "--manifest-path" "Cargo.toml", kill_on_drop: false }`
[INFO] running `Command { std: "docker" "create" "-v" "/var/lib/crater-agent-workspace/builds/worker-4-tc2/source:/opt/rustwide/workdir:ro,Z" "-v" "/var/lib/crater-agent-workspace/builds/worker-4-tc2/target:/opt/rustwide/target:rw,Z" "-v" "/var/lib/crater-agent-workspace/cargo-home:/opt/rustwide/cargo-home:ro,Z" "-v" "/var/lib/crater-agent-workspace/rustup-home:/opt/rustwide/rustup-home:ro,Z" "-m" "1610612736" "--network" "none" "ghcr.io/rust-lang/crates-build-env/linux@sha256:77db811e55d90add9212f6832c23229e3de5f1c1f9905e8cb07319ea15df73ac" "sleep" "infinity", kill_on_drop: false }`
[INFO] [stdout] d6c1e35e3db4c6e13b3712d3496f701f63157c9f40739d1467f9aa1ca77d91c3
[INFO] running `Command { std: "docker" "start" "d6c1e35e3db4c6e13b3712d3496f701f63157c9f40739d1467f9aa1ca77d91c3", kill_on_drop: false }`
[INFO] running `Command { std: "docker" "inspect" "d6c1e35e3db4c6e13b3712d3496f701f63157c9f40739d1467f9aa1ca77d91c3", kill_on_drop: false }`
[INFO] running `Command { std: "docker" "exec" "-e" "SOURCE_DIR=/opt/rustwide/workdir" "-e" "CARGO_HOME=/opt/rustwide/cargo-home" "-e" "RUSTUP_HOME=/opt/rustwide/rustup-home" "-e" "CARGO_TARGET_DIR=/opt/rustwide/target" "-w" "/opt/rustwide/workdir" "--user" "0:0" "d6c1e35e3db4c6e13b3712d3496f701f63157c9f40739d1467f9aa1ca77d91c3" "/opt/rustwide/cargo-home/bin/cargo" "+c60b92c03ca8a3b101eb9d57f51e2232690638c7" "metadata" "--no-deps" "--format-version=1", kill_on_drop: false }`
[INFO] running `Command { std: "docker" "inspect" "d6c1e35e3db4c6e13b3712d3496f701f63157c9f40739d1467f9aa1ca77d91c3", kill_on_drop: false }`
[INFO] running `Command { std: "docker" "exec" "-e" "SOURCE_DIR=/opt/rustwide/workdir" "-e" "CARGO_HOME=/opt/rustwide/cargo-home" "-e" "RUSTUP_HOME=/opt/rustwide/rustup-home" "-e" "CARGO_TARGET_DIR=/opt/rustwide/target" "-e" "CARGO_INCREMENTAL=0" "-e" "RUST_BACKTRACE=full" "-e" "RUSTFLAGS=--cap-lints=forbid" "-e" "RUSTDOCFLAGS=--cap-lints=forbid" "-w" "/opt/rustwide/workdir" "--user" "0:0" "d6c1e35e3db4c6e13b3712d3496f701f63157c9f40739d1467f9aa1ca77d91c3" "/opt/rustwide/cargo-home/bin/cargo" "+c60b92c03ca8a3b101eb9d57f51e2232690638c7" "check" "--frozen" "--all" "--all-targets" "--message-format=json", kill_on_drop: false }`
[INFO] [stderr]    Compiling generic-upper-bound v3.1.2
[INFO] [stderr]    Compiling rand_core v0.6.4
[INFO] [stderr]    Compiling rustversion v1.0.21
[INFO] [stderr]    Compiling const-util v2.3.0
[INFO] [stderr]     Checking type-const v1.1.2
[INFO] [stderr]    Compiling cfg-if v1.0.3
[INFO] [stderr]    Compiling static_assertions v1.1.0
[INFO] [stderr]    Compiling gnat v0.1.11 (/opt/rustwide/workdir)
[INFO] [stderr]    Compiling num-traits v0.2.19
[INFO] [stderr]    Compiling rand v0.8.5
[INFO] [stderr]    Compiling ibig v0.3.6
[INFO] [stderr]    Compiling gnat-proc v0.1.11
[INFO] [stdout] error[E0493]: destructor of `array::ArrVecApi<array::ArrApi<CopyArrInner<&T, N>, &T>, &T>` cannot be evaluated at compile-time
[INFO] [stdout]   --> src/array/impls/core_impl.rs:32:13
[INFO] [stdout]    |
[INFO] [stdout] 32 |         let mut out = ArrVecApi::<super::CopyArr<_, _>>::new();
[INFO] [stdout]    |             ^^^^^^^ the destructor for this type cannot be evaluated in constant functions
[INFO] [stdout] ...
[INFO] [stdout] 39 |     }
[INFO] [stdout]    |     - value is dropped here
[INFO] [stdout] 
[INFO] [stdout] 
[INFO] [stdout] error[E0493]: destructor of `array::ArrVecApi<array::ArrApi<ArrInner<&mut T, N>, &mut T>, &mut T>` cannot be evaluated at compile-time
[INFO] [stdout]   --> src/array/impls/core_impl.rs:43:13
[INFO] [stdout]    |
[INFO] [stdout] 43 |         let mut out = ArrVec::new();
[INFO] [stdout]    |             ^^^^^^^ the destructor for this type cannot be evaluated in constant functions
[INFO] [stdout] ...
[INFO] [stdout] 50 |     }
[INFO] [stdout]    |     - value is dropped here
[INFO] [stdout] 
[INFO] [stdout] 
[INFO] [stdout] error[E0493]: destructor of `ArrDrop<array::ArrVecApi<A, <A as array::Array>::Item>>` cannot be evaluated at compile-time
[INFO] [stdout]   --> src/__mac/arr.rs:28:26
[INFO] [stdout]    |
[INFO] [stdout] 28 |     pub const fn discard(self) {
[INFO] [stdout]    |                          ^^^^ the destructor for this type cannot be evaluated in constant functions
[INFO] [stdout] ...
[INFO] [stdout] 31 |     }
[INFO] [stdout]    |     - value is dropped here
[INFO] [stdout] 
[INFO] [stdout] 
[INFO] [stdout] error[E0493]: destructor of `ArrDrop<array::ArrDeqApi<A, <A as array::Array>::Item>>` cannot be evaluated at compile-time
[INFO] [stdout]   --> src/__mac/arr.rs:43:26
[INFO] [stdout]    |
[INFO] [stdout] 43 |     pub const fn discard(self) {
[INFO] [stdout]    |                          ^^^^ the destructor for this type cannot be evaluated in constant functions
[INFO] [stdout] ...
[INFO] [stdout] 46 |     }
[INFO] [stdout]    |     - value is dropped here
[INFO] [stdout] 
[INFO] [stdout] 
[INFO] [stdout] error[E0493]: destructor of `array::ArrDeqApi<A, T>` cannot be evaluated at compile-time
[INFO] [stdout]    --> src/array/arr_deq.rs:536:34
[INFO] [stdout]     |
[INFO] [stdout] 536 |     pub const fn into_contiguous(mut self) -> crate::array::ArrVecApi<A> {
[INFO] [stdout]     |                                  ^^^^^^^^ the destructor for this type cannot be evaluated in constant functions
[INFO] [stdout] ...
[INFO] [stdout] 543 |     }
[INFO] [stdout]     |     - value is dropped here
[INFO] [stdout] 
[INFO] [stdout] 
[INFO] [stdout] error[E0493]: destructor of `array::ArrDeqApi<A, T>` cannot be evaluated at compile-time
[INFO] [stdout]    --> src/array/arr_deq.rs:561:30
[INFO] [stdout]     |
[INFO] [stdout] 561 |     pub const fn assert_full(mut self) -> A {
[INFO] [stdout]     |                              ^^^^^^^^ the destructor for this type cannot be evaluated in constant functions
[INFO] [stdout] ...
[INFO] [stdout] 575 |     }
[INFO] [stdout]     |     - value is dropped here
[INFO] [stdout] 
[INFO] [stdout] 
[INFO] [stdout] error[E0493]: destructor of `array::ArrDeqApi<A, T>` cannot be evaluated at compile-time
[INFO] [stdout]    --> src/array/arr_deq.rs:595:31
[INFO] [stdout]     |
[INFO] [stdout] 595 |     pub const fn assert_empty(self) {
[INFO] [stdout]     |                               ^^^^ the destructor for this type cannot be evaluated in constant functions
[INFO] [stdout] ...
[INFO] [stdout] 604 |     }
[INFO] [stdout]     |     - value is dropped here
[INFO] [stdout] 
[INFO] [stdout] 
[INFO] [stdout] error[E0493]: destructor of `array::ArrVecApi<A, T>` cannot be evaluated at compile-time
[INFO] [stdout]    --> src/array/arr_vec.rs:347:30
[INFO] [stdout]     |
[INFO] [stdout] 347 |     pub const fn assert_full(self) -> A {
[INFO] [stdout]     |                              ^^^^ the destructor for this type cannot be evaluated in constant functions
[INFO] [stdout] ...
[INFO] [stdout] 360 |     }
[INFO] [stdout]     |     - value is dropped here
[INFO] [stdout] 
[INFO] [stdout] 
[INFO] [stdout] error[E0493]: destructor of `array::ArrVecApi<A, T>` cannot be evaluated at compile-time
[INFO] [stdout]    --> src/array/arr_vec.rs:384:31
[INFO] [stdout]     |
[INFO] [stdout] 384 |     pub const fn assert_empty(self) {
[INFO] [stdout]     |                               ^^^^ the destructor for this type cannot be evaluated in constant functions
[INFO] [stdout] ...
[INFO] [stdout] 395 |     }
[INFO] [stdout]     |     - value is dropped here
[INFO] [stdout] 
[INFO] [stdout] 
[INFO] [stdout] error[E0493]: destructor of `array::ArrVecApi<A, T>` cannot be evaluated at compile-time
[INFO] [stdout]    --> src/array/arr_vec.rs:515:34
[INFO] [stdout]     |
[INFO] [stdout] 515 |     pub const fn try_retype<Dst>(self) -> Result<ArrVecApi<Dst>, Self>
[INFO] [stdout]     |                                  ^^^^ the destructor for this type cannot be evaluated in constant functions
[INFO] [stdout] ...
[INFO] [stdout] 527 |     }
[INFO] [stdout]     |     - value is dropped here
[INFO] [stdout] 
[INFO] [stdout] 
[INFO] [stdout] For more information about this error, try `rustc --explain E0493`.
[INFO] [stdout] 
[INFO] [stderr] error: could not compile `gnat` (lib) due to 10 previous errors
[INFO] [stderr] warning: build failed, waiting for other jobs to finish...
[INFO] [stdout] error[E0493]: destructor of `array::ArrVecApi<array::ArrApi<CopyArrInner<&T, N>, &T>, &T>` cannot be evaluated at compile-time
[INFO] [stdout]   --> src/array/impls/core_impl.rs:32:13
[INFO] [stdout]    |
[INFO] [stdout] 32 |         let mut out = ArrVecApi::<super::CopyArr<_, _>>::new();
[INFO] [stdout]    |             ^^^^^^^ the destructor for this type cannot be evaluated in constant functions
[INFO] [stdout] ...
[INFO] [stdout] 39 |     }
[INFO] [stdout]    |     - value is dropped here
[INFO] [stdout] 
[INFO] [stdout] 
[INFO] [stdout] error[E0493]: destructor of `array::ArrVecApi<array::ArrApi<ArrInner<&mut T, N>, &mut T>, &mut T>` cannot be evaluated at compile-time
[INFO] [stdout]   --> src/array/impls/core_impl.rs:43:13
[INFO] [stdout]    |
[INFO] [stdout] 43 |         let mut out = ArrVec::new();
[INFO] [stdout]    |             ^^^^^^^ the destructor for this type cannot be evaluated in constant functions
[INFO] [stdout] ...
[INFO] [stdout] 50 |     }
[INFO] [stdout]    |     - value is dropped here
[INFO] [stdout] 
[INFO] [stdout] 
[INFO] [stdout] error[E0493]: destructor of `ArrDrop<array::ArrVecApi<A, <A as array::Array>::Item>>` cannot be evaluated at compile-time
[INFO] [stdout]   --> src/__mac/arr.rs:28:26
[INFO] [stdout]    |
[INFO] [stdout] 28 |     pub const fn discard(self) {
[INFO] [stdout]    |                          ^^^^ the destructor for this type cannot be evaluated in constant functions
[INFO] [stdout] ...
[INFO] [stdout] 31 |     }
[INFO] [stdout]    |     - value is dropped here
[INFO] [stdout] 
[INFO] [stdout] 
[INFO] [stdout] error[E0493]: destructor of `ArrDrop<array::ArrDeqApi<A, <A as array::Array>::Item>>` cannot be evaluated at compile-time
[INFO] [stdout]   --> src/__mac/arr.rs:43:26
[INFO] [stdout]    |
[INFO] [stdout] 43 |     pub const fn discard(self) {
[INFO] [stdout]    |                          ^^^^ the destructor for this type cannot be evaluated in constant functions
[INFO] [stdout] ...
[INFO] [stdout] 46 |     }
[INFO] [stdout]    |     - value is dropped here
[INFO] [stdout] 
[INFO] [stdout] 
[INFO] [stdout] error[E0493]: destructor of `array::ArrDeqApi<A, T>` cannot be evaluated at compile-time
[INFO] [stdout]    --> src/array/arr_deq.rs:536:34
[INFO] [stdout]     |
[INFO] [stdout] 536 |     pub const fn into_contiguous(mut self) -> crate::array::ArrVecApi<A> {
[INFO] [stdout]     |                                  ^^^^^^^^ the destructor for this type cannot be evaluated in constant functions
[INFO] [stdout] ...
[INFO] [stdout] 543 |     }
[INFO] [stdout]     |     - value is dropped here
[INFO] [stdout] 
[INFO] [stdout] 
[INFO] [stdout] error[E0493]: destructor of `array::ArrDeqApi<A, T>` cannot be evaluated at compile-time
[INFO] [stdout]    --> src/array/arr_deq.rs:561:30
[INFO] [stdout]     |
[INFO] [stdout] 561 |     pub const fn assert_full(mut self) -> A {
[INFO] [stdout]     |                              ^^^^^^^^ the destructor for this type cannot be evaluated in constant functions
[INFO] [stdout] ...
[INFO] [stdout] 575 |     }
[INFO] [stdout]     |     - value is dropped here
[INFO] [stdout] 
[INFO] [stdout] 
[INFO] [stdout] error[E0493]: destructor of `array::ArrDeqApi<A, T>` cannot be evaluated at compile-time
[INFO] [stdout]    --> src/array/arr_deq.rs:595:31
[INFO] [stdout]     |
[INFO] [stdout] 595 |     pub const fn assert_empty(self) {
[INFO] [stdout]     |                               ^^^^ the destructor for this type cannot be evaluated in constant functions
[INFO] [stdout] ...
[INFO] [stdout] 604 |     }
[INFO] [stdout]     |     - value is dropped here
[INFO] [stdout] 
[INFO] [stdout] 
[INFO] [stdout] error[E0493]: destructor of `array::ArrVecApi<A, T>` cannot be evaluated at compile-time
[INFO] [stdout]    --> src/array/arr_vec.rs:347:30
[INFO] [stdout]     |
[INFO] [stdout] 347 |     pub const fn assert_full(self) -> A {
[INFO] [stdout]     |                              ^^^^ the destructor for this type cannot be evaluated in constant functions
[INFO] [stdout] ...
[INFO] [stdout] 360 |     }
[INFO] [stdout]     |     - value is dropped here
[INFO] [stdout] 
[INFO] [stdout] 
[INFO] [stdout] error[E0493]: destructor of `array::ArrVecApi<A, T>` cannot be evaluated at compile-time
[INFO] [stdout]    --> src/array/arr_vec.rs:384:31
[INFO] [stdout]     |
[INFO] [stdout] 384 |     pub const fn assert_empty(self) {
[INFO] [stdout]     |                               ^^^^ the destructor for this type cannot be evaluated in constant functions
[INFO] [stdout] ...
[INFO] [stdout] 395 |     }
[INFO] [stdout]     |     - value is dropped here
[INFO] [stdout] 
[INFO] [stdout] 
[INFO] [stdout] error[E0493]: destructor of `array::ArrVecApi<A, T>` cannot be evaluated at compile-time
[INFO] [stdout]    --> src/array/arr_vec.rs:515:34
[INFO] [stdout]     |
[INFO] [stdout] 515 |     pub const fn try_retype<Dst>(self) -> Result<ArrVecApi<Dst>, Self>
[INFO] [stdout]     |                                  ^^^^ the destructor for this type cannot be evaluated in constant functions
[INFO] [stdout] ...
[INFO] [stdout] 527 |     }
[INFO] [stdout]     |     - value is dropped here
[INFO] [stdout] 
[INFO] [stdout] 
[INFO] [stdout] For more information about this error, try `rustc --explain E0493`.
[INFO] [stdout] 
[INFO] [stderr] error: could not compile `gnat` (lib test) due to 10 previous errors
[INFO] running `Command { std: "docker" "inspect" "d6c1e35e3db4c6e13b3712d3496f701f63157c9f40739d1467f9aa1ca77d91c3", kill_on_drop: false }`
[INFO] running `Command { std: "docker" "rm" "-f" "d6c1e35e3db4c6e13b3712d3496f701f63157c9f40739d1467f9aa1ca77d91c3", kill_on_drop: false }`
[INFO] [stdout] d6c1e35e3db4c6e13b3712d3496f701f63157c9f40739d1467f9aa1ca77d91c3
