[INFO] fetching crate gafctl 0.1.1...
[INFO] checking gafctl-0.1.1 against c60b92c03ca8a3b101eb9d57f51e2232690638c7 for pr-164148-crater-rollup
[INFO] extracting crate gafctl 0.1.1 into /workspace/builds/worker-0-tc2/source
[INFO] started tweaking crates.io crate gafctl 0.1.1
[INFO] removed 0 missing tests
[INFO] finished tweaking crates.io crate gafctl 0.1.1
[INFO] tweaked toml for crates.io crate gafctl 0.1.1 written to /workspace/builds/worker-0-tc2/source/Cargo.toml
[INFO] validating manifest of crates.io crate gafctl 0.1.1 on toolchain c60b92c03ca8a3b101eb9d57f51e2232690638c7
[INFO] running `Command { std: CARGO_HOME="/workspace/cargo-home" RUSTUP_HOME="/workspace/rustup-home" "/workspace/cargo-home/bin/cargo" "+c60b92c03ca8a3b101eb9d57f51e2232690638c7" "metadata" "--manifest-path" "Cargo.toml" "--no-deps", kill_on_drop: false }`
[INFO] crate crates.io crate gafctl 0.1.1 already has a lockfile, it will not be regenerated
[INFO] running `Command { std: CARGO_HOME="/workspace/cargo-home" RUSTUP_HOME="/workspace/rustup-home" "/workspace/cargo-home/bin/cargo" "+c60b92c03ca8a3b101eb9d57f51e2232690638c7" "fetch" "--manifest-path" "Cargo.toml", kill_on_drop: false }`
[INFO] [stderr]     Blocking waiting for file lock on package cache
[INFO] running `Command { std: "docker" "create" "-v" "/var/lib/crater-agent-workspace/builds/worker-0-tc2/source:/opt/rustwide/workdir:ro,Z" "-v" "/var/lib/crater-agent-workspace/builds/worker-0-tc2/target:/opt/rustwide/target:rw,Z" "-v" "/var/lib/crater-agent-workspace/cargo-home:/opt/rustwide/cargo-home:ro,Z" "-v" "/var/lib/crater-agent-workspace/rustup-home:/opt/rustwide/rustup-home:ro,Z" "-m" "1610612736" "--network" "none" "ghcr.io/rust-lang/crates-build-env/linux@sha256:77db811e55d90add9212f6832c23229e3de5f1c1f9905e8cb07319ea15df73ac" "sleep" "infinity", kill_on_drop: false }`
[INFO] [stdout] 63c125261947fff1d36c2b483d6fa1a9cc2869ee9ef8829e045eebfdc59e5f7b
[INFO] running `Command { std: "docker" "start" "63c125261947fff1d36c2b483d6fa1a9cc2869ee9ef8829e045eebfdc59e5f7b", kill_on_drop: false }`
[INFO] running `Command { std: "docker" "inspect" "63c125261947fff1d36c2b483d6fa1a9cc2869ee9ef8829e045eebfdc59e5f7b", kill_on_drop: false }`
[INFO] running `Command { std: "docker" "exec" "-e" "SOURCE_DIR=/opt/rustwide/workdir" "-e" "CARGO_HOME=/opt/rustwide/cargo-home" "-e" "RUSTUP_HOME=/opt/rustwide/rustup-home" "-e" "CARGO_TARGET_DIR=/opt/rustwide/target" "-w" "/opt/rustwide/workdir" "--user" "0:0" "63c125261947fff1d36c2b483d6fa1a9cc2869ee9ef8829e045eebfdc59e5f7b" "/opt/rustwide/cargo-home/bin/cargo" "+c60b92c03ca8a3b101eb9d57f51e2232690638c7" "metadata" "--no-deps" "--format-version=1", kill_on_drop: false }`
[INFO] running `Command { std: "docker" "inspect" "63c125261947fff1d36c2b483d6fa1a9cc2869ee9ef8829e045eebfdc59e5f7b", kill_on_drop: false }`
[INFO] running `Command { std: "docker" "exec" "-e" "SOURCE_DIR=/opt/rustwide/workdir" "-e" "CARGO_HOME=/opt/rustwide/cargo-home" "-e" "RUSTUP_HOME=/opt/rustwide/rustup-home" "-e" "CARGO_TARGET_DIR=/opt/rustwide/target" "-e" "CARGO_INCREMENTAL=0" "-e" "RUST_BACKTRACE=full" "-e" "RUSTFLAGS=--cap-lints=forbid" "-e" "RUSTDOCFLAGS=--cap-lints=forbid" "-w" "/opt/rustwide/workdir" "--user" "0:0" "63c125261947fff1d36c2b483d6fa1a9cc2869ee9ef8829e045eebfdc59e5f7b" "/opt/rustwide/cargo-home/bin/cargo" "+c60b92c03ca8a3b101eb9d57f51e2232690638c7" "check" "--frozen" "--all" "--all-targets" "--message-format=json", kill_on_drop: false }`
[INFO] [stderr]    Compiling unicode-ident v1.0.26
[INFO] [stderr]     Checking slab v0.4.12
[INFO] [stderr]     Checking smallvec v1.16.2
[INFO] [stderr]    Compiling serde_core v1.0.229
[INFO] [stderr]    Compiling libc v0.2.189
[INFO] [stderr]    Compiling libdbus-sys v0.2.7
[INFO] [stderr]     Checking errno v0.3.14
[INFO] [stderr]     Checking bitflags v2.13.2
[INFO] [stderr]    Compiling rustls v0.23.45
[INFO] [stderr]     Checking regex-syntax v0.8.11
[INFO] [stderr]     Checking getrandom v0.4.3
[INFO] [stderr]     Checking base64 v0.23.1
[INFO] [stderr]     Checking spin v0.9.9
[INFO] [stderr]    Compiling proc-macro2 v1.0.107
[INFO] [stderr]     Checking form_urlencoded v1.2.2
[INFO] [stderr]     Checking clap_lex v1.1.1
[INFO] [stderr]     Checking either v1.18.0
[INFO] [stderr]     Checking xml v1.4.0
[INFO] [stderr]    Compiling rustix v1.1.5
[INFO] [stderr]     Checking signal-hook-registry v1.4.8
[INFO] [stderr]     Checking clap_builder v4.6.7
[INFO] [stderr]     Checking rustls-native-certs v0.8.4
[INFO] [stderr]     Checking fixedbitset v0.5.7
[INFO] [stderr]     Checking parking_lot_core v0.9.12
[INFO] [stderr]    Compiling anyhow v1.0.104
[INFO] [stderr]     Checking backon v1.6.0
[INFO] [stderr]     Checking predicates-core v1.0.10
[INFO] [stderr]     Checking termtree v0.5.1
[INFO] [stderr]    Compiling assert_cmd v2.2.2
[INFO] [stderr]     Checking difflib v0.4.0
[INFO] [stderr]     Checking itertools v0.14.0
[INFO] [stderr]     Checking wait-timeout v0.2.1
[INFO] [stderr]     Checking predicates-tree v1.0.13
[INFO] [stderr]     Checking predicates v3.1.4
[INFO] [stderr]     Checking flume v0.12.0
[INFO] [stderr]     Checking dashmap v6.2.1
[INFO] [stderr]    Compiling quote v1.0.47
[INFO] [stderr]    Compiling jobserver v0.1.35
[INFO] [stderr]    Compiling syn v3.0.6
[INFO] [stderr]    Compiling syn v2.0.119
[INFO] [stderr]    Compiling cc v1.5.1
[INFO] [stderr]     Checking regex-automata v0.4.18
[INFO] [stderr]    Compiling cmake v0.1.58
[INFO] [stderr]     Checking serde_json v1.0.151
[INFO] [stderr]     Checking uuid v1.26.1
[INFO] [stderr]     Checking serde_path_to_error v0.1.20
[INFO] [stderr]     Checking tempfile v3.27.0
[INFO] [stderr]    Compiling aws-lc-sys v0.45.0
[INFO] [stderr]     Checking matchers v0.2.0
[INFO] [stderr]     Checking bstr v1.13.1
[INFO] [stderr]    Compiling tracing-attributes v0.1.31
[INFO] [stderr]    Compiling strum_macros v0.28.0
[INFO] [stderr]    Compiling synstructure v0.14.0
[INFO] [stderr]    Compiling futures-macro v0.3.34
[INFO] [stderr]    Compiling tokio-macros v2.7.2
[INFO] [stderr]    Compiling zerofrom-derive v0.1.8
[INFO] [stderr]    Compiling yoke-derive v0.8.4
[INFO] [stderr]    Compiling zerovec-derive v0.11.6
[INFO] [stderr]    Compiling displaydoc v0.2.7
[INFO] [stderr]    Compiling thiserror-impl v2.0.21
[INFO] [stderr]    Compiling serde_derive v1.0.229
[INFO] [stderr]    Compiling clap_derive v4.6.7
[INFO] [stderr]    Compiling async-trait v0.1.92
[INFO] [stderr]     Checking tracing v0.1.44
[INFO] [stderr]     Checking axum-core v0.5.6
[INFO] [stderr]     Checking futures-util v0.3.34
[INFO] [stderr]     Checking tokio v1.53.1
[INFO] [stderr]     Checking strum v0.28.0
[INFO] [stderr]     Checking zerofrom v0.1.8
[INFO] [stderr]     Checking yoke v0.8.3
[INFO] [stderr]     Checking thiserror v2.0.21
[INFO] [stderr]     Checking mqttbytes-core-next v0.34.0
[INFO] [stderr]     Checking zerovec v0.11.8
[INFO] [stderr]     Checking zerotrie v0.2.5
[INFO] [stderr]     Checking clap v4.6.7
[INFO] [stderr]     Checking clap_complete v4.6.11
[INFO] [stderr]     Checking tinystr v0.8.4
[INFO] [stderr]     Checking potential_utf v0.1.6
[INFO] [stderr]     Checking icu_collections v2.3.0
[INFO] [stderr]     Checking icu_locale_core v2.3.0
[INFO] [stderr]     Checking serde v1.0.229
[INFO] [stderr]     Checking icu_provider v2.3.1
[INFO] [stderr]     Checking serde-xml-rs v0.8.2
[INFO] [stderr]     Checking tracing-serde v0.2.0
[INFO] [stderr]     Checking tracing-subscriber v0.3.23
[INFO] [stderr]     Checking icu_normalizer v2.3.0
[INFO] [stderr]     Checking icu_properties v2.3.0
[INFO] [stderr]     Checking idna_adapter v1.2.2
[INFO] [stderr]     Checking idna v1.1.0
[INFO] [stderr]     Checking url v2.5.8
[INFO] [stderr]     Checking dbus v0.9.12
[INFO] [stderr]     Checking futures-executor v0.3.34
[INFO] [stderr]     Checking futures v0.3.34
[INFO] [stderr]    Compiling aws-lc-rs v1.18.1
[INFO] [stderr]     Checking tokio-util v0.7.19
[INFO] [stderr]     Checking hyper v1.11.1
[INFO] [stderr]     Checking tower v0.5.3
[INFO] [stderr]     Checking rumqttc-core-next v0.34.0
[INFO] [stderr]     Checking bluez-generated v0.4.0
[INFO] [stderr]     Checking dbus-tokio v0.7.6
[INFO] [stderr]     Checking bluez-async v0.8.2
[INFO] [stderr]     Checking tower-http v0.6.11
[INFO] [stderr]     Checking rumqttc-v5-next v0.34.0
[INFO] [stderr]     Checking tokio-stream v0.1.19
[INFO] [stderr]     Checking btleplug v0.13.3
[INFO] [stderr]     Checking hyper-util v0.1.21
[INFO] [stderr]     Checking rustls-webpki v0.103.15
[INFO] [stdout] error[E0493]: destructor of `SubscribeFilterInput` cannot be evaluated at compile-time
[INFO] [stdout]    --> /opt/rustwide/cargo-home/registry/src/index.crates.io-1949cf8c6b5b557f/rumqttc-v5-next-0.34.0/src/client.rs:232:27
[INFO] [stdout]     |
[INFO] [stdout] 232 |     pub const fn no_local(mut self, no_local: bool) -> Self {
[INFO] [stdout]     |                           ^^^^^^^^ the destructor for this type cannot be evaluated in constant functions
[INFO] [stdout] ...
[INFO] [stdout] 235 |     }
[INFO] [stdout]     |     - value is dropped here
[INFO] [stdout]     |
[INFO] [stdout]     = note: see issue #133214 <https://github.com/rust-lang/rust/issues/133214> for more information
[INFO] [stdout]     = help: add `#![feature(const_destruct)]` to the crate attributes to enable
[INFO] [stdout]     = note: this compiler was built on 2026-10-11; consider upgrading it if it is out of date
[INFO] [stdout] 
[INFO] [stdout] 
[INFO] [stdout] error[E0493]: destructor of `SubscribeFilterInput` cannot be evaluated at compile-time
[INFO] [stdout]    --> /opt/rustwide/cargo-home/registry/src/index.crates.io-1949cf8c6b5b557f/rumqttc-v5-next-0.34.0/src/client.rs:239:34
[INFO] [stdout]     |
[INFO] [stdout] 239 |     pub const fn preserve_retain(mut self, preserve_retain: bool) -> Self {
[INFO] [stdout]     |                                  ^^^^^^^^ the destructor for this type cannot be evaluated in constant functions
[INFO] [stdout] ...
[INFO] [stdout] 242 |     }
[INFO] [stdout]     |     - value is dropped here
[INFO] [stdout]     |
[INFO] [stdout]     = note: see issue #133214 <https://github.com/rust-lang/rust/issues/133214> for more information
[INFO] [stdout]     = help: add `#![feature(const_destruct)]` to the crate attributes to enable
[INFO] [stdout]     = note: this compiler was built on 2026-10-11; consider upgrading it if it is out of date
[INFO] [stdout] 
[INFO] [stdout] 
[INFO] [stdout] error[E0493]: destructor of `SubscribeFilterInput` cannot be evaluated at compile-time
[INFO] [stdout]    --> /opt/rustwide/cargo-home/registry/src/index.crates.io-1949cf8c6b5b557f/rumqttc-v5-next-0.34.0/src/client.rs:246:38
[INFO] [stdout]     |
[INFO] [stdout] 246 |     pub const fn retain_forward_rule(mut self, retain_forward_rule: RetainForwardRule) -> Self {
[INFO] [stdout]     |                                      ^^^^^^^^ the destructor for this type cannot be evaluated in constant functions
[INFO] [stdout] ...
[INFO] [stdout] 249 |     }
[INFO] [stdout]     |     - value is dropped here
[INFO] [stdout]     |
[INFO] [stdout]     = note: see issue #133214 <https://github.com/rust-lang/rust/issues/133214> for more information
[INFO] [stdout]     = help: add `#![feature(const_destruct)]` to the crate attributes to enable
[INFO] [stdout]     = note: this compiler was built on 2026-10-11; consider upgrading it if it is out of date
[INFO] [stdout] 
[INFO] [stdout] 
[INFO] [stdout] error[E0493]: destructor of `MqttOptions` cannot be evaluated at compile-time
[INFO] [stdout]    --> /opt/rustwide/cargo-home/registry/src/index.crates.io-1949cf8c6b5b557f/rumqttc-v5-next-0.34.0/src/client.rs:550:22
[INFO] [stdout]     |
[INFO] [stdout] 550 |     pub const fn new(options: MqttOptions) -> Self {
[INFO] [stdout]     |                      ^^^^^^^ the destructor for this type cannot be evaluated in constant functions
[INFO] [stdout] ...
[INFO] [stdout] 553 |     }
[INFO] [stdout]     |     - value is dropped here
[INFO] [stdout] 
[INFO] [stdout] 
[INFO] [stdout] error[E0493]: destructor of `MqttOptions` cannot be evaluated at compile-time
[INFO] [stdout]    --> /opt/rustwide/cargo-home/registry/src/index.crates.io-1949cf8c6b5b557f/rumqttc-v5-next-0.34.0/src/client.rs:610:22
[INFO] [stdout]     |
[INFO] [stdout] 610 |     pub const fn new(options: MqttOptions) -> Self {
[INFO] [stdout]     |                      ^^^^^^^ the destructor for this type cannot be evaluated in constant functions
[INFO] [stdout] ...
[INFO] [stdout] 613 |     }
[INFO] [stdout]     |     - value is dropped here
[INFO] [stdout] 
[INFO] [stdout] 
[INFO] [stderr]     Checking axum v0.8.9
[INFO] [stdout] error[E0493]: destructor of `MqttOptionsBuilder` cannot be evaluated at compile-time
[INFO] [stdout]     --> /opt/rustwide/cargo-home/registry/src/index.crates.io-1949cf8c6b5b557f/rumqttc-v5-next-0.34.0/src/lib.rs:1903:28
[INFO] [stdout]      |
[INFO] [stdout] 1903 |     pub const fn transport(mut self, transport: Transport) -> Self {
[INFO] [stdout]      |                            ^^^^^^^^ the destructor for this type cannot be evaluated in constant functions
[INFO] [stdout] ...
[INFO] [stdout] 1906 |     }
[INFO] [stdout]      |     - value is dropped here
[INFO] [stdout] 
[INFO] [stdout] 
[INFO] [stdout] error[E0493]: destructor of `MqttOptionsBuilder` cannot be evaluated at compile-time
[INFO] [stdout]     --> /opt/rustwide/cargo-home/registry/src/index.crates.io-1949cf8c6b5b557f/rumqttc-v5-next-0.34.0/src/lib.rs:1925:30
[INFO] [stdout]      |
[INFO] [stdout] 1925 |     pub const fn clean_start(mut self, clean_start: bool) -> Self {
[INFO] [stdout]      |                              ^^^^^^^^ the destructor for this type cannot be evaluated in constant functions
[INFO] [stdout] ...
[INFO] [stdout] 1928 |     }
[INFO] [stdout]      |     - value is dropped here
[INFO] [stdout] 
[INFO] [stdout] 
[INFO] [stdout] error[E0493]: destructor of `MqttOptionsBuilder` cannot be evaluated at compile-time
[INFO] [stdout]     --> /opt/rustwide/cargo-home/registry/src/index.crates.io-1949cf8c6b5b557f/rumqttc-v5-next-0.34.0/src/lib.rs:1939:47
[INFO] [stdout]      |
[INFO] [stdout] 1939 |     pub const fn broker_session_resume_policy(mut self, policy: BrokerSessionResumePolicy) -> Self {
[INFO] [stdout]      |                                               ^^^^^^^^ the destructor for this type cannot be evaluated in constant functions
[INFO] [stdout] ...
[INFO] [stdout] 1942 |     }
[INFO] [stdout]      |     - value is dropped here
[INFO] [stdout] 
[INFO] [stdout] 
[INFO] [stdout] error[E0493]: destructor of `MqttOptionsBuilder` cannot be evaluated at compile-time
[INFO] [stdout]     --> /opt/rustwide/cargo-home/registry/src/index.crates.io-1949cf8c6b5b557f/rumqttc-v5-next-0.34.0/src/lib.rs:2015:43
[INFO] [stdout]      |
[INFO] [stdout] 2015 |     pub const fn request_channel_capacity(mut self, capacity: usize) -> Self {
[INFO] [stdout]      |                                           ^^^^^^^^ the destructor for this type cannot be evaluated in constant functions
[INFO] [stdout] ...
[INFO] [stdout] 2018 |     }
[INFO] [stdout]      |     - value is dropped here
[INFO] [stdout] 
[INFO] [stdout] 
[INFO] [stdout] error[E0493]: destructor of `MqttOptionsBuilder` cannot be evaluated at compile-time
[INFO] [stdout]     --> /opt/rustwide/cargo-home/registry/src/index.crates.io-1949cf8c6b5b557f/rumqttc-v5-next-0.34.0/src/lib.rs:2022:36
[INFO] [stdout]      |
[INFO] [stdout] 2022 |     pub const fn max_request_batch(mut self, max: usize) -> Self {
[INFO] [stdout]      |                                    ^^^^^^^^ the destructor for this type cannot be evaluated in constant functions
[INFO] [stdout] ...
[INFO] [stdout] 2025 |     }
[INFO] [stdout]      |     - value is dropped here
[INFO] [stdout] 
[INFO] [stdout] 
[INFO] [stdout] error[E0493]: destructor of `MqttOptionsBuilder` cannot be evaluated at compile-time
[INFO] [stdout]     --> /opt/rustwide/cargo-home/registry/src/index.crates.io-1949cf8c6b5b557f/rumqttc-v5-next-0.34.0/src/lib.rs:2029:34
[INFO] [stdout]      |
[INFO] [stdout] 2029 |     pub const fn read_batch_size(mut self, size: usize) -> Self {
[INFO] [stdout]      |                                  ^^^^^^^^ the destructor for this type cannot be evaluated in constant functions
[INFO] [stdout] ...
[INFO] [stdout] 2032 |     }
[INFO] [stdout]      |     - value is dropped here
[INFO] [stdout] 
[INFO] [stdout] 
[INFO] [stdout] error[E0493]: destructor of `MqttOptionsBuilder` cannot be evaluated at compile-time
[INFO] [stdout]     --> /opt/rustwide/cargo-home/registry/src/index.crates.io-1949cf8c6b5b557f/rumqttc-v5-next-0.34.0/src/lib.rs:2036:35
[INFO] [stdout]      |
[INFO] [stdout] 2036 |     pub const fn pending_throttle(mut self, duration: Duration) -> Self {
[INFO] [stdout]      |                                   ^^^^^^^^ the destructor for this type cannot be evaluated in constant functions
[INFO] [stdout] ...
[INFO] [stdout] 2039 |     }
[INFO] [stdout]      |     - value is dropped here
[INFO] [stdout] 
[INFO] [stdout] 
[INFO] [stdout] error[E0493]: destructor of `MqttOptionsBuilder` cannot be evaluated at compile-time
[INFO] [stdout]     --> /opt/rustwide/cargo-home/registry/src/index.crates.io-1949cf8c6b5b557f/rumqttc-v5-next-0.34.0/src/lib.rs:2043:34
[INFO] [stdout]      |
[INFO] [stdout] 2043 |     pub const fn connect_timeout(mut self, timeout: Duration) -> Self {
[INFO] [stdout]      |                                  ^^^^^^^^ the destructor for this type cannot be evaluated in constant functions
[INFO] [stdout] ...
[INFO] [stdout] 2046 |     }
[INFO] [stdout]      |     - value is dropped here
[INFO] [stdout] 
[INFO] [stdout] 
[INFO] [stdout] error[E0493]: destructor of `MqttOptionsBuilder` cannot be evaluated at compile-time
[INFO] [stdout]     --> /opt/rustwide/cargo-home/registry/src/index.crates.io-1949cf8c6b5b557f/rumqttc-v5-next-0.34.0/src/lib.rs:2099:37
[INFO] [stdout]      |
[INFO] [stdout] 2099 |     pub const fn topic_alias_policy(mut self, topic_alias_policy: TopicAliasPolicy) -> Self {
[INFO] [stdout]      |                                     ^^^^^^^^ the destructor for this type cannot be evaluated in constant functions
[INFO] [stdout] ...
[INFO] [stdout] 2102 |     }
[INFO] [stdout]      |     - value is dropped here
[INFO] [stdout] 
[INFO] [stdout] 
[INFO] [stdout] error[E0493]: destructor of `MqttOptionsBuilder` cannot be evaluated at compile-time
[INFO] [stdout]     --> /opt/rustwide/cargo-home/registry/src/index.crates.io-1949cf8c6b5b557f/rumqttc-v5-next-0.34.0/src/lib.rs:2143:27
[INFO] [stdout]      |
[INFO] [stdout] 2143 |     pub const fn ack_mode(mut self, ack_mode: AckMode) -> Self {
[INFO] [stdout]      |                           ^^^^^^^^ the destructor for this type cannot be evaluated in constant functions
[INFO] [stdout] ...
[INFO] [stdout] 2146 |     }
[INFO] [stdout]      |     - value is dropped here
[INFO] [stdout] 
[INFO] [stdout] 
[INFO] [stdout] error[E0493]: destructor of `MqttOptionsBuilder` cannot be evaluated at compile-time
[INFO] [stdout]     --> /opt/rustwide/cargo-home/registry/src/index.crates.io-1949cf8c6b5b557f/rumqttc-v5-next-0.34.0/src/lib.rs:2174:48
[INFO] [stdout]      |
[INFO] [stdout] 2174 |     pub const fn outgoing_inflight_upper_limit(mut self, limit: u16) -> Self {
[INFO] [stdout]      |                                                ^^^^^^^^ the destructor for this type cannot be evaluated in constant functions
[INFO] [stdout] ...
[INFO] [stdout] 2177 |     }
[INFO] [stdout]      |     - value is dropped here
[INFO] [stdout] 
[INFO] [stdout] 
[INFO] [stdout] For more information about this error, try `rustc --explain E0493`.
[INFO] [stdout] 
[INFO] [stderr] error: could not compile `rumqttc-v5-next` (lib) due to 16 previous errors
[INFO] [stderr] warning: build failed, waiting for other jobs to finish...
[INFO] running `Command { std: "docker" "inspect" "63c125261947fff1d36c2b483d6fa1a9cc2869ee9ef8829e045eebfdc59e5f7b", kill_on_drop: false }`
[INFO] running `Command { std: "docker" "rm" "-f" "63c125261947fff1d36c2b483d6fa1a9cc2869ee9ef8829e045eebfdc59e5f7b", kill_on_drop: false }`
[INFO] [stdout] 63c125261947fff1d36c2b483d6fa1a9cc2869ee9ef8829e045eebfdc59e5f7b
