[INFO] fetching crate fi-verifiable-data 0.0.6...
[INFO] checking fi-verifiable-data-0.0.6 against c60b92c03ca8a3b101eb9d57f51e2232690638c7 for pr-164148-crater-rollup
[INFO] extracting crate fi-verifiable-data 0.0.6 into /workspace/builds/worker-3-tc2/source
[INFO] started tweaking crates.io crate fi-verifiable-data 0.0.6
[INFO] removed 0 missing tests
[INFO] finished tweaking crates.io crate fi-verifiable-data 0.0.6
[INFO] tweaked toml for crates.io crate fi-verifiable-data 0.0.6 written to /workspace/builds/worker-3-tc2/source/Cargo.toml
[INFO] validating manifest of crates.io crate fi-verifiable-data 0.0.6 on toolchain c60b92c03ca8a3b101eb9d57f51e2232690638c7
[INFO] running `Command { std: CARGO_HOME="/workspace/cargo-home" RUSTUP_HOME="/workspace/rustup-home" "/workspace/cargo-home/bin/cargo" "+c60b92c03ca8a3b101eb9d57f51e2232690638c7" "metadata" "--manifest-path" "Cargo.toml" "--no-deps", kill_on_drop: false }`
[INFO] running `Command { std: CARGO_HOME="/workspace/cargo-home" RUSTUP_HOME="/workspace/rustup-home" "/workspace/cargo-home/bin/cargo" "+c60b92c03ca8a3b101eb9d57f51e2232690638c7" "generate-lockfile" "--manifest-path" "Cargo.toml", kill_on_drop: false }`
[INFO] [stderr]     Updating crates.io index
[INFO] [stderr]      Locking 121 packages to highest compatible versions
[INFO] [stderr]       Adding crypto-common v0.1.6 (available: v0.1.7)
[INFO] [stderr]       Adding fi-digital-signatures v0.0.5 (available: v0.0.7)
[INFO] [stderr]       Adding minicov v0.3.8 (available: v0.3.9)
[INFO] running `Command { std: CARGO_HOME="/workspace/cargo-home" RUSTUP_HOME="/workspace/rustup-home" "/workspace/cargo-home/bin/cargo" "+c60b92c03ca8a3b101eb9d57f51e2232690638c7" "fetch" "--manifest-path" "Cargo.toml", kill_on_drop: false }`
[INFO] [stderr]     Blocking waiting for file lock on package cache
[INFO] running `Command { std: "docker" "create" "-v" "/var/lib/crater-agent-workspace/builds/worker-3-tc2/source:/opt/rustwide/workdir:ro,Z" "-v" "/var/lib/crater-agent-workspace/builds/worker-3-tc2/target:/opt/rustwide/target:rw,Z" "-v" "/var/lib/crater-agent-workspace/cargo-home:/opt/rustwide/cargo-home:ro,Z" "-v" "/var/lib/crater-agent-workspace/rustup-home:/opt/rustwide/rustup-home:ro,Z" "-m" "1610612736" "--network" "none" "ghcr.io/rust-lang/crates-build-env/linux@sha256:77db811e55d90add9212f6832c23229e3de5f1c1f9905e8cb07319ea15df73ac" "sleep" "infinity", kill_on_drop: false }`
[INFO] [stdout] 0ff808149e00abcae5f8c9b3add2b2dd9088d5ddaa32389c257c3dbc311a42fc
[INFO] running `Command { std: "docker" "start" "0ff808149e00abcae5f8c9b3add2b2dd9088d5ddaa32389c257c3dbc311a42fc", kill_on_drop: false }`
[INFO] running `Command { std: "docker" "inspect" "0ff808149e00abcae5f8c9b3add2b2dd9088d5ddaa32389c257c3dbc311a42fc", kill_on_drop: false }`
[INFO] running `Command { std: "docker" "exec" "-e" "SOURCE_DIR=/opt/rustwide/workdir" "-e" "CARGO_HOME=/opt/rustwide/cargo-home" "-e" "RUSTUP_HOME=/opt/rustwide/rustup-home" "-e" "CARGO_TARGET_DIR=/opt/rustwide/target" "-w" "/opt/rustwide/workdir" "--user" "0:0" "0ff808149e00abcae5f8c9b3add2b2dd9088d5ddaa32389c257c3dbc311a42fc" "/opt/rustwide/cargo-home/bin/cargo" "+c60b92c03ca8a3b101eb9d57f51e2232690638c7" "metadata" "--no-deps" "--format-version=1", kill_on_drop: false }`
[INFO] running `Command { std: "docker" "inspect" "0ff808149e00abcae5f8c9b3add2b2dd9088d5ddaa32389c257c3dbc311a42fc", kill_on_drop: false }`
[INFO] running `Command { std: "docker" "exec" "-e" "SOURCE_DIR=/opt/rustwide/workdir" "-e" "CARGO_HOME=/opt/rustwide/cargo-home" "-e" "RUSTUP_HOME=/opt/rustwide/rustup-home" "-e" "CARGO_TARGET_DIR=/opt/rustwide/target" "-e" "CARGO_INCREMENTAL=0" "-e" "RUST_BACKTRACE=full" "-e" "RUSTFLAGS=--cap-lints=forbid" "-e" "RUSTDOCFLAGS=--cap-lints=forbid" "-w" "/opt/rustwide/workdir" "--user" "0:0" "0ff808149e00abcae5f8c9b3add2b2dd9088d5ddaa32389c257c3dbc311a42fc" "/opt/rustwide/cargo-home/bin/cargo" "+c60b92c03ca8a3b101eb9d57f51e2232690638c7" "check" "--frozen" "--all" "--all-targets" "--message-format=json", kill_on_drop: false }`
[INFO] [stderr]     Checking zeroize v1.9.1
[INFO] [stderr]     Checking typenum v1.20.1
[INFO] [stderr]     Checking const-oid v0.9.6
[INFO] [stderr]    Compiling libc v0.2.191
[INFO] [stderr]     Checking subtle v2.6.1
[INFO] [stderr]     Checking base64ct v1.8.3
[INFO] [stderr]    Compiling wasm-bindgen-shared v0.2.129
[INFO] [stderr]    Compiling serde_core v1.0.229
[INFO] [stderr]    Compiling rustversion v1.0.23
[INFO] [stderr]    Compiling generic-array v0.14.9
[INFO] [stderr]    Compiling num-traits v0.2.19
[INFO] [stderr]     Checking base16ct v0.2.0
[INFO] [stderr]    Compiling zmij v1.0.23
[INFO] [stderr]     Checking cpufeatures v0.2.17
[INFO] [stderr]    Compiling serde_json v1.0.154
[INFO] [stderr]    Compiling syn v3.0.9
[INFO] [stderr]    Compiling serde v1.0.229
[INFO] [stderr]    Compiling bumpalo v3.20.3
[INFO] [stderr]    Compiling zerocopy v0.8.63
[INFO] [stderr]     Checking once_cell v1.21.4
[INFO] [stderr]     Checking itoa v1.0.18
[INFO] [stderr]     Checking memchr v2.8.3
[INFO] [stderr]     Checking unicode-ident v1.0.27
[INFO] [stderr]     Checking pem-rfc7468 v0.7.0
[INFO] [stderr]     Checking futures-task v0.3.34
[INFO] [stderr]    Compiling semver v1.0.28
[INFO] [stderr]     Checking pin-project-lite v0.2.17
[INFO] [stderr]     Checking slab v0.4.12
[INFO] [stderr]     Checking der v0.7.10
[INFO] [stderr]     Checking futures-core v0.3.34
[INFO] [stderr]    Compiling syn v2.0.119
[INFO] [stderr]    Compiling num-bigint-dig v0.8.6
[INFO] [stderr]     Checking spin v0.9.9
[INFO] [stderr]     Checking smallvec v1.16.3
[INFO] [stderr]     Checking lazy_static v1.5.1
[INFO] [stderr]     Checking futures-util v0.3.34
[INFO] [stderr]     Checking iana-time-zone v0.1.65
[INFO] [stderr]     Checking nu-ansi-term v0.50.3
[INFO] [stderr]    Compiling rustc_version v0.4.1
[INFO] [stderr]     Checking wasm-bindgen-test-shared v0.2.129
[INFO] [stderr]     Checking base64 v0.22.1
[INFO] [stderr]     Checking oorandom v11.1.5
[INFO] [stderr]     Checking cast v0.3.0
[INFO] [stderr]     Checking hex v0.4.3
[INFO] [stderr]     Checking num-integer v0.1.47
[INFO] [stderr]     Checking chrono v0.4.45
[INFO] [stderr]    Compiling wasm-bindgen v0.2.129
[INFO] [stderr]    Compiling curve25519-dalek v4.1.3
[INFO] [stderr]     Checking num-iter v0.1.46
[INFO] [stderr]     Checking base64-url v3.0.4
[INFO] [stderr]     Checking spki v0.7.3
[INFO] [stderr]     Checking pkcs8 v0.10.2
[INFO] [stderr]     Checking pkcs1 v0.7.5
[INFO] [stderr]     Checking getrandom v0.2.17
[INFO] [stderr]     Checking generic-array v1.4.5
[INFO] [stderr]     Checking rand_core v0.6.4
[INFO] [stderr]     Checking ff v0.13.1
[INFO] [stderr]     Checking group v0.13.0
[INFO] [stdout] error[E0493]: destructor of `ArrayBuilder<T, N>` cannot be evaluated at compile-time
[INFO] [stdout]    --> /opt/rustwide/cargo-home/registry/src/index.crates.io-1949cf8c6b5b557f/generic-array-1.4.5/src/internal.rs:103:31
[INFO] [stdout]     |
[INFO] [stdout] 103 |     pub unsafe fn assume_init(self) -> GenericArray<T, N> {
[INFO] [stdout]     |                               ^^^^ the destructor for this type cannot be evaluated in constant functions
[INFO] [stdout] ...
[INFO] [stdout] 109 |     }
[INFO] [stdout]     |     - value is dropped here
[INFO] [stdout] 
[INFO] [stdout] 
[INFO] [stdout] error[E0493]: destructor of `GenericArray<core::mem::MaybeUninit<*const T>, N>` cannot be evaluated at compile-time
[INFO] [stdout]    --> /opt/rustwide/cargo-home/registry/src/index.crates.io-1949cf8c6b5b557f/generic-array-1.4.5/src/lib.rs:983:13
[INFO] [stdout]     |
[INFO] [stdout] 983 |         let mut out: GenericArray<MaybeUninit<*const T>, N> = GenericArray::uninit();
[INFO] [stdout]     |             ^^^^^^^ the destructor for this type cannot be evaluated in constant functions
[INFO] [stdout] ...
[INFO] [stdout] 998 |     }
[INFO] [stdout]     |     - value is dropped here
[INFO] [stdout] 
[INFO] [stdout] 
[INFO] [stdout] error[E0493]: destructor of `GenericArray<core::mem::MaybeUninit<*mut T>, N>` cannot be evaluated at compile-time
[INFO] [stdout]     --> /opt/rustwide/cargo-home/registry/src/index.crates.io-1949cf8c6b5b557f/generic-array-1.4.5/src/lib.rs:1018:13
[INFO] [stdout]      |
[INFO] [stdout] 1018 |         let mut out: GenericArray<MaybeUninit<*mut T>, N> = GenericArray::uninit();
[INFO] [stdout]      |             ^^^^^^^ the destructor for this type cannot be evaluated in constant functions
[INFO] [stdout] ...
[INFO] [stdout] 1033 |     }
[INFO] [stdout]      |     - value is dropped here
[INFO] [stdout] 
[INFO] [stdout] 
[INFO] [stdout] For more information about this error, try `rustc --explain E0493`.
[INFO] [stdout] 
[INFO] [stderr] error: could not compile `generic-array` (lib) due to 3 previous errors
[INFO] [stderr] warning: build failed, waiting for other jobs to finish...
[INFO] running `Command { std: "docker" "inspect" "0ff808149e00abcae5f8c9b3add2b2dd9088d5ddaa32389c257c3dbc311a42fc", kill_on_drop: false }`
[INFO] running `Command { std: "docker" "rm" "-f" "0ff808149e00abcae5f8c9b3add2b2dd9088d5ddaa32389c257c3dbc311a42fc", kill_on_drop: false }`
[INFO] [stdout] 0ff808149e00abcae5f8c9b3add2b2dd9088d5ddaa32389c257c3dbc311a42fc
