[INFO] fetching crate fc-gpui-sum-tree 0.6.0...
[INFO] checking fc-gpui-sum-tree-0.6.0 against c60b92c03ca8a3b101eb9d57f51e2232690638c7 for pr-164148-crater-rollup
[INFO] extracting crate fc-gpui-sum-tree 0.6.0 into /workspace/builds/worker-0-tc2/source
[INFO] started tweaking crates.io crate fc-gpui-sum-tree 0.6.0
[INFO] finished tweaking crates.io crate fc-gpui-sum-tree 0.6.0
[INFO] tweaked toml for crates.io crate fc-gpui-sum-tree 0.6.0 written to /workspace/builds/worker-0-tc2/source/Cargo.toml
[INFO] validating manifest of crates.io crate fc-gpui-sum-tree 0.6.0 on toolchain c60b92c03ca8a3b101eb9d57f51e2232690638c7
[INFO] running `Command { std: CARGO_HOME="/workspace/cargo-home" RUSTUP_HOME="/workspace/rustup-home" "/workspace/cargo-home/bin/cargo" "+c60b92c03ca8a3b101eb9d57f51e2232690638c7" "metadata" "--manifest-path" "Cargo.toml" "--no-deps", kill_on_drop: false }`
[INFO] crate crates.io crate fc-gpui-sum-tree 0.6.0 already has a lockfile, it will not be regenerated
[INFO] running `Command { std: CARGO_HOME="/workspace/cargo-home" RUSTUP_HOME="/workspace/rustup-home" "/workspace/cargo-home/bin/cargo" "+c60b92c03ca8a3b101eb9d57f51e2232690638c7" "fetch" "--manifest-path" "Cargo.toml", kill_on_drop: false }`
[INFO] running `Command { std: "docker" "create" "-v" "/var/lib/crater-agent-workspace/builds/worker-0-tc2/source:/opt/rustwide/workdir:ro,Z" "-v" "/var/lib/crater-agent-workspace/builds/worker-0-tc2/target:/opt/rustwide/target:rw,Z" "-v" "/var/lib/crater-agent-workspace/cargo-home:/opt/rustwide/cargo-home:ro,Z" "-v" "/var/lib/crater-agent-workspace/rustup-home:/opt/rustwide/rustup-home:ro,Z" "-m" "1610612736" "--network" "none" "ghcr.io/rust-lang/crates-build-env/linux@sha256:77db811e55d90add9212f6832c23229e3de5f1c1f9905e8cb07319ea15df73ac" "sleep" "infinity", kill_on_drop: false }`
[INFO] [stdout] a6330ddbe4d2ed43922d25d96b971423bb0e807e56b7409be45120178d2afe17
[INFO] running `Command { std: "docker" "start" "a6330ddbe4d2ed43922d25d96b971423bb0e807e56b7409be45120178d2afe17", kill_on_drop: false }`
[INFO] running `Command { std: "docker" "inspect" "a6330ddbe4d2ed43922d25d96b971423bb0e807e56b7409be45120178d2afe17", kill_on_drop: false }`
[INFO] running `Command { std: "docker" "exec" "-e" "SOURCE_DIR=/opt/rustwide/workdir" "-e" "CARGO_HOME=/opt/rustwide/cargo-home" "-e" "RUSTUP_HOME=/opt/rustwide/rustup-home" "-e" "CARGO_TARGET_DIR=/opt/rustwide/target" "-w" "/opt/rustwide/workdir" "--user" "0:0" "a6330ddbe4d2ed43922d25d96b971423bb0e807e56b7409be45120178d2afe17" "/opt/rustwide/cargo-home/bin/cargo" "+c60b92c03ca8a3b101eb9d57f51e2232690638c7" "metadata" "--no-deps" "--format-version=1", kill_on_drop: false }`
[INFO] running `Command { std: "docker" "inspect" "a6330ddbe4d2ed43922d25d96b971423bb0e807e56b7409be45120178d2afe17", kill_on_drop: false }`
[INFO] running `Command { std: "docker" "exec" "-e" "SOURCE_DIR=/opt/rustwide/workdir" "-e" "CARGO_HOME=/opt/rustwide/cargo-home" "-e" "RUSTUP_HOME=/opt/rustwide/rustup-home" "-e" "CARGO_TARGET_DIR=/opt/rustwide/target" "-e" "CARGO_INCREMENTAL=0" "-e" "RUST_BACKTRACE=full" "-e" "RUSTFLAGS=--cap-lints=forbid" "-e" "RUSTDOCFLAGS=--cap-lints=forbid" "-w" "/opt/rustwide/workdir" "--user" "0:0" "a6330ddbe4d2ed43922d25d96b971423bb0e807e56b7409be45120178d2afe17" "/opt/rustwide/cargo-home/bin/cargo" "+c60b92c03ca8a3b101eb9d57f51e2232690638c7" "check" "--frozen" "--all" "--all-targets" "--message-format=json", kill_on_drop: false }`
[INFO] [stderr]    Compiling serde_core v1.0.229
[INFO] [stderr]    Compiling typeid v1.0.3
[INFO] [stderr]    Compiling erased-serde v0.4.10
[INFO] [stderr]    Compiling libc v0.2.190
[INFO] [stderr]    Compiling zerocopy v0.8.59
[INFO] [stderr]     Checking regex-syntax v0.8.11
[INFO] [stderr]     Checking anstyle-parse v1.0.0
[INFO] [stderr]     Checking colorchoice v1.0.5
[INFO] [stderr]     Checking jiff-core v0.1.1
[INFO] [stderr]    Compiling linktime-proc-macro v0.2.3
[INFO] [stderr]     Checking link-section v0.19.3
[INFO] [stderr]     Checking anstream v1.0.0
[INFO] [stderr]     Checking ctor v1.0.13
[INFO] [stderr]     Checking jiff v0.2.37
[INFO] [stderr]     Checking regex-automata v0.4.18
[INFO] [stderr]     Checking getrandom v0.3.4
[INFO] [stderr]     Checking rand_core v0.9.5
[INFO] [stderr]     Checking regex v1.13.1
[INFO] [stderr]     Checking serde_fmt v1.1.0
[INFO] [stderr]     Checking value-bag-serde1 v1.14.1
[INFO] [stderr]     Checking value-bag v1.14.1
[INFO] [stderr]     Checking log v0.4.34
[INFO] [stderr]     Checking env_filter v2.0.0
[INFO] [stderr]     Checking fc-gpui-sum-tree v0.6.0 (/opt/rustwide/workdir)
[INFO] [stderr]     Checking env_logger v0.11.11
[INFO] [stdout] error[E0277]: `<<T as Item>::Summary as Summary>::Context<'_>` cannot be sent between threads safely
[INFO] [stdout]    --> src/sum_tree.rs:307:18
[INFO] [stdout]     |
[INFO] [stdout] 307 |               .map(|items| {
[INFO] [stdout]     |                --- ^------
[INFO] [stdout]     |                |   |
[INFO] [stdout]     |  ______________|___within this `{closure@src/sum_tree.rs:307:18: 307:25}`
[INFO] [stdout]     | |              |
[INFO] [stdout]     | |              required by a bound introduced by this call
[INFO] [stdout] 308 | |                 let items: ArrayVec<T, { 2 * TREE_BASE }> = items.into_iter().collect();
[INFO] [stdout] 309 | |                 let item_summaries: ArrayVec<T::Summary, { 2 * TREE_BASE }> =
[INFO] [stdout] 310 | |                     items.iter().map(|item| item.summary(cx)).collect();
[INFO] [stdout] ...   |
[INFO] [stdout] 319 | |                 }))
[INFO] [stdout] 320 | |             })
[INFO] [stdout]     | |_____________^ `<<T as Item>::Summary as Summary>::Context<'_>` cannot be sent between threads safely
[INFO] [stdout]     |
[INFO] [stdout]     = help: within `{closure@src/sum_tree.rs:307:18: 307:25}`, the trait `Send` is not implemented for `<<T as Item>::Summary as Summary>::Context<'_>`
[INFO] [stdout] note: required because `cx` is used within this closure
[INFO] [stdout]    --> src/sum_tree.rs:310:58
[INFO] [stdout]     |
[INFO] [stdout] 310 |                     items.iter().map(|item| item.summary(cx)).collect();
[INFO] [stdout]     |                                                          ^^
[INFO] [stdout] note: required by a bound in `rayon::iter::ParallelIterator::map`
[INFO] [stdout]    --> /opt/rustwide/cargo-home/registry/src/index.crates.io-1949cf8c6b5b557f/rayon-1.12.0/src/iter/mod.rs:595:41
[INFO] [stdout]     |
[INFO] [stdout] 357 | pub trait ParallelIterator: Sized + Send {
[INFO] [stdout] ...
[INFO] [stdout] 593 |     fn map<F, R>(self, map_op: F) -> Map<Self, F>
[INFO] [stdout] 594 |     where
[INFO] [stdout] 595 |         F: Fn(Self::Item) -> R + Sync + Send,
[INFO] [stdout]     |                                         ^^^^ required by this bound in `ParallelIterator::map`
[INFO] [stdout] help: consider further restricting the associated type
[INFO] [stdout]     |
[INFO] [stdout] 302 |         for<'a> <T::Summary as Summary>::Context<'a>: Sync, <<T as Item>::Summary as Summary>::Context<'_>: Send
[INFO] [stdout]     |                                                             ++++++++++++++++++++++++++++++++++++++++++++++++++++
[INFO] [stdout] 
[INFO] [stdout] 
[INFO] [stdout] error[E0277]: `<<T as Item>::Summary as Summary>::Context<'_>` cannot be sent between threads safely
[INFO] [stdout]    --> src/sum_tree.rs:304:25
[INFO] [stdout]     |
[INFO] [stdout] 304 |           let mut nodes = iter
[INFO] [stdout]     |  _________________________^
[INFO] [stdout] 305 | |             .into_par_iter()
[INFO] [stdout] 306 | |             .chunks(2 * TREE_BASE)
[INFO] [stdout] 307 | |             .map(|items| {
[INFO] [stdout]     | |                  ------- within this `{closure@src/sum_tree.rs:307:18: 307:25}`
[INFO] [stdout] ...   |
[INFO] [stdout] 320 | |             })
[INFO] [stdout] 321 | |             .collect::<Vec<_>>();
[INFO] [stdout]     | |________________________________^ `<<T as Item>::Summary as Summary>::Context<'_>` cannot be sent between threads safely
[INFO] [stdout]     |
[INFO] [stdout]     = help: within `{closure@src/sum_tree.rs:307:18: 307:25}`, the trait `Send` is not implemented for `<<T as Item>::Summary as Summary>::Context<'_>`
[INFO] [stdout] note: required because `cx` is used within this closure
[INFO] [stdout]    --> src/sum_tree.rs:310:58
[INFO] [stdout]     |
[INFO] [stdout] 310 |                     items.iter().map(|item| item.summary(cx)).collect();
[INFO] [stdout]     |                                                          ^^
[INFO] [stdout]     = note: required for `rayon::iter::Map<rayon::iter::Chunks<Iter>, {closure@src/sum_tree.rs:307:18: 307:25}>` to implement `rayon::iter::ParallelIterator`
[INFO] [stdout] help: consider further restricting the associated type
[INFO] [stdout]     |
[INFO] [stdout] 302 |         for<'a> <T::Summary as Summary>::Context<'a>: Sync, <<T as Item>::Summary as Summary>::Context<'_>: Send
[INFO] [stdout]     |                                                             ++++++++++++++++++++++++++++++++++++++++++++++++++++
[INFO] [stdout] 
[INFO] [stdout] 
[INFO] [stdout] error[E0277]: `<<T as Item>::Summary as Summary>::Context<'_>` cannot be sent between threads safely
[INFO] [stdout]    --> src/sum_tree.rs:329:22
[INFO] [stdout]     |
[INFO] [stdout] 329 |                   .map(|child_nodes| {
[INFO] [stdout]     |                    --- ^------------
[INFO] [stdout]     |                    |   |
[INFO] [stdout]     |  __________________|___within this `{closure@src/sum_tree.rs:329:22: 329:35}`
[INFO] [stdout]     | |                  |
[INFO] [stdout]     | |                  required by a bound introduced by this call
[INFO] [stdout] 330 | |                     let child_trees: ArrayVec<SumTree<T>, { 2 * TREE_BASE }> =
[INFO] [stdout] 331 | |                         child_nodes.into_iter().collect();
[INFO] [stdout] 332 | |                     let child_summaries: ArrayVec<T::Summary, { 2 * TREE_BASE }> = child_trees
[INFO] [stdout] ...   |
[INFO] [stdout] 345 | |                     }))
[INFO] [stdout] 346 | |                 })
[INFO] [stdout]     | |_________________^ `<<T as Item>::Summary as Summary>::Context<'_>` cannot be sent between threads safely
[INFO] [stdout]     |
[INFO] [stdout]     = help: within `{closure@src/sum_tree.rs:329:22: 329:35}`, the trait `Send` is not implemented for `<<T as Item>::Summary as Summary>::Context<'_>`
[INFO] [stdout] note: required because `cx` is used within this closure
[INFO] [stdout]    --> src/sum_tree.rs:338:91
[INFO] [stdout]     |
[INFO] [stdout] 338 |                         <T::Summary as Summary>::add_summary(&mut summary, child_summary, cx);
[INFO] [stdout]     |                                                                                           ^^
[INFO] [stdout] note: required by a bound in `rayon::iter::ParallelIterator::map`
[INFO] [stdout]    --> /opt/rustwide/cargo-home/registry/src/index.crates.io-1949cf8c6b5b557f/rayon-1.12.0/src/iter/mod.rs:595:41
[INFO] [stdout]     |
[INFO] [stdout] 357 | pub trait ParallelIterator: Sized + Send {
[INFO] [stdout] ...
[INFO] [stdout] 593 |     fn map<F, R>(self, map_op: F) -> Map<Self, F>
[INFO] [stdout] 594 |     where
[INFO] [stdout] 595 |         F: Fn(Self::Item) -> R + Sync + Send,
[INFO] [stdout]     |                                         ^^^^ required by this bound in `ParallelIterator::map`
[INFO] [stdout] help: consider further restricting the associated type
[INFO] [stdout]     |
[INFO] [stdout] 302 |         for<'a> <T::Summary as Summary>::Context<'a>: Sync, <<T as Item>::Summary as Summary>::Context<'_>: Send
[INFO] [stdout]     |                                                             ++++++++++++++++++++++++++++++++++++++++++++++++++++
[INFO] [stdout] 
[INFO] [stdout] 
[INFO] [stdout] error[E0277]: `<<T as Item>::Summary as Summary>::Context<'_>` cannot be sent between threads safely
[INFO] [stdout]    --> src/sum_tree.rs:326:21
[INFO] [stdout]     |
[INFO] [stdout] 326 |               nodes = nodes
[INFO] [stdout]     |  _____________________^
[INFO] [stdout] 327 | |                 .into_par_iter()
[INFO] [stdout] 328 | |                 .chunks(2 * TREE_BASE)
[INFO] [stdout] 329 | |                 .map(|child_nodes| {
[INFO] [stdout]     | |                      ------------- within this `{closure@src/sum_tree.rs:329:22: 329:35}`
[INFO] [stdout] ...   |
[INFO] [stdout] 346 | |                 })
[INFO] [stdout] 347 | |                 .collect::<Vec<_>>();
[INFO] [stdout]     | |____________________________________^ `<<T as Item>::Summary as Summary>::Context<'_>` cannot be sent between threads safely
[INFO] [stdout]     |
[INFO] [stdout]     = help: within `{closure@src/sum_tree.rs:329:22: 329:35}`, the trait `Send` is not implemented for `<<T as Item>::Summary as Summary>::Context<'_>`
[INFO] [stdout] note: required because `cx` is used within this closure
[INFO] [stdout]    --> src/sum_tree.rs:338:91
[INFO] [stdout]     |
[INFO] [stdout] 338 |                         <T::Summary as Summary>::add_summary(&mut summary, child_summary, cx);
[INFO] [stdout]     |                                                                                           ^^
[INFO] [stdout]     = note: required for `Map<Chunks<IntoIter<SumTree<T>>>, {closure@sum_tree.rs:329:22}>` to implement `rayon::iter::ParallelIterator`
[INFO] [stdout]     = note: the full name for the type has been written to '/opt/rustwide/target/debug/build/fc-gpui-sum-tree/14ede3a524fab94d/out/fc_gpui_sum_tree-14ede3a524fab94d.long-type-6374394193191866084.txt'
[INFO] [stdout]     = note: consider using `--verbose` to print the full type name to the console
[INFO] [stdout] help: consider further restricting the associated type
[INFO] [stdout]     |
[INFO] [stdout] 302 |         for<'a> <T::Summary as Summary>::Context<'a>: Sync, <<T as Item>::Summary as Summary>::Context<'_>: Send
[INFO] [stdout]     |                                                             ++++++++++++++++++++++++++++++++++++++++++++++++++++
[INFO] [stdout] 
[INFO] [stdout] 
[INFO] [stdout] For more information about this error, try `rustc --explain E0277`.
[INFO] [stdout] 
[INFO] [stderr] error: could not compile `fc-gpui-sum-tree` (lib) due to 4 previous errors
[INFO] [stderr] warning: build failed, waiting for other jobs to finish...
[INFO] running `Command { std: "docker" "inspect" "a6330ddbe4d2ed43922d25d96b971423bb0e807e56b7409be45120178d2afe17", kill_on_drop: false }`
[INFO] running `Command { std: "docker" "rm" "-f" "a6330ddbe4d2ed43922d25d96b971423bb0e807e56b7409be45120178d2afe17", kill_on_drop: false }`
[INFO] [stdout] a6330ddbe4d2ed43922d25d96b971423bb0e807e56b7409be45120178d2afe17
