[INFO] fetching crate dm-database-installer 1.2.10...
[INFO] checking dm-database-installer-1.2.10 against c60b92c03ca8a3b101eb9d57f51e2232690638c7 for pr-164148-crater-rollup
[INFO] extracting crate dm-database-installer 1.2.10 into /workspace/builds/worker-3-tc2/source
[INFO] removed /workspace/builds/worker-3-tc2/source/.cargo/config.toml
[INFO] started tweaking crates.io crate dm-database-installer 1.2.10
[INFO] finished tweaking crates.io crate dm-database-installer 1.2.10
[INFO] tweaked toml for crates.io crate dm-database-installer 1.2.10 written to /workspace/builds/worker-3-tc2/source/Cargo.toml
[INFO] validating manifest of crates.io crate dm-database-installer 1.2.10 on toolchain c60b92c03ca8a3b101eb9d57f51e2232690638c7
[INFO] running `Command { std: CARGO_HOME="/workspace/cargo-home" RUSTUP_HOME="/workspace/rustup-home" "/workspace/cargo-home/bin/cargo" "+c60b92c03ca8a3b101eb9d57f51e2232690638c7" "metadata" "--manifest-path" "Cargo.toml" "--no-deps", kill_on_drop: false }`
[INFO] crate crates.io crate dm-database-installer 1.2.10 already has a lockfile, it will not be regenerated
[INFO] running `Command { std: CARGO_HOME="/workspace/cargo-home" RUSTUP_HOME="/workspace/rustup-home" "/workspace/cargo-home/bin/cargo" "+c60b92c03ca8a3b101eb9d57f51e2232690638c7" "fetch" "--manifest-path" "Cargo.toml", kill_on_drop: false }`
[INFO] running `Command { std: "docker" "create" "-v" "/var/lib/crater-agent-workspace/builds/worker-3-tc2/source:/opt/rustwide/workdir:ro,Z" "-v" "/var/lib/crater-agent-workspace/builds/worker-3-tc2/target:/opt/rustwide/target:rw,Z" "-v" "/var/lib/crater-agent-workspace/cargo-home:/opt/rustwide/cargo-home:ro,Z" "-v" "/var/lib/crater-agent-workspace/rustup-home:/opt/rustwide/rustup-home:ro,Z" "-m" "1610612736" "--network" "none" "ghcr.io/rust-lang/crates-build-env/linux@sha256:77db811e55d90add9212f6832c23229e3de5f1c1f9905e8cb07319ea15df73ac" "sleep" "infinity", kill_on_drop: false }`
[INFO] [stdout] 7411332f414573a38bbe40354610dfe8b466ef6fa5172cb08c94e1d9b2ba2fbd
[INFO] running `Command { std: "docker" "start" "7411332f414573a38bbe40354610dfe8b466ef6fa5172cb08c94e1d9b2ba2fbd", kill_on_drop: false }`
[INFO] running `Command { std: "docker" "inspect" "7411332f414573a38bbe40354610dfe8b466ef6fa5172cb08c94e1d9b2ba2fbd", kill_on_drop: false }`
[INFO] running `Command { std: "docker" "exec" "-e" "SOURCE_DIR=/opt/rustwide/workdir" "-e" "CARGO_HOME=/opt/rustwide/cargo-home" "-e" "RUSTUP_HOME=/opt/rustwide/rustup-home" "-e" "CARGO_TARGET_DIR=/opt/rustwide/target" "-w" "/opt/rustwide/workdir" "--user" "0:0" "7411332f414573a38bbe40354610dfe8b466ef6fa5172cb08c94e1d9b2ba2fbd" "/opt/rustwide/cargo-home/bin/cargo" "+c60b92c03ca8a3b101eb9d57f51e2232690638c7" "metadata" "--no-deps" "--format-version=1", kill_on_drop: false }`
[INFO] running `Command { std: "docker" "inspect" "7411332f414573a38bbe40354610dfe8b466ef6fa5172cb08c94e1d9b2ba2fbd", kill_on_drop: false }`
[INFO] running `Command { std: "docker" "exec" "-e" "SOURCE_DIR=/opt/rustwide/workdir" "-e" "CARGO_HOME=/opt/rustwide/cargo-home" "-e" "RUSTUP_HOME=/opt/rustwide/rustup-home" "-e" "CARGO_TARGET_DIR=/opt/rustwide/target" "-e" "CARGO_INCREMENTAL=0" "-e" "RUST_BACKTRACE=full" "-e" "RUSTFLAGS=--cap-lints=forbid" "-e" "RUSTDOCFLAGS=--cap-lints=forbid" "-w" "/opt/rustwide/workdir" "--user" "0:0" "7411332f414573a38bbe40354610dfe8b466ef6fa5172cb08c94e1d9b2ba2fbd" "/opt/rustwide/cargo-home/bin/cargo" "+c60b92c03ca8a3b101eb9d57f51e2232690638c7" "check" "--frozen" "--all" "--all-targets" "--message-format=json", kill_on_drop: false }`
[INFO] [stderr]     Checking zeroize v1.8.2
[INFO] [stderr]     Checking subtle v2.6.1
[INFO] [stderr]    Compiling getrandom v0.4.2
[INFO] [stderr]    Compiling num-traits v0.2.19
[INFO] [stderr]     Checking mio v1.2.1
[INFO] [stderr]     Checking socket2 v0.6.4
[INFO] [stderr]     Checking parking_lot_core v0.9.12
[INFO] [stderr]    Compiling cc v1.2.63
[INFO] [stderr]     Checking bitflags v2.13.0
[INFO] [stderr]    Compiling aws-lc-rs v1.17.0
[INFO] [stderr]     Checking futures-util v0.3.32
[INFO] [stderr]     Checking yoke v0.8.3
[INFO] [stderr]     Checking http v1.4.2
[INFO] [stderr]    Compiling rustls v0.23.40
[INFO] [stderr]    Compiling curve25519-dalek v5.0.0-rc.0
[INFO] [stderr]     Checking getrandom v0.2.17
[INFO] [stderr]     Checking zerovec v0.11.6
[INFO] [stderr]     Checking der v0.8.0
[INFO] [stderr]     Checking ctutils v0.4.2
[INFO] [stderr]     Checking ff v0.14.0
[INFO] [stderr]     Checking zerotrie v0.2.4
[INFO] [stderr]     Checking rustls-pki-types v1.14.1
[INFO] [stderr]    Compiling nix v0.31.3
[INFO] [stderr]     Checking parking_lot v0.12.5
[INFO] [stderr]    Compiling curve25519-dalek-derive v0.1.1
[INFO] [stderr]     Checking simd-adler32 v0.3.9
[INFO] [stderr]     Checking rustix v1.1.4
[INFO] [stderr]     Checking group v0.14.0
[INFO] [stderr]     Checking tracing v0.1.44
[INFO] [stderr]     Checking tokio v1.52.3
[INFO] [stderr]     Checking keccak v0.2.0
[INFO] [stderr]     Checking fiat-crypto v0.3.0
[INFO] [stderr]    Compiling portable-atomic v1.13.1
[INFO] [stderr]     Checking miniz_oxide v0.8.9
[INFO] [stderr]     Checking hybrid-array v0.4.12
[INFO] [stderr]     Checking serde v1.0.228
[INFO] [stderr]     Checking rand_core v0.6.4
[INFO] [stderr]     Checking rustls-native-certs v0.8.4
[INFO] [stderr]     Checking bumpalo v3.20.3
[INFO] [stderr]     Checking winnow v1.0.3
[INFO] [stderr]    Compiling zip v2.4.2
[INFO] [stderr]     Checking console v0.16.3
[INFO] [stderr]     Checking zopfli v0.8.3
[INFO] [stderr]     Checking http-body v1.0.1
[INFO] [stderr]     Checking tinystr v0.8.3
[INFO] [stderr]     Checking potential_utf v0.1.5
[INFO] [stderr]     Checking num-integer v0.1.46
[INFO] [stderr]     Checking http-body-util v0.1.3
[INFO] [stderr]     Checking icu_collections v2.2.0
[INFO] [stderr]     Checking icu_locale_core v2.2.0
[INFO] [stderr]     Checking toml_parser v1.1.2+spec-1.1.0
[INFO] [stderr]     Checking flate2 v1.1.9
[INFO] [stderr]     Checking chrono v0.4.45
[INFO] [stderr]    Compiling cmake v0.1.58
[INFO] [stderr]     Checking num-bigint v0.4.6
[INFO] [stderr]     Checking dashmap v6.2.1
[INFO] [stderr]    Compiling enum_dispatch v0.3.13
[INFO] [stderr]     Checking digest v0.10.7
[INFO] [stderr]     Checking rand_chacha v0.3.1
[INFO] [stderr]     Checking serde_json v1.0.150
[INFO] [stderr]     Checking spki v0.8.0
[INFO] [stderr]     Checking generic-array v1.4.3
[INFO] [stderr]    Compiling delegate v0.13.5
[INFO] [stderr]     Checking serde_bytes v0.11.19
[INFO] [stderr]     Checking serde_spanned v1.1.1
[INFO] [stderr]     Checking toml_datetime v1.1.1+spec-1.1.0
[INFO] [stderr]     Checking filetime v0.2.29
[INFO] [stderr]     Checking rtoolbox v0.0.5
[INFO] [stderr]    Compiling aws-lc-sys v0.41.0
[INFO] [stderr]    Compiling ring v0.17.14
[INFO] [stderr]     Checking toml_writer v1.1.1+spec-1.1.0
[INFO] [stderr]     Checking icu_provider v2.2.0
[INFO] [stderr]     Checking hex-literal v1.1.0
[INFO] [stderr]     Checking unit-prefix v0.5.2
[INFO] [stderr]     Checking md5 v0.8.0
[INFO] [stderr]     Checking data-encoding v2.11.0
[INFO] [stderr]     Checking toml v1.1.2+spec-1.1.0
[INFO] [stderr]     Checking indicatif v0.18.4
[INFO] [stderr]     Checking crypto-common v0.2.2
[INFO] [stdout] error[E0493]: destructor of `ArrayBuilder<T, N>` cannot be evaluated at compile-time
[INFO] [stdout]    --> /opt/rustwide/cargo-home/registry/src/index.crates.io-1949cf8c6b5b557f/generic-array-1.4.3/src/internal.rs:103:31
[INFO] [stdout]     |
[INFO] [stdout] 103 |     pub unsafe fn assume_init(self) -> GenericArray<T, N> {
[INFO] [stdout]     |                               ^^^^ the destructor for this type cannot be evaluated in constant functions
[INFO] [stdout] ...
[INFO] [stdout] 109 |     }
[INFO] [stdout]     |     - value is dropped here
[INFO] [stdout] 
[INFO] [stdout] 
[INFO] [stderr]     Checking block-buffer v0.12.1
[INFO] [stdout] error[E0493]: destructor of `GenericArray<core::mem::MaybeUninit<*const T>, N>` cannot be evaluated at compile-time
[INFO] [stdout]    --> /opt/rustwide/cargo-home/registry/src/index.crates.io-1949cf8c6b5b557f/generic-array-1.4.3/src/lib.rs:970:13
[INFO] [stdout]     |
[INFO] [stdout] 970 |         let mut out: GenericArray<MaybeUninit<*const T>, N> = GenericArray::uninit();
[INFO] [stdout]     |             ^^^^^^^ the destructor for this type cannot be evaluated in constant functions
[INFO] [stdout] ...
[INFO] [stdout] 985 |     }
[INFO] [stdout]     |     - value is dropped here
[INFO] [stdout] 
[INFO] [stdout] 
[INFO] [stdout] error[E0493]: destructor of `GenericArray<core::mem::MaybeUninit<*mut T>, N>` cannot be evaluated at compile-time
[INFO] [stdout]     --> /opt/rustwide/cargo-home/registry/src/index.crates.io-1949cf8c6b5b557f/generic-array-1.4.3/src/lib.rs:1005:13
[INFO] [stdout]      |
[INFO] [stdout] 1005 |         let mut out: GenericArray<MaybeUninit<*mut T>, N> = GenericArray::uninit();
[INFO] [stdout]      |             ^^^^^^^ the destructor for this type cannot be evaluated in constant functions
[INFO] [stdout] ...
[INFO] [stdout] 1020 |     }
[INFO] [stdout]      |     - value is dropped here
[INFO] [stdout] 
[INFO] [stdout] 
[INFO] [stdout] For more information about this error, try `rustc --explain E0493`.
[INFO] [stdout] 
[INFO] [stderr] error: could not compile `generic-array` (lib) due to 3 previous errors
[INFO] [stderr] warning: build failed, waiting for other jobs to finish...
[INFO] running `Command { std: "docker" "inspect" "7411332f414573a38bbe40354610dfe8b466ef6fa5172cb08c94e1d9b2ba2fbd", kill_on_drop: false }`
[INFO] running `Command { std: "docker" "rm" "-f" "7411332f414573a38bbe40354610dfe8b466ef6fa5172cb08c94e1d9b2ba2fbd", kill_on_drop: false }`
[INFO] [stdout] 7411332f414573a38bbe40354610dfe8b466ef6fa5172cb08c94e1d9b2ba2fbd
