[INFO] fetching crate dioxus-hooks-plus 0.2.1...
[INFO] checking dioxus-hooks-plus-0.2.1 against c60b92c03ca8a3b101eb9d57f51e2232690638c7 for pr-164148-crater-rollup
[INFO] extracting crate dioxus-hooks-plus 0.2.1 into /workspace/builds/worker-1-tc2/source
[INFO] started tweaking crates.io crate dioxus-hooks-plus 0.2.1
[INFO] finished tweaking crates.io crate dioxus-hooks-plus 0.2.1
[INFO] tweaked toml for crates.io crate dioxus-hooks-plus 0.2.1 written to /workspace/builds/worker-1-tc2/source/Cargo.toml
[INFO] validating manifest of crates.io crate dioxus-hooks-plus 0.2.1 on toolchain c60b92c03ca8a3b101eb9d57f51e2232690638c7
[INFO] running `Command { std: CARGO_HOME="/workspace/cargo-home" RUSTUP_HOME="/workspace/rustup-home" "/workspace/cargo-home/bin/cargo" "+c60b92c03ca8a3b101eb9d57f51e2232690638c7" "metadata" "--manifest-path" "Cargo.toml" "--no-deps", kill_on_drop: false }`
[INFO] running `Command { std: CARGO_HOME="/workspace/cargo-home" RUSTUP_HOME="/workspace/rustup-home" "/workspace/cargo-home/bin/cargo" "+c60b92c03ca8a3b101eb9d57f51e2232690638c7" "generate-lockfile" "--manifest-path" "Cargo.toml", kill_on_drop: false }`
[INFO] [stderr]     Blocking waiting for file lock on package cache
[INFO] [stderr]     Updating crates.io index
[INFO] [stderr]      Locking 181 packages to highest compatible versions
[INFO] running `Command { std: CARGO_HOME="/workspace/cargo-home" RUSTUP_HOME="/workspace/rustup-home" "/workspace/cargo-home/bin/cargo" "+c60b92c03ca8a3b101eb9d57f51e2232690638c7" "fetch" "--manifest-path" "Cargo.toml", kill_on_drop: false }`
[INFO] running `Command { std: "docker" "create" "-v" "/var/lib/crater-agent-workspace/builds/worker-1-tc2/source:/opt/rustwide/workdir:ro,Z" "-v" "/var/lib/crater-agent-workspace/builds/worker-1-tc2/target:/opt/rustwide/target:rw,Z" "-v" "/var/lib/crater-agent-workspace/cargo-home:/opt/rustwide/cargo-home:ro,Z" "-v" "/var/lib/crater-agent-workspace/rustup-home:/opt/rustwide/rustup-home:ro,Z" "-m" "1610612736" "--network" "none" "ghcr.io/rust-lang/crates-build-env/linux@sha256:77db811e55d90add9212f6832c23229e3de5f1c1f9905e8cb07319ea15df73ac" "sleep" "infinity", kill_on_drop: false }`
[INFO] [stdout] a0c96bd29d582167537800f71c76e993448b597aa3bdca5974b5416d9b0f6c3d
[INFO] running `Command { std: "docker" "start" "a0c96bd29d582167537800f71c76e993448b597aa3bdca5974b5416d9b0f6c3d", kill_on_drop: false }`
[INFO] running `Command { std: "docker" "inspect" "a0c96bd29d582167537800f71c76e993448b597aa3bdca5974b5416d9b0f6c3d", kill_on_drop: false }`
[INFO] running `Command { std: "docker" "exec" "-e" "SOURCE_DIR=/opt/rustwide/workdir" "-e" "CARGO_HOME=/opt/rustwide/cargo-home" "-e" "RUSTUP_HOME=/opt/rustwide/rustup-home" "-e" "CARGO_TARGET_DIR=/opt/rustwide/target" "-w" "/opt/rustwide/workdir" "--user" "0:0" "a0c96bd29d582167537800f71c76e993448b597aa3bdca5974b5416d9b0f6c3d" "/opt/rustwide/cargo-home/bin/cargo" "+c60b92c03ca8a3b101eb9d57f51e2232690638c7" "metadata" "--no-deps" "--format-version=1", kill_on_drop: false }`
[INFO] running `Command { std: "docker" "inspect" "a0c96bd29d582167537800f71c76e993448b597aa3bdca5974b5416d9b0f6c3d", kill_on_drop: false }`
[INFO] running `Command { std: "docker" "exec" "-e" "SOURCE_DIR=/opt/rustwide/workdir" "-e" "CARGO_HOME=/opt/rustwide/cargo-home" "-e" "RUSTUP_HOME=/opt/rustwide/rustup-home" "-e" "CARGO_TARGET_DIR=/opt/rustwide/target" "-e" "CARGO_INCREMENTAL=0" "-e" "RUST_BACKTRACE=full" "-e" "RUSTFLAGS=--cap-lints=forbid" "-e" "RUSTDOCFLAGS=--cap-lints=forbid" "-w" "/opt/rustwide/workdir" "--user" "0:0" "a0c96bd29d582167537800f71c76e993448b597aa3bdca5974b5416d9b0f6c3d" "/opt/rustwide/cargo-home/bin/cargo" "+c60b92c03ca8a3b101eb9d57f51e2232690638c7" "check" "--frozen" "--all" "--all-targets" "--message-format=json", kill_on_drop: false }`
[INFO] [stderr]    Compiling proc-macro2 v1.0.107
[INFO] [stderr]    Compiling quote v1.0.47
[INFO] [stderr]    Compiling indexmap v1.9.3
[INFO] [stderr]    Compiling smallbox v0.8.8
[INFO] [stderr]    Compiling bumpalo v3.20.3
[INFO] [stderr]    Compiling wasm-bindgen-shared v0.2.129
[INFO] [stderr]     Checking futures-util v0.3.34
[INFO] [stderr]    Compiling syn v1.0.109
[INFO] [stderr]     Checking parking_lot_core v0.9.12
[INFO] [stderr]     Checking longest-increasing-subsequence v0.1.0
[INFO] [stderr]    Compiling inotify-sys v0.1.8
[INFO] [stderr]     Checking hashbrown v0.14.5
[INFO] [stderr]    Compiling ahash v0.8.12
[INFO] [stderr]    Compiling wasm-bindgen v0.2.129
[INFO] [stderr]     Checking concurrent-queue v2.5.0
[INFO] [stderr]     Checking fastrand v2.5.0
[INFO] [stderr]    Compiling hashbrown v0.12.3
[INFO] [stderr]     Checking parking_lot v0.12.5
[INFO] [stderr]    Compiling execute-command-tokens v0.1.9
[INFO] [stderr]     Checking piper v0.2.5
[INFO] [stderr]     Checking async-channel v2.5.0
[INFO] [stderr]     Checking regex-automata v0.4.18
[INFO] [stderr]    Compiling interprocess v1.2.1
[INFO] [stderr]     Checking futures-lite v2.6.1
[INFO] [stderr]     Checking generic-array v1.4.5
[INFO] [stderr]     Checking inotify v0.9.6
[INFO] [stderr]     Checking bumpslab v0.2.0
[INFO] [stderr]     Checking internment v0.7.5
[INFO] [stderr]     Checking spinning v0.1.1
[INFO] [stderr]     Checking filetime v0.2.29
[INFO] [stderr]     Checking mio v0.8.11
[INFO] [stderr]     Checking intmap v0.7.1
[INFO] [stderr]     Checking to_method v1.1.0
[INFO] [stderr]     Checking chrono v0.4.45
[INFO] [stdout] error[E0493]: destructor of `ArrayBuilder<T, N>` cannot be evaluated at compile-time
[INFO] [stdout]    --> /opt/rustwide/cargo-home/registry/src/index.crates.io-1949cf8c6b5b557f/generic-array-1.4.5/src/internal.rs:103:31
[INFO] [stdout]     |
[INFO] [stdout] 103 |     pub unsafe fn assume_init(self) -> GenericArray<T, N> {
[INFO] [stdout]     |                               ^^^^ the destructor for this type cannot be evaluated in constant functions
[INFO] [stdout] ...
[INFO] [stdout] 109 |     }
[INFO] [stdout]     |     - value is dropped here
[INFO] [stdout] 
[INFO] [stdout] 
[INFO] [stdout] error[E0493]: destructor of `GenericArray<core::mem::MaybeUninit<*const T>, N>` cannot be evaluated at compile-time
[INFO] [stdout]    --> /opt/rustwide/cargo-home/registry/src/index.crates.io-1949cf8c6b5b557f/generic-array-1.4.5/src/lib.rs:983:13
[INFO] [stdout]     |
[INFO] [stdout] 983 |         let mut out: GenericArray<MaybeUninit<*const T>, N> = GenericArray::uninit();
[INFO] [stdout]     |             ^^^^^^^ the destructor for this type cannot be evaluated in constant functions
[INFO] [stdout] ...
[INFO] [stdout] 998 |     }
[INFO] [stdout]     |     - value is dropped here
[INFO] [stdout] 
[INFO] [stdout] 
[INFO] [stdout] error[E0493]: destructor of `GenericArray<core::mem::MaybeUninit<*mut T>, N>` cannot be evaluated at compile-time
[INFO] [stdout]     --> /opt/rustwide/cargo-home/registry/src/index.crates.io-1949cf8c6b5b557f/generic-array-1.4.5/src/lib.rs:1018:13
[INFO] [stdout]      |
[INFO] [stdout] 1018 |         let mut out: GenericArray<MaybeUninit<*mut T>, N> = GenericArray::uninit();
[INFO] [stdout]      |             ^^^^^^^ the destructor for this type cannot be evaluated in constant functions
[INFO] [stdout] ...
[INFO] [stdout] 1033 |     }
[INFO] [stdout]      |     - value is dropped here
[INFO] [stdout] 
[INFO] [stdout] 
[INFO] [stderr]     Checking blocking v1.7.0
[INFO] [stdout] For more information about this error, try `rustc --explain E0493`.
[INFO] [stdout] 
[INFO] [stderr] error: could not compile `generic-array` (lib) due to 3 previous errors
[INFO] [stderr] warning: build failed, waiting for other jobs to finish...
[INFO] running `Command { std: "docker" "inspect" "a0c96bd29d582167537800f71c76e993448b597aa3bdca5974b5416d9b0f6c3d", kill_on_drop: false }`
[INFO] running `Command { std: "docker" "rm" "-f" "a0c96bd29d582167537800f71c76e993448b597aa3bdca5974b5416d9b0f6c3d", kill_on_drop: false }`
[INFO] [stdout] a0c96bd29d582167537800f71c76e993448b597aa3bdca5974b5416d9b0f6c3d
