[INFO] fetching crate deser-urlencoded 0.10.1...
[INFO] checking deser-urlencoded-0.10.1 against c60b92c03ca8a3b101eb9d57f51e2232690638c7 for pr-164148-crater-rollup
[INFO] extracting crate deser-urlencoded 0.10.1 into /workspace/builds/worker-3-tc2/source
[INFO] started tweaking crates.io crate deser-urlencoded 0.10.1
[INFO] removed 0 missing tests
[INFO] finished tweaking crates.io crate deser-urlencoded 0.10.1
[INFO] tweaked toml for crates.io crate deser-urlencoded 0.10.1 written to /workspace/builds/worker-3-tc2/source/Cargo.toml
[INFO] validating manifest of crates.io crate deser-urlencoded 0.10.1 on toolchain c60b92c03ca8a3b101eb9d57f51e2232690638c7
[INFO] running `Command { std: CARGO_HOME="/workspace/cargo-home" RUSTUP_HOME="/workspace/rustup-home" "/workspace/cargo-home/bin/cargo" "+c60b92c03ca8a3b101eb9d57f51e2232690638c7" "metadata" "--manifest-path" "Cargo.toml" "--no-deps", kill_on_drop: false }`
[INFO] crate crates.io crate deser-urlencoded 0.10.1 already has a lockfile, it will not be regenerated
[INFO] running `Command { std: CARGO_HOME="/workspace/cargo-home" RUSTUP_HOME="/workspace/rustup-home" "/workspace/cargo-home/bin/cargo" "+c60b92c03ca8a3b101eb9d57f51e2232690638c7" "fetch" "--manifest-path" "Cargo.toml", kill_on_drop: false }`
[INFO] running `Command { std: "docker" "create" "-v" "/var/lib/crater-agent-workspace/builds/worker-3-tc2/source:/opt/rustwide/workdir:ro,Z" "-v" "/var/lib/crater-agent-workspace/builds/worker-3-tc2/target:/opt/rustwide/target:rw,Z" "-v" "/var/lib/crater-agent-workspace/cargo-home:/opt/rustwide/cargo-home:ro,Z" "-v" "/var/lib/crater-agent-workspace/rustup-home:/opt/rustwide/rustup-home:ro,Z" "-m" "1610612736" "--network" "none" "ghcr.io/rust-lang/crates-build-env/linux@sha256:77db811e55d90add9212f6832c23229e3de5f1c1f9905e8cb07319ea15df73ac" "sleep" "infinity", kill_on_drop: false }`
[INFO] [stdout] 474acd0377df18d0539c1efbfb2874b5977c090d57b3f5917d2f2bec52b18e55
[INFO] running `Command { std: "docker" "start" "474acd0377df18d0539c1efbfb2874b5977c090d57b3f5917d2f2bec52b18e55", kill_on_drop: false }`
[INFO] running `Command { std: "docker" "inspect" "474acd0377df18d0539c1efbfb2874b5977c090d57b3f5917d2f2bec52b18e55", kill_on_drop: false }`
[INFO] running `Command { std: "docker" "exec" "-e" "SOURCE_DIR=/opt/rustwide/workdir" "-e" "CARGO_HOME=/opt/rustwide/cargo-home" "-e" "RUSTUP_HOME=/opt/rustwide/rustup-home" "-e" "CARGO_TARGET_DIR=/opt/rustwide/target" "-w" "/opt/rustwide/workdir" "--user" "0:0" "474acd0377df18d0539c1efbfb2874b5977c090d57b3f5917d2f2bec52b18e55" "/opt/rustwide/cargo-home/bin/cargo" "+c60b92c03ca8a3b101eb9d57f51e2232690638c7" "metadata" "--no-deps" "--format-version=1", kill_on_drop: false }`
[INFO] running `Command { std: "docker" "inspect" "474acd0377df18d0539c1efbfb2874b5977c090d57b3f5917d2f2bec52b18e55", kill_on_drop: false }`
[INFO] running `Command { std: "docker" "exec" "-e" "SOURCE_DIR=/opt/rustwide/workdir" "-e" "CARGO_HOME=/opt/rustwide/cargo-home" "-e" "RUSTUP_HOME=/opt/rustwide/rustup-home" "-e" "CARGO_TARGET_DIR=/opt/rustwide/target" "-e" "CARGO_INCREMENTAL=0" "-e" "RUST_BACKTRACE=full" "-e" "RUSTFLAGS=--cap-lints=forbid" "-e" "RUSTDOCFLAGS=--cap-lints=forbid" "-w" "/opt/rustwide/workdir" "--user" "0:0" "474acd0377df18d0539c1efbfb2874b5977c090d57b3f5917d2f2bec52b18e55" "/opt/rustwide/cargo-home/bin/cargo" "+c60b92c03ca8a3b101eb9d57f51e2232690638c7" "check" "--frozen" "--all" "--all-targets" "--message-format=json", kill_on_drop: false }`
[INFO] [stderr]    Compiling proc-macro2 v1.0.107
[INFO] [stderr]    Compiling unicode-ident v1.0.26
[INFO] [stderr]     Checking deser-core v0.10.1
[INFO] [stderr]     Checking hashbrown v0.17.1
[INFO] [stderr]    Compiling quote v1.0.47
[INFO] [stderr]    Compiling syn v3.0.6
[INFO] [stderr]     Checking indexmap v2.14.2
[INFO] [stderr]    Compiling deser-derive v0.10.1
[INFO] [stderr]     Checking deser-path v0.10.1
[INFO] [stderr]     Checking deser-value v0.10.1
[INFO] [stderr]     Checking deser-urlencoded v0.10.1 (/opt/rustwide/workdir)
[INFO] [stdout] error[E0493]: destructor of `DeserializerConfigBuilder` cannot be evaluated at compile-time
[INFO] [stdout]    --> src/de.rs:178:26
[INFO] [stdout]     |
[INFO] [stdout] 178 |     pub const fn nesting(mut self, nesting: Nesting) -> DeserializerConfigBuilder {
[INFO] [stdout]     |                          ^^^^^^^^ the destructor for this type cannot be evaluated in constant functions
[INFO] [stdout] ...
[INFO] [stdout] 181 |     }
[INFO] [stdout]     |     - value is dropped here
[INFO] [stdout] 
[INFO] [stdout] 
[INFO] [stdout] error[E0493]: destructor of `DeserializerConfigBuilder` cannot be evaluated at compile-time
[INFO] [stdout]    --> src/de.rs:186:28
[INFO] [stdout]     |
[INFO] [stdout] 186 |     pub const fn max_depth(mut self, depth: usize) -> DeserializerConfigBuilder {
[INFO] [stdout]     |                            ^^^^^^^^ the destructor for this type cannot be evaluated in constant functions
[INFO] [stdout] ...
[INFO] [stdout] 189 |     }
[INFO] [stdout]     |     - value is dropped here
[INFO] [stdout] 
[INFO] [stdout] 
[INFO] [stdout] error[E0493]: destructor of `DeserializerConfigBuilder` cannot be evaluated at compile-time
[INFO] [stdout]    --> src/de.rs:194:29
[INFO] [stdout]     |
[INFO] [stdout] 194 |     pub const fn max_params(mut self, max: usize) -> DeserializerConfigBuilder {
[INFO] [stdout]     |                             ^^^^^^^^ the destructor for this type cannot be evaluated in constant functions
[INFO] [stdout] ...
[INFO] [stdout] 197 |     }
[INFO] [stdout]     |     - value is dropped here
[INFO] [stdout] 
[INFO] [stdout] 
[INFO] [stdout] error[E0493]: destructor of `SerializerConfigBuilder` cannot be evaluated at compile-time
[INFO] [stdout]    --> src/ser.rs:305:25
[INFO] [stdout]     |
[INFO] [stdout] 305 |     pub const fn arrays(mut self, format: ArrayFormat) -> SerializerConfigBuilder {
[INFO] [stdout]     |                         ^^^^^^^^ the destructor for this type cannot be evaluated in constant functions
[INFO] [stdout] ...
[INFO] [stdout] 308 |     }
[INFO] [stdout]     |     - value is dropped here
[INFO] [stdout] 
[INFO] [stdout] 
[INFO] [stdout] error[E0493]: destructor of `SerializerConfigBuilder` cannot be evaluated at compile-time
[INFO] [stdout]    --> src/ser.rs:313:26
[INFO] [stdout]     |
[INFO] [stdout] 313 |     pub const fn nesting(mut self, nesting: Nesting) -> SerializerConfigBuilder {
[INFO] [stdout]     |                          ^^^^^^^^ the destructor for this type cannot be evaluated in constant functions
[INFO] [stdout] ...
[INFO] [stdout] 316 |     }
[INFO] [stdout]     |     - value is dropped here
[INFO] [stdout] 
[INFO] [stdout] 
[INFO] [stdout] error[E0493]: destructor of `SerializerConfigBuilder` cannot be evaluated at compile-time
[INFO] [stdout]    --> src/ser.rs:321:32
[INFO] [stdout]     |
[INFO] [stdout] 321 |     pub const fn space_as_plus(mut self, yes: bool) -> SerializerConfigBuilder {
[INFO] [stdout]     |                                ^^^^^^^^ the destructor for this type cannot be evaluated in constant functions
[INFO] [stdout] ...
[INFO] [stdout] 324 |     }
[INFO] [stdout]     |     - value is dropped here
[INFO] [stdout] 
[INFO] [stdout] 
[INFO] [stdout] For more information about this error, try `rustc --explain E0493`.
[INFO] [stdout] 
[INFO] [stderr] error: could not compile `deser-urlencoded` (lib) due to 6 previous errors
[INFO] [stderr] warning: build failed, waiting for other jobs to finish...
[INFO] running `Command { std: "docker" "inspect" "474acd0377df18d0539c1efbfb2874b5977c090d57b3f5917d2f2bec52b18e55", kill_on_drop: false }`
[INFO] running `Command { std: "docker" "rm" "-f" "474acd0377df18d0539c1efbfb2874b5977c090d57b3f5917d2f2bec52b18e55", kill_on_drop: false }`
[INFO] [stdout] 474acd0377df18d0539c1efbfb2874b5977c090d57b3f5917d2f2bec52b18e55
