[INFO] fetching crate deser-csv 0.10.1...
[INFO] checking deser-csv-0.10.1 against c60b92c03ca8a3b101eb9d57f51e2232690638c7 for pr-164148-crater-rollup
[INFO] extracting crate deser-csv 0.10.1 into /workspace/builds/worker-0-tc2/source
[INFO] started tweaking crates.io crate deser-csv 0.10.1
[INFO] removed 0 missing tests
[INFO] finished tweaking crates.io crate deser-csv 0.10.1
[INFO] tweaked toml for crates.io crate deser-csv 0.10.1 written to /workspace/builds/worker-0-tc2/source/Cargo.toml
[INFO] validating manifest of crates.io crate deser-csv 0.10.1 on toolchain c60b92c03ca8a3b101eb9d57f51e2232690638c7
[INFO] running `Command { std: CARGO_HOME="/workspace/cargo-home" RUSTUP_HOME="/workspace/rustup-home" "/workspace/cargo-home/bin/cargo" "+c60b92c03ca8a3b101eb9d57f51e2232690638c7" "metadata" "--manifest-path" "Cargo.toml" "--no-deps", kill_on_drop: false }`
[INFO] crate crates.io crate deser-csv 0.10.1 already has a lockfile, it will not be regenerated
[INFO] running `Command { std: CARGO_HOME="/workspace/cargo-home" RUSTUP_HOME="/workspace/rustup-home" "/workspace/cargo-home/bin/cargo" "+c60b92c03ca8a3b101eb9d57f51e2232690638c7" "fetch" "--manifest-path" "Cargo.toml", kill_on_drop: false }`
[INFO] running `Command { std: "docker" "create" "-v" "/var/lib/crater-agent-workspace/builds/worker-0-tc2/source:/opt/rustwide/workdir:ro,Z" "-v" "/var/lib/crater-agent-workspace/builds/worker-0-tc2/target:/opt/rustwide/target:rw,Z" "-v" "/var/lib/crater-agent-workspace/cargo-home:/opt/rustwide/cargo-home:ro,Z" "-v" "/var/lib/crater-agent-workspace/rustup-home:/opt/rustwide/rustup-home:ro,Z" "-m" "1610612736" "--network" "none" "ghcr.io/rust-lang/crates-build-env/linux@sha256:77db811e55d90add9212f6832c23229e3de5f1c1f9905e8cb07319ea15df73ac" "sleep" "infinity", kill_on_drop: false }`
[INFO] [stdout] e25cf2095a9b5aee9747f4422cdd820edb17598f57e167a697be3821ec00f168
[INFO] running `Command { std: "docker" "start" "e25cf2095a9b5aee9747f4422cdd820edb17598f57e167a697be3821ec00f168", kill_on_drop: false }`
[INFO] running `Command { std: "docker" "inspect" "e25cf2095a9b5aee9747f4422cdd820edb17598f57e167a697be3821ec00f168", kill_on_drop: false }`
[INFO] running `Command { std: "docker" "exec" "-e" "SOURCE_DIR=/opt/rustwide/workdir" "-e" "CARGO_HOME=/opt/rustwide/cargo-home" "-e" "RUSTUP_HOME=/opt/rustwide/rustup-home" "-e" "CARGO_TARGET_DIR=/opt/rustwide/target" "-w" "/opt/rustwide/workdir" "--user" "0:0" "e25cf2095a9b5aee9747f4422cdd820edb17598f57e167a697be3821ec00f168" "/opt/rustwide/cargo-home/bin/cargo" "+c60b92c03ca8a3b101eb9d57f51e2232690638c7" "metadata" "--no-deps" "--format-version=1", kill_on_drop: false }`
[INFO] running `Command { std: "docker" "inspect" "e25cf2095a9b5aee9747f4422cdd820edb17598f57e167a697be3821ec00f168", kill_on_drop: false }`
[INFO] running `Command { std: "docker" "exec" "-e" "SOURCE_DIR=/opt/rustwide/workdir" "-e" "CARGO_HOME=/opt/rustwide/cargo-home" "-e" "RUSTUP_HOME=/opt/rustwide/rustup-home" "-e" "CARGO_TARGET_DIR=/opt/rustwide/target" "-e" "CARGO_INCREMENTAL=0" "-e" "RUST_BACKTRACE=full" "-e" "RUSTFLAGS=--cap-lints=forbid" "-e" "RUSTDOCFLAGS=--cap-lints=forbid" "-w" "/opt/rustwide/workdir" "--user" "0:0" "e25cf2095a9b5aee9747f4422cdd820edb17598f57e167a697be3821ec00f168" "/opt/rustwide/cargo-home/bin/cargo" "+c60b92c03ca8a3b101eb9d57f51e2232690638c7" "check" "--frozen" "--all" "--all-targets" "--message-format=json", kill_on_drop: false }`
[INFO] [stderr]     Checking deser-core v0.10.1
[INFO] [stderr]     Checking simdutf8 v0.1.5
[INFO] [stderr]     Checking indexmap v2.14.2
[INFO] [stderr]    Compiling syn v3.0.6
[INFO] [stderr]    Compiling deser-derive v0.10.1
[INFO] [stderr]     Checking deser-location v0.10.1
[INFO] [stderr]     Checking deser-value v0.10.1
[INFO] [stderr]     Checking deser-json v0.10.1
[INFO] [stderr]     Checking deser-path v0.10.1
[INFO] [stderr]     Checking deser-csv v0.10.1 (/opt/rustwide/workdir)
[INFO] [stdout] error[E0493]: destructor of `DeserializerConfig` cannot be evaluated at compile-time
[INFO] [stdout]    --> src/de.rs:139:13
[INFO] [stdout]     |
[INFO] [stdout] 139 |         let mut config = DeserializerConfig::new();
[INFO] [stdout]     |             ^^^^^^^^^^ the destructor for this type cannot be evaluated in constant functions
[INFO] [stdout] ...
[INFO] [stdout] 145 |     }
[INFO] [stdout]     |     - value is dropped here
[INFO] [stdout] 
[INFO] [stdout] 
[INFO] [stdout] error[E0493]: destructor of `DeserializerConfigBuilder` cannot be evaluated at compile-time
[INFO] [stdout]    --> src/de.rs:363:28
[INFO] [stdout]     |
[INFO] [stdout] 363 |     pub const fn delimiter(mut self, delimiter: u8) -> DeserializerConfigBuilder {
[INFO] [stdout]     |                            ^^^^^^^^ the destructor for this type cannot be evaluated in constant functions
[INFO] [stdout] ...
[INFO] [stdout] 366 |     }
[INFO] [stdout]     |     - value is dropped here
[INFO] [stdout] 
[INFO] [stdout] 
[INFO] [stdout] error[E0493]: destructor of `DeserializerConfigBuilder` cannot be evaluated at compile-time
[INFO] [stdout]    --> src/de.rs:371:24
[INFO] [stdout]     |
[INFO] [stdout] 371 |     pub const fn quote(mut self, quote: Option<u8>) -> DeserializerConfigBuilder {
[INFO] [stdout]     |                        ^^^^^^^^ the destructor for this type cannot be evaluated in constant functions
[INFO] [stdout] ...
[INFO] [stdout] 374 |     }
[INFO] [stdout]     |     - value is dropped here
[INFO] [stdout] 
[INFO] [stdout] 
[INFO] [stdout] error[E0493]: destructor of `DeserializerConfigBuilder` cannot be evaluated at compile-time
[INFO] [stdout]    --> src/de.rs:379:31
[INFO] [stdout]     |
[INFO] [stdout] 379 |     pub const fn double_quote(mut self, yes: bool) -> DeserializerConfigBuilder {
[INFO] [stdout]     |                               ^^^^^^^^ the destructor for this type cannot be evaluated in constant functions
[INFO] [stdout] ...
[INFO] [stdout] 382 |     }
[INFO] [stdout]     |     - value is dropped here
[INFO] [stdout] 
[INFO] [stdout] 
[INFO] [stdout] error[E0493]: destructor of `DeserializerConfigBuilder` cannot be evaluated at compile-time
[INFO] [stdout]    --> src/de.rs:387:25
[INFO] [stdout]     |
[INFO] [stdout] 387 |     pub const fn escape(mut self, escape: Escape) -> DeserializerConfigBuilder {
[INFO] [stdout]     |                         ^^^^^^^^ the destructor for this type cannot be evaluated in constant functions
[INFO] [stdout] ...
[INFO] [stdout] 390 |     }
[INFO] [stdout]     |     - value is dropped here
[INFO] [stdout] 
[INFO] [stdout] 
[INFO] [stdout] error[E0493]: destructor of `DeserializerConfigBuilder` cannot be evaluated at compile-time
[INFO] [stdout]    --> src/de.rs:395:29
[INFO] [stdout]     |
[INFO] [stdout] 395 |     pub const fn terminator(mut self, terminator: Terminator) -> DeserializerConfigBuilder {
[INFO] [stdout]     |                             ^^^^^^^^ the destructor for this type cannot be evaluated in constant functions
[INFO] [stdout] ...
[INFO] [stdout] 398 |     }
[INFO] [stdout]     |     - value is dropped here
[INFO] [stdout] 
[INFO] [stdout] 
[INFO] [stdout] error[E0493]: destructor of `DeserializerConfigBuilder` cannot be evaluated at compile-time
[INFO] [stdout]    --> src/de.rs:403:26
[INFO] [stdout]     |
[INFO] [stdout] 403 |     pub const fn comment(mut self, comment: Option<u8>) -> DeserializerConfigBuilder {
[INFO] [stdout]     |                          ^^^^^^^^ the destructor for this type cannot be evaluated in constant functions
[INFO] [stdout] ...
[INFO] [stdout] 406 |     }
[INFO] [stdout]     |     - value is dropped here
[INFO] [stdout] 
[INFO] [stdout] 
[INFO] [stdout] error[E0493]: destructor of `DeserializerConfigBuilder` cannot be evaluated at compile-time
[INFO] [stdout]    --> src/de.rs:411:26
[INFO] [stdout]     |
[INFO] [stdout] 411 |     pub const fn headers(mut self, headers: Headers) -> DeserializerConfigBuilder {
[INFO] [stdout]     |                          ^^^^^^^^ the destructor for this type cannot be evaluated in constant functions
[INFO] [stdout] ...
[INFO] [stdout] 414 |     }
[INFO] [stdout]     |     - value is dropped here
[INFO] [stdout] 
[INFO] [stdout] 
[INFO] [stdout] error[E0493]: destructor of `DeserializerConfigBuilder` cannot be evaluated at compile-time
[INFO] [stdout]    --> src/de.rs:419:23
[INFO] [stdout]     |
[INFO] [stdout] 419 |     pub const fn trim(mut self, trim: Trim) -> DeserializerConfigBuilder {
[INFO] [stdout]     |                       ^^^^^^^^ the destructor for this type cannot be evaluated in constant functions
[INFO] [stdout] ...
[INFO] [stdout] 422 |     }
[INFO] [stdout]     |     - value is dropped here
[INFO] [stdout] 
[INFO] [stdout] 
[INFO] [stdout] error[E0493]: destructor of `DeserializerConfigBuilder` cannot be evaluated at compile-time
[INFO] [stdout]    --> src/de.rs:427:24
[INFO] [stdout]     |
[INFO] [stdout] 427 |     pub const fn nulls(mut self, nulls: Nulls) -> DeserializerConfigBuilder {
[INFO] [stdout]     |                        ^^^^^^^^ the destructor for this type cannot be evaluated in constant functions
[INFO] [stdout] ...
[INFO] [stdout] 430 |     }
[INFO] [stdout]     |     - value is dropped here
[INFO] [stdout] 
[INFO] [stdout] 
[INFO] [stdout] error[E0493]: destructor of `DeserializerConfigBuilder` cannot be evaluated at compile-time
[INFO] [stdout]    --> src/de.rs:435:35
[INFO] [stdout]     |
[INFO] [stdout] 435 |     pub const fn skip_blank_lines(mut self, yes: bool) -> DeserializerConfigBuilder {
[INFO] [stdout]     |                                   ^^^^^^^^ the destructor for this type cannot be evaluated in constant functions
[INFO] [stdout] ...
[INFO] [stdout] 438 |     }
[INFO] [stdout]     |     - value is dropped here
[INFO] [stdout] 
[INFO] [stdout] 
[INFO] [stdout] error[E0493]: destructor of `DeserializerConfigBuilder` cannot be evaluated at compile-time
[INFO] [stdout]    --> src/de.rs:443:27
[INFO] [stdout]     |
[INFO] [stdout] 443 |     pub const fn flexible(mut self, yes: bool) -> DeserializerConfigBuilder {
[INFO] [stdout]     |                           ^^^^^^^^ the destructor for this type cannot be evaluated in constant functions
[INFO] [stdout] ...
[INFO] [stdout] 446 |     }
[INFO] [stdout]     |     - value is dropped here
[INFO] [stdout] 
[INFO] [stdout] 
[INFO] [stdout] error[E0493]: destructor of `DeserializerConfigBuilder` cannot be evaluated at compile-time
[INFO] [stdout]    --> src/de.rs:451:33
[INFO] [stdout]     |
[INFO] [stdout] 451 |     pub const fn lenient_quotes(mut self, yes: bool) -> DeserializerConfigBuilder {
[INFO] [stdout]     |                                 ^^^^^^^^ the destructor for this type cannot be evaluated in constant functions
[INFO] [stdout] ...
[INFO] [stdout] 454 |     }
[INFO] [stdout]     |     - value is dropped here
[INFO] [stdout] 
[INFO] [stdout] 
[INFO] [stdout] error[E0493]: destructor of `DeserializerConfigBuilder` cannot be evaluated at compile-time
[INFO] [stdout]    --> src/de.rs:459:27
[INFO] [stdout]     |
[INFO] [stdout] 459 |     pub const fn sep_line(mut self, yes: bool) -> DeserializerConfigBuilder {
[INFO] [stdout]     |                           ^^^^^^^^ the destructor for this type cannot be evaluated in constant functions
[INFO] [stdout] ...
[INFO] [stdout] 462 |     }
[INFO] [stdout]     |     - value is dropped here
[INFO] [stdout] 
[INFO] [stdout] 
[INFO] [stdout] error[E0493]: destructor of `DeserializerConfigBuilder` cannot be evaluated at compile-time
[INFO] [stdout]    --> src/de.rs:467:33
[INFO] [stdout]     |
[INFO] [stdout] 467 |     pub const fn max_record_len(mut self, len: usize) -> DeserializerConfigBuilder {
[INFO] [stdout]     |                                 ^^^^^^^^ the destructor for this type cannot be evaluated in constant functions
[INFO] [stdout] ...
[INFO] [stdout] 470 |     }
[INFO] [stdout]     |     - value is dropped here
[INFO] [stdout] 
[INFO] [stdout] 
[INFO] [stdout] error[E0493]: destructor of `DeserializerConfigBuilder` cannot be evaluated at compile-time
[INFO] [stdout]    --> /opt/rustwide/cargo-home/registry/src/index.crates.io-1949cf8c6b5b557f/deser-json-0.10.1/src/de.rs:252:27
[INFO] [stdout]     |
[INFO] [stdout] 252 |     pub const fn trailing(mut self, trailing: Trailing) -> DeserializerConfigBuilder {
[INFO] [stdout]     |                           ^^^^^^^^ the destructor for this type cannot be evaluated in constant functions
[INFO] [stdout] ...
[INFO] [stdout] 255 |     }
[INFO] [stdout]     |     - value is dropped here
[INFO] [stdout] 
[INFO] [stdout] 
[INFO] [stdout] error[E0493]: destructor of `DeserializerConfigBuilder` cannot be evaluated at compile-time
[INFO] [stdout]    --> /opt/rustwide/cargo-home/registry/src/index.crates.io-1949cf8c6b5b557f/deser-json-0.10.1/src/de.rs:260:32
[INFO] [stdout]     |
[INFO] [stdout] 260 |     pub const fn exact_numbers(mut self, yes: bool) -> DeserializerConfigBuilder {
[INFO] [stdout]     |                                ^^^^^^^^ the destructor for this type cannot be evaluated in constant functions
[INFO] [stdout] ...
[INFO] [stdout] 263 |     }
[INFO] [stdout]     |     - value is dropped here
[INFO] [stdout] 
[INFO] [stdout] 
[INFO] [stdout] error[E0493]: destructor of `SerializerConfig` cannot be evaluated at compile-time
[INFO] [stdout]    --> src/ser.rs:144:13
[INFO] [stdout]     |
[INFO] [stdout] 144 |         let mut config = SerializerConfig::new();
[INFO] [stdout]     |             ^^^^^^^^^^ the destructor for this type cannot be evaluated in constant functions
[INFO] [stdout] ...
[INFO] [stdout] 150 |     }
[INFO] [stdout]     |     - value is dropped here
[INFO] [stdout] 
[INFO] [stdout] 
[INFO] [stdout] error[E0493]: destructor of `SerializerConfigBuilder` cannot be evaluated at compile-time
[INFO] [stdout]    --> src/ser.rs:426:28
[INFO] [stdout]     |
[INFO] [stdout] 426 |     pub const fn delimiter(mut self, delimiter: u8) -> SerializerConfigBuilder {
[INFO] [stdout]     |                            ^^^^^^^^ the destructor for this type cannot be evaluated in constant functions
[INFO] [stdout] ...
[INFO] [stdout] 429 |     }
[INFO] [stdout]     |     - value is dropped here
[INFO] [stdout] 
[INFO] [stdout] 
[INFO] [stdout] error[E0493]: destructor of `SerializerConfigBuilder` cannot be evaluated at compile-time
[INFO] [stdout]    --> src/ser.rs:434:24
[INFO] [stdout]     |
[INFO] [stdout] 434 |     pub const fn quote(mut self, quote: Option<u8>) -> SerializerConfigBuilder {
[INFO] [stdout]     |                        ^^^^^^^^ the destructor for this type cannot be evaluated in constant functions
[INFO] [stdout] ...
[INFO] [stdout] 437 |     }
[INFO] [stdout]     |     - value is dropped here
[INFO] [stdout] 
[INFO] [stdout] 
[INFO] [stdout] error[E0493]: destructor of `SerializerConfigBuilder` cannot be evaluated at compile-time
[INFO] [stdout]    --> src/ser.rs:442:31
[INFO] [stdout]     |
[INFO] [stdout] 442 |     pub const fn double_quote(mut self, yes: bool) -> SerializerConfigBuilder {
[INFO] [stdout]     |                               ^^^^^^^^ the destructor for this type cannot be evaluated in constant functions
[INFO] [stdout] ...
[INFO] [stdout] 445 |     }
[INFO] [stdout]     |     - value is dropped here
[INFO] [stdout] 
[INFO] [stdout] 
[INFO] [stdout] error[E0493]: destructor of `SerializerConfigBuilder` cannot be evaluated at compile-time
[INFO] [stdout]    --> src/ser.rs:450:25
[INFO] [stdout]     |
[INFO] [stdout] 450 |     pub const fn escape(mut self, escape: Escape) -> SerializerConfigBuilder {
[INFO] [stdout]     |                         ^^^^^^^^ the destructor for this type cannot be evaluated in constant functions
[INFO] [stdout] ...
[INFO] [stdout] 453 |     }
[INFO] [stdout]     |     - value is dropped here
[INFO] [stdout] 
[INFO] [stdout] 
[INFO] [stdout] error[E0493]: destructor of `SerializerConfigBuilder` cannot be evaluated at compile-time
[INFO] [stdout]    --> src/ser.rs:458:29
[INFO] [stdout]     |
[INFO] [stdout] 458 |     pub const fn terminator(mut self, terminator: Terminator) -> SerializerConfigBuilder {
[INFO] [stdout]     |                             ^^^^^^^^ the destructor for this type cannot be evaluated in constant functions
[INFO] [stdout] ...
[INFO] [stdout] 461 |     }
[INFO] [stdout]     |     - value is dropped here
[INFO] [stdout] 
[INFO] [stdout] 
[INFO] [stdout] error[E0493]: destructor of `SerializerConfigBuilder` cannot be evaluated at compile-time
[INFO] [stdout]    --> src/ser.rs:466:30
[INFO] [stdout]     |
[INFO] [stdout] 466 |     pub const fn quote_style(mut self, style: QuoteStyle) -> SerializerConfigBuilder {
[INFO] [stdout]     |                              ^^^^^^^^ the destructor for this type cannot be evaluated in constant functions
[INFO] [stdout] ...
[INFO] [stdout] 469 |     }
[INFO] [stdout]     |     - value is dropped here
[INFO] [stdout] 
[INFO] [stdout] 
[INFO] [stdout] error[E0493]: destructor of `SerializerConfigBuilder` cannot be evaluated at compile-time
[INFO] [stdout]    --> src/ser.rs:474:26
[INFO] [stdout]     |
[INFO] [stdout] 474 |     pub const fn headers(mut self, yes: bool) -> SerializerConfigBuilder {
[INFO] [stdout]     |                          ^^^^^^^^ the destructor for this type cannot be evaluated in constant functions
[INFO] [stdout] ...
[INFO] [stdout] 477 |     }
[INFO] [stdout]     |     - value is dropped here
[INFO] [stdout] 
[INFO] [stdout] 
[INFO] [stdout] error[E0493]: destructor of `SerializerConfigBuilder` cannot be evaluated at compile-time
[INFO] [stdout]    --> src/ser.rs:482:26
[INFO] [stdout]     |
[INFO] [stdout] 482 |     pub const fn columns(mut self, names: &'static [&'static str]) -> SerializerConfigBuilder {
[INFO] [stdout]     |                          ^^^^^^^^ the destructor for this type cannot be evaluated in constant functions
[INFO] [stdout] ...
[INFO] [stdout] 485 |     }
[INFO] [stdout]     |     - value is dropped here
[INFO] [stdout] 
[INFO] [stdout] 
[INFO] [stdout] error[E0493]: destructor of `SerializerConfigBuilder` cannot be evaluated at compile-time
[INFO] [stdout]    --> src/ser.rs:490:24
[INFO] [stdout]     |
[INFO] [stdout] 490 |     pub const fn nulls(mut self, nulls: Nulls) -> SerializerConfigBuilder {
[INFO] [stdout]     |                        ^^^^^^^^ the destructor for this type cannot be evaluated in constant functions
[INFO] [stdout] ...
[INFO] [stdout] 493 |     }
[INFO] [stdout]     |     - value is dropped here
[INFO] [stdout] 
[INFO] [stdout] 
[INFO] [stdout] error[E0493]: destructor of `SerializerConfigBuilder` cannot be evaluated at compile-time
[INFO] [stdout]    --> src/ser.rs:498:27
[INFO] [stdout]     |
[INFO] [stdout] 498 |     pub const fn flexible(mut self, yes: bool) -> SerializerConfigBuilder {
[INFO] [stdout]     |                           ^^^^^^^^ the destructor for this type cannot be evaluated in constant functions
[INFO] [stdout] ...
[INFO] [stdout] 501 |     }
[INFO] [stdout]     |     - value is dropped here
[INFO] [stdout] 
[INFO] [stdout] 
[INFO] [stdout] error[E0493]: destructor of `SerializerConfigBuilder` cannot be evaluated at compile-time
[INFO] [stdout]    --> src/ser.rs:506:34
[INFO] [stdout]     |
[INFO] [stdout] 506 |     pub const fn escape_formulas(mut self, yes: bool) -> SerializerConfigBuilder {
[INFO] [stdout]     |                                  ^^^^^^^^ the destructor for this type cannot be evaluated in constant functions
[INFO] [stdout] ...
[INFO] [stdout] 509 |     }
[INFO] [stdout]     |     - value is dropped here
[INFO] [stdout] 
[INFO] [stdout] 
[INFO] [stdout] error[E0493]: destructor of `SerializerConfigBuilder` cannot be evaluated at compile-time
[INFO] [stdout]    --> /opt/rustwide/cargo-home/registry/src/index.crates.io-1949cf8c6b5b557f/deser-json-0.10.1/src/ser.rs:488:27
[INFO] [stdout]     |
[INFO] [stdout] 488 |     pub const fn trailing(mut self, trailing: Trailing) -> SerializerConfigBuilder {
[INFO] [stdout]     |                           ^^^^^^^^ the destructor for this type cannot be evaluated in constant functions
[INFO] [stdout] ...
[INFO] [stdout] 491 |     }
[INFO] [stdout]     |     - value is dropped here
[INFO] [stdout] 
[INFO] [stdout] 
[INFO] [stdout] error[E0493]: destructor of `SerializerConfigBuilder` cannot be evaluated at compile-time
[INFO] [stdout]    --> /opt/rustwide/cargo-home/registry/src/index.crates.io-1949cf8c6b5b557f/deser-json-0.10.1/src/ser.rs:496:25
[INFO] [stdout]     |
[INFO] [stdout] 496 |     pub const fn indent(mut self, indent: Indent) -> SerializerConfigBuilder {
[INFO] [stdout]     |                         ^^^^^^^^ the destructor for this type cannot be evaluated in constant functions
[INFO] [stdout] ...
[INFO] [stdout] 499 |     }
[INFO] [stdout]     |     - value is dropped here
[INFO] [stdout] 
[INFO] [stdout] 
[INFO] [stdout] error[E0493]: destructor of `SerializerConfigBuilder` cannot be evaluated at compile-time
[INFO] [stdout]    --> /opt/rustwide/cargo-home/registry/src/index.crates.io-1949cf8c6b5b557f/deser-json-0.10.1/src/ser.rs:504:26
[INFO] [stdout]     |
[INFO] [stdout] 504 |     pub const fn compact(mut self, yes: bool) -> SerializerConfigBuilder {
[INFO] [stdout]     |                          ^^^^^^^^ the destructor for this type cannot be evaluated in constant functions
[INFO] [stdout] ...
[INFO] [stdout] 507 |     }
[INFO] [stdout]     |     - value is dropped here
[INFO] [stdout] 
[INFO] [stdout] 
[INFO] [stdout] error[E0493]: destructor of `SerializerConfigBuilder` cannot be evaluated at compile-time
[INFO] [stdout]    --> /opt/rustwide/cargo-home/registry/src/index.crates.io-1949cf8c6b5b557f/deser-json-0.10.1/src/ser.rs:512:25
[INFO] [stdout]     |
[INFO] [stdout] 512 |     pub const fn inline(mut self, policy: InlinePolicy) -> SerializerConfigBuilder {
[INFO] [stdout]     |                         ^^^^^^^^ the destructor for this type cannot be evaluated in constant functions
[INFO] [stdout] ...
[INFO] [stdout] 515 |     }
[INFO] [stdout]     |     - value is dropped here
[INFO] [stdout] 
[INFO] [stdout] 
[INFO] [stdout] error[E0493]: destructor of `SerializerConfigBuilder` cannot be evaluated at compile-time
[INFO] [stdout]    --> /opt/rustwide/cargo-home/registry/src/index.crates.io-1949cf8c6b5b557f/deser-json-0.10.1/src/ser.rs:520:25
[INFO] [stdout]     |
[INFO] [stdout] 520 |     pub const fn pretty(mut self, indent: Indent) -> SerializerConfigBuilder {
[INFO] [stdout]     |                         ^^^^^^^^ the destructor for this type cannot be evaluated in constant functions
[INFO] [stdout] ...
[INFO] [stdout] 523 |     }
[INFO] [stdout]     |     - value is dropped here
[INFO] [stdout] 
[INFO] [stdout] 
[INFO] [stdout] error[E0493]: destructor of `SerializerConfigBuilder` cannot be evaluated at compile-time
[INFO] [stdout]    --> /opt/rustwide/cargo-home/registry/src/index.crates.io-1949cf8c6b5b557f/deser-json-0.10.1/src/ser.rs:528:36
[INFO] [stdout]     |
[INFO] [stdout] 528 |     pub const fn non_finite_floats(mut self, yes: bool) -> SerializerConfigBuilder {
[INFO] [stdout]     |                                    ^^^^^^^^ the destructor for this type cannot be evaluated in constant functions
[INFO] [stdout] ...
[INFO] [stdout] 531 |     }
[INFO] [stdout]     |     - value is dropped here
[INFO] [stdout] 
[INFO] [stdout] 
[INFO] [stdout] For more information about this error, try `rustc --explain E0493`.
[INFO] [stdout] 
[INFO] [stderr] error: could not compile `deser-csv` (lib) due to 27 previous errors
[INFO] [stderr] warning: build failed, waiting for other jobs to finish...
[INFO] [stdout] For more information about this error, try `rustc --explain E0493`.
[INFO] [stdout] 
[INFO] [stderr] error: could not compile `deser-json` (lib) due to 8 previous errors
[INFO] running `Command { std: "docker" "inspect" "e25cf2095a9b5aee9747f4422cdd820edb17598f57e167a697be3821ec00f168", kill_on_drop: false }`
[INFO] running `Command { std: "docker" "rm" "-f" "e25cf2095a9b5aee9747f4422cdd820edb17598f57e167a697be3821ec00f168", kill_on_drop: false }`
[INFO] [stdout] e25cf2095a9b5aee9747f4422cdd820edb17598f57e167a697be3821ec00f168
