[INFO] fetching crate ddnet-account-game-server 0.4.0...
[INFO] checking ddnet-account-game-server-0.4.0 against c60b92c03ca8a3b101eb9d57f51e2232690638c7 for pr-164148-crater-rollup
[INFO] extracting crate ddnet-account-game-server 0.4.0 into /workspace/builds/worker-4-tc2/source
[INFO] started tweaking crates.io crate ddnet-account-game-server 0.4.0
[INFO] finished tweaking crates.io crate ddnet-account-game-server 0.4.0
[INFO] tweaked toml for crates.io crate ddnet-account-game-server 0.4.0 written to /workspace/builds/worker-4-tc2/source/Cargo.toml
[INFO] validating manifest of crates.io crate ddnet-account-game-server 0.4.0 on toolchain c60b92c03ca8a3b101eb9d57f51e2232690638c7
[INFO] running `Command { std: CARGO_HOME="/workspace/cargo-home" RUSTUP_HOME="/workspace/rustup-home" "/workspace/cargo-home/bin/cargo" "+c60b92c03ca8a3b101eb9d57f51e2232690638c7" "metadata" "--manifest-path" "Cargo.toml" "--no-deps", kill_on_drop: false }`
[INFO] crate crates.io crate ddnet-account-game-server 0.4.0 already has a lockfile, it will not be regenerated
[INFO] running `Command { std: CARGO_HOME="/workspace/cargo-home" RUSTUP_HOME="/workspace/rustup-home" "/workspace/cargo-home/bin/cargo" "+c60b92c03ca8a3b101eb9d57f51e2232690638c7" "fetch" "--manifest-path" "Cargo.toml", kill_on_drop: false }`
[INFO] running `Command { std: "docker" "create" "-v" "/var/lib/crater-agent-workspace/builds/worker-4-tc2/source:/opt/rustwide/workdir:ro,Z" "-v" "/var/lib/crater-agent-workspace/builds/worker-4-tc2/target:/opt/rustwide/target:rw,Z" "-v" "/var/lib/crater-agent-workspace/cargo-home:/opt/rustwide/cargo-home:ro,Z" "-v" "/var/lib/crater-agent-workspace/rustup-home:/opt/rustwide/rustup-home:ro,Z" "-m" "1610612736" "--network" "none" "ghcr.io/rust-lang/crates-build-env/linux@sha256:77db811e55d90add9212f6832c23229e3de5f1c1f9905e8cb07319ea15df73ac" "sleep" "infinity", kill_on_drop: false }`
[INFO] [stdout] 089fdcb508feb611eac6a0a9f0b7435e343f5720854acdc756a17ea1078cd8da
[INFO] running `Command { std: "docker" "start" "089fdcb508feb611eac6a0a9f0b7435e343f5720854acdc756a17ea1078cd8da", kill_on_drop: false }`
[INFO] running `Command { std: "docker" "inspect" "089fdcb508feb611eac6a0a9f0b7435e343f5720854acdc756a17ea1078cd8da", kill_on_drop: false }`
[INFO] running `Command { std: "docker" "exec" "-e" "SOURCE_DIR=/opt/rustwide/workdir" "-e" "CARGO_HOME=/opt/rustwide/cargo-home" "-e" "RUSTUP_HOME=/opt/rustwide/rustup-home" "-e" "CARGO_TARGET_DIR=/opt/rustwide/target" "-w" "/opt/rustwide/workdir" "--user" "0:0" "089fdcb508feb611eac6a0a9f0b7435e343f5720854acdc756a17ea1078cd8da" "/opt/rustwide/cargo-home/bin/cargo" "+c60b92c03ca8a3b101eb9d57f51e2232690638c7" "metadata" "--no-deps" "--format-version=1", kill_on_drop: false }`
[INFO] running `Command { std: "docker" "inspect" "089fdcb508feb611eac6a0a9f0b7435e343f5720854acdc756a17ea1078cd8da", kill_on_drop: false }`
[INFO] running `Command { std: "docker" "exec" "-e" "SOURCE_DIR=/opt/rustwide/workdir" "-e" "CARGO_HOME=/opt/rustwide/cargo-home" "-e" "RUSTUP_HOME=/opt/rustwide/rustup-home" "-e" "CARGO_TARGET_DIR=/opt/rustwide/target" "-e" "CARGO_INCREMENTAL=0" "-e" "RUST_BACKTRACE=full" "-e" "RUSTFLAGS=--cap-lints=forbid" "-e" "RUSTDOCFLAGS=--cap-lints=forbid" "-w" "/opt/rustwide/workdir" "--user" "0:0" "089fdcb508feb611eac6a0a9f0b7435e343f5720854acdc756a17ea1078cd8da" "/opt/rustwide/cargo-home/bin/cargo" "+c60b92c03ca8a3b101eb9d57f51e2232690638c7" "check" "--frozen" "--all" "--all-targets" "--message-format=json", kill_on_drop: false }`
[INFO] [stderr]     Checking const-oid v0.9.6
[INFO] [stderr]    Compiling stable_deref_trait v1.2.1
[INFO] [stderr]    Compiling cc v1.2.63
[INFO] [stderr]    Compiling typenum v1.20.1
[INFO] [stderr]    Compiling libc v0.2.186
[INFO] [stderr]    Compiling writeable v0.6.3
[INFO] [stderr]     Checking generic-array v0.14.9
[INFO] [stderr]     Checking getrandom v0.2.17
[INFO] [stderr]    Compiling smallvec v1.15.1
[INFO] [stderr]    Compiling litemap v0.8.2
[INFO] [stderr]    Compiling displaydoc v0.2.6
[INFO] [stderr]    Compiling der_derive v0.7.3
[INFO] [stderr]     Checking flagset v0.4.7
[INFO] [stderr]    Compiling zerofrom v0.1.8
[INFO] [stderr]    Compiling utf8_iter v1.0.4
[INFO] [stderr]     Checking serde v1.0.228
[INFO] [stderr]    Compiling yoke v0.8.2
[INFO] [stderr]    Compiling pin-project-lite v0.2.17
[INFO] [stderr]     Checking rand_core v0.6.4
[INFO] [stderr]    Compiling icu_properties_data v2.2.0
[INFO] [stderr]    Compiling icu_normalizer_data v2.2.0
[INFO] [stderr]    Compiling serde_core v1.0.228
[INFO] [stderr]    Compiling rustls-pki-types v1.14.1
[INFO] [stderr]    Compiling crossbeam-utils v0.8.21
[INFO] [stderr]    Compiling zerovec v0.11.6
[INFO] [stderr]    Compiling futures-core v0.3.32
[INFO] [stderr]    Compiling lock_api v0.4.14
[INFO] [stderr]     Checking hybrid-array v0.4.12
[INFO] [stderr]    Compiling bytes v1.11.1
[INFO] [stderr]    Compiling zerotrie v0.2.4
[INFO] [stderr]     Checking crypto-common v0.1.6
[INFO] [stderr]     Checking block-buffer v0.10.4
[INFO] [stderr]    Compiling parking_lot_core v0.9.12
[INFO] [stderr]    Compiling mio v1.2.1
[INFO] [stderr]    Compiling socket2 v0.6.4
[INFO] [stderr]    Compiling memchr v2.8.1
[INFO] [stderr]    Compiling foldhash v0.2.0
[INFO] [stderr]     Checking digest v0.10.7
[INFO] [stderr]    Compiling hashbrown v0.16.1
[INFO] [stderr]     Checking der v0.7.10
[INFO] [stderr]     Checking sha2 v0.10.9
[INFO] [stderr]    Compiling concurrent-queue v2.5.0
[INFO] [stderr]    Compiling parking_lot v0.12.5
[INFO] [stderr]    Compiling form_urlencoded v1.2.2
[INFO] [stderr]     Checking futures-channel v0.3.32
[INFO] [stderr]    Compiling thiserror v2.0.18
[INFO] [stderr]    Compiling tracing-core v0.1.36
[INFO] [stderr]    Compiling num-traits v0.2.19
[INFO] [stderr]    Compiling parking v2.2.1
[INFO] [stderr]    Compiling futures-sink v0.3.32
[INFO] [stderr]     Checking futures-io v0.3.32
[INFO] [stderr]    Compiling tinystr v0.8.3
[INFO] [stderr]    Compiling potential_utf v0.1.5
[INFO] [stderr]    Compiling log v0.4.30
[INFO] [stderr]    Compiling icu_collections v2.2.0
[INFO] [stderr]     Checking base64 v0.22.1
[INFO] [stderr]    Compiling tokio v1.52.3
[INFO] [stderr]     Checking icu_locale_core v2.2.0
[INFO] [stderr]    Compiling crc-catalog v2.5.0
[INFO] [stderr]    Compiling slab v0.4.12
[INFO] [stderr]    Compiling cpufeatures v0.3.0
[INFO] [stderr]    Compiling futures-task v0.3.32
[INFO] [stderr]    Compiling iana-time-zone v0.1.65
[INFO] [stderr]    Compiling ring v0.17.14
[INFO] [stderr]    Compiling crc v3.4.0
[INFO] [stderr]     Checking futures-util v0.3.32
[INFO] [stderr]    Compiling tracing v0.1.44
[INFO] [stderr]    Compiling chrono v0.4.44
[INFO] [stderr]    Compiling hashlink v0.11.0
[INFO] [stderr]    Compiling event-listener v5.4.1
[INFO] [stderr]     Checking spki v0.7.3
[INFO] [stderr]     Checking pkcs8 v0.10.2
[INFO] [stderr]    Compiling futures-intrusive v0.5.0
[INFO] [stderr]     Checking crypto-common v0.2.2
[INFO] [stderr]     Checking block-buffer v0.12.0
[INFO] [stderr]    Compiling crossbeam-queue v0.3.12
[INFO] [stderr]    Compiling webpki-roots v1.0.7
[INFO] [stderr]     Checking ff v0.13.1
[INFO] [stderr]     Checking sec1 v0.7.3
[INFO] [stderr]     Checking icu_provider v2.2.0
[INFO] [stderr]     Checking group v0.13.0
[INFO] [stderr]     Checking digest v0.11.3
[INFO] [stderr]     Checking signature v2.2.0
[INFO] [stderr]     Checking crypto-bigint v0.5.5
[INFO] [stderr]    Compiling byteorder v1.5.0
[INFO] [stderr]    Compiling dotenvy v0.15.7
[INFO] [stderr]     Checking serde_json v1.0.150
[INFO] [stderr]     Checking icu_properties v2.2.0
[INFO] [stderr]     Checking icu_normalizer v2.2.0
[INFO] [stderr]    Compiling bitflags v2.11.1
[INFO] [stderr]    Compiling either v1.16.0
[INFO] [stderr]    Compiling sha2 v0.11.0
[INFO] [stderr]    Compiling sha1 v0.11.0
[INFO] [stderr]     Checking hmac v0.12.1
[INFO] [stderr]    Compiling hex v0.4.3
[INFO] [stderr]    Compiling anyhow v1.0.102
[INFO] [stderr]     Checking time v0.3.47
[INFO] [stderr]     Checking rfc6979 v0.4.0
[INFO] [stderr]    Compiling rustls v0.23.40
[INFO] [stderr]     Checking idna_adapter v1.2.2
[INFO] [stderr]     Checking idna v1.1.0
[INFO] [stderr]     Checking yasna v0.6.0
[INFO] [stderr]     Checking curve25519-dalek v4.1.3
[INFO] [stderr]     Checking ed25519 v2.2.3
[INFO] [stderr]     Checking elliptic-curve v0.13.8
[INFO] [stderr]     Checking url v2.5.8
[INFO] [stderr]     Checking pem v3.0.6
[INFO] [stderr]    Compiling strum_macros v0.28.0
[INFO] [stderr]     Checking blake2 v0.10.6
[INFO] [stderr]     Checking ecdsa v0.16.9
[INFO] [stderr]     Checking primeorder v0.13.6
[INFO] [stderr]     Checking password-hash v0.5.0
[INFO] [stderr]     Checking generic-array v1.4.3
[INFO] [stderr]     Checking argon2 v0.5.3
[INFO] [stderr]     Checking x509-cert v0.2.5
[INFO] [stderr]     Checking email_address v0.2.9
[INFO] [stderr]     Checking rand v0.8.6
[INFO] [stderr]     Checking machine-uid v0.6.0
[INFO] [stderr]     Checking ddnet-accounts-types v0.2.0
[INFO] [stderr]     Checking p256 v0.13.2
[INFO] [stdout] error[E0493]: destructor of `ArrayBuilder<T, N>` cannot be evaluated at compile-time
[INFO] [stdout]    --> /opt/rustwide/cargo-home/registry/src/index.crates.io-1949cf8c6b5b557f/generic-array-1.4.3/src/internal.rs:103:31
[INFO] [stdout]     |
[INFO] [stdout] 103 |     pub unsafe fn assume_init(self) -> GenericArray<T, N> {
[INFO] [stdout]     |                               ^^^^ the destructor for this type cannot be evaluated in constant functions
[INFO] [stdout] ...
[INFO] [stdout] 109 |     }
[INFO] [stdout]     |     - value is dropped here
[INFO] [stdout] 
[INFO] [stdout] 
[INFO] [stdout] error[E0493]: destructor of `GenericArray<core::mem::MaybeUninit<*const T>, N>` cannot be evaluated at compile-time
[INFO] [stdout]    --> /opt/rustwide/cargo-home/registry/src/index.crates.io-1949cf8c6b5b557f/generic-array-1.4.3/src/lib.rs:970:13
[INFO] [stdout]     |
[INFO] [stdout] 970 |         let mut out: GenericArray<MaybeUninit<*const T>, N> = GenericArray::uninit();
[INFO] [stdout]     |             ^^^^^^^ the destructor for this type cannot be evaluated in constant functions
[INFO] [stdout] ...
[INFO] [stdout] 985 |     }
[INFO] [stdout]     |     - value is dropped here
[INFO] [stdout] 
[INFO] [stdout] 
[INFO] [stdout] error[E0493]: destructor of `GenericArray<core::mem::MaybeUninit<*mut T>, N>` cannot be evaluated at compile-time
[INFO] [stdout]     --> /opt/rustwide/cargo-home/registry/src/index.crates.io-1949cf8c6b5b557f/generic-array-1.4.3/src/lib.rs:1005:13
[INFO] [stdout]      |
[INFO] [stdout] 1005 |         let mut out: GenericArray<MaybeUninit<*mut T>, N> = GenericArray::uninit();
[INFO] [stdout]      |             ^^^^^^^ the destructor for this type cannot be evaluated in constant functions
[INFO] [stdout] ...
[INFO] [stdout] 1020 |     }
[INFO] [stdout]      |     - value is dropped here
[INFO] [stdout] 
[INFO] [stdout] 
[INFO] [stdout] For more information about this error, try `rustc --explain E0493`.
[INFO] [stdout] 
[INFO] [stderr]     Checking ed25519-dalek v2.2.0
[INFO] [stderr] error: could not compile `generic-array` (lib) due to 3 previous errors
[INFO] [stderr] warning: build failed, waiting for other jobs to finish...
[INFO] running `Command { std: "docker" "inspect" "089fdcb508feb611eac6a0a9f0b7435e343f5720854acdc756a17ea1078cd8da", kill_on_drop: false }`
[INFO] running `Command { std: "docker" "rm" "-f" "089fdcb508feb611eac6a0a9f0b7435e343f5720854acdc756a17ea1078cd8da", kill_on_drop: false }`
[INFO] [stdout] 089fdcb508feb611eac6a0a9f0b7435e343f5720854acdc756a17ea1078cd8da
