[INFO] fetching crate ddnet-account-client-reqwest 0.4.0...
[INFO] checking ddnet-account-client-reqwest-0.4.0 against c60b92c03ca8a3b101eb9d57f51e2232690638c7 for pr-164148-crater-rollup
[INFO] extracting crate ddnet-account-client-reqwest 0.4.0 into /workspace/builds/worker-3-tc2/source
[INFO] started tweaking crates.io crate ddnet-account-client-reqwest 0.4.0
[INFO] finished tweaking crates.io crate ddnet-account-client-reqwest 0.4.0
[INFO] tweaked toml for crates.io crate ddnet-account-client-reqwest 0.4.0 written to /workspace/builds/worker-3-tc2/source/Cargo.toml
[INFO] validating manifest of crates.io crate ddnet-account-client-reqwest 0.4.0 on toolchain c60b92c03ca8a3b101eb9d57f51e2232690638c7
[INFO] running `Command { std: CARGO_HOME="/workspace/cargo-home" RUSTUP_HOME="/workspace/rustup-home" "/workspace/cargo-home/bin/cargo" "+c60b92c03ca8a3b101eb9d57f51e2232690638c7" "metadata" "--manifest-path" "Cargo.toml" "--no-deps", kill_on_drop: false }`
[INFO] crate crates.io crate ddnet-account-client-reqwest 0.4.0 already has a lockfile, it will not be regenerated
[INFO] running `Command { std: CARGO_HOME="/workspace/cargo-home" RUSTUP_HOME="/workspace/rustup-home" "/workspace/cargo-home/bin/cargo" "+c60b92c03ca8a3b101eb9d57f51e2232690638c7" "fetch" "--manifest-path" "Cargo.toml", kill_on_drop: false }`
[INFO] running `Command { std: "docker" "create" "-v" "/var/lib/crater-agent-workspace/builds/worker-3-tc2/source:/opt/rustwide/workdir:ro,Z" "-v" "/var/lib/crater-agent-workspace/builds/worker-3-tc2/target:/opt/rustwide/target:rw,Z" "-v" "/var/lib/crater-agent-workspace/cargo-home:/opt/rustwide/cargo-home:ro,Z" "-v" "/var/lib/crater-agent-workspace/rustup-home:/opt/rustwide/rustup-home:ro,Z" "-m" "1610612736" "--network" "none" "ghcr.io/rust-lang/crates-build-env/linux@sha256:77db811e55d90add9212f6832c23229e3de5f1c1f9905e8cb07319ea15df73ac" "sleep" "infinity", kill_on_drop: false }`
[INFO] [stdout] fe9ee29e57f3c6c545f539abade4ab2103bebf7cc3726c017eb3b78f97c794fe
[INFO] running `Command { std: "docker" "start" "fe9ee29e57f3c6c545f539abade4ab2103bebf7cc3726c017eb3b78f97c794fe", kill_on_drop: false }`
[INFO] running `Command { std: "docker" "inspect" "fe9ee29e57f3c6c545f539abade4ab2103bebf7cc3726c017eb3b78f97c794fe", kill_on_drop: false }`
[INFO] running `Command { std: "docker" "exec" "-e" "SOURCE_DIR=/opt/rustwide/workdir" "-e" "CARGO_HOME=/opt/rustwide/cargo-home" "-e" "RUSTUP_HOME=/opt/rustwide/rustup-home" "-e" "CARGO_TARGET_DIR=/opt/rustwide/target" "-w" "/opt/rustwide/workdir" "--user" "0:0" "fe9ee29e57f3c6c545f539abade4ab2103bebf7cc3726c017eb3b78f97c794fe" "/opt/rustwide/cargo-home/bin/cargo" "+c60b92c03ca8a3b101eb9d57f51e2232690638c7" "metadata" "--no-deps" "--format-version=1", kill_on_drop: false }`
[INFO] running `Command { std: "docker" "inspect" "fe9ee29e57f3c6c545f539abade4ab2103bebf7cc3726c017eb3b78f97c794fe", kill_on_drop: false }`
[INFO] running `Command { std: "docker" "exec" "-e" "SOURCE_DIR=/opt/rustwide/workdir" "-e" "CARGO_HOME=/opt/rustwide/cargo-home" "-e" "RUSTUP_HOME=/opt/rustwide/rustup-home" "-e" "CARGO_TARGET_DIR=/opt/rustwide/target" "-e" "CARGO_INCREMENTAL=0" "-e" "RUST_BACKTRACE=full" "-e" "RUSTFLAGS=--cap-lints=forbid" "-e" "RUSTDOCFLAGS=--cap-lints=forbid" "-w" "/opt/rustwide/workdir" "--user" "0:0" "fe9ee29e57f3c6c545f539abade4ab2103bebf7cc3726c017eb3b78f97c794fe" "/opt/rustwide/cargo-home/bin/cargo" "+c60b92c03ca8a3b101eb9d57f51e2232690638c7" "check" "--frozen" "--all" "--all-targets" "--message-format=json", kill_on_drop: false }`
[INFO] [stderr]     Checking const-oid v0.9.6
[INFO] [stderr]    Compiling displaydoc v0.2.6
[INFO] [stderr]     Checking pem-rfc7468 v0.7.0
[INFO] [stderr]    Compiling der_derive v0.7.3
[INFO] [stderr]     Checking flagset v0.4.7
[INFO] [stderr]    Compiling libc v0.2.186
[INFO] [stderr]     Checking zerofrom v0.1.8
[INFO] [stderr]    Compiling num-traits v0.2.19
[INFO] [stderr]     Checking generic-array v0.14.9
[INFO] [stderr]     Checking mio v1.2.1
[INFO] [stderr]     Checking socket2 v0.6.4
[INFO] [stderr]     Checking rustls-pki-types v1.14.1
[INFO] [stderr]    Compiling time-core v0.1.8
[INFO] [stderr]     Checking memchr v2.8.1
[INFO] [stderr]     Checking ff v0.13.1
[INFO] [stderr]     Checking http v1.4.1
[INFO] [stderr]     Checking group v0.13.0
[INFO] [stderr]    Compiling curve25519-dalek v4.1.3
[INFO] [stderr]    Compiling time-macros v0.2.27
[INFO] [stderr]     Checking yoke v0.8.2
[INFO] [stderr]    Compiling asn1-rs-derive v0.6.0
[INFO] [stderr]    Compiling asn1-rs-impl v0.2.0
[INFO] [stderr]    Compiling rustls v0.23.40
[INFO] [stderr]     Checking zerovec v0.11.6
[INFO] [stderr]     Checking tokio v1.52.3
[INFO] [stderr]     Checking futures-task v0.3.32
[INFO] [stderr]    Compiling darling_core v0.23.0
[INFO] [stderr]     Checking indexmap v2.14.0
[INFO] [stderr]     Checking block-buffer v0.10.4
[INFO] [stderr]     Checking crypto-common v0.1.6
[INFO] [stderr]     Checking crypto-bigint v0.5.5
[INFO] [stderr]     Checking zerotrie v0.2.4
[INFO] [stderr]     Checking futures-util v0.3.32
[INFO] [stderr]    Compiling curve25519-dalek-derive v0.1.1
[INFO] [stderr]    Compiling oid-registry v0.8.1
[INFO] [stderr]     Checking nom v7.1.3
[INFO] [stderr]     Checking http-body v1.0.1
[INFO] [stderr]    Compiling anyhow v1.0.102
[INFO] [stderr]    Compiling strum_macros v0.28.0
[INFO] [stderr]     Checking password-hash v0.5.0
[INFO] [stderr]     Checking tinystr v0.8.3
[INFO] [stderr]     Checking potential_utf v0.1.5
[INFO] [stderr]     Checking futures-channel v0.3.32
[INFO] [stderr]     Checking icu_collections v2.2.0
[INFO] [stderr]     Checking generic-array v1.4.3
[INFO] [stderr]     Checking email_address v0.2.9
[INFO] [stderr]    Compiling jobserver v0.1.34
[INFO] [stderr]     Checking icu_locale_core v2.2.0
[INFO] [stderr]     Checking num-integer v0.1.46
[INFO] [stderr]     Checking chrono v0.4.44
[INFO] [stderr]     Checking rand v0.8.6
[INFO] [stderr]    Compiling cc v1.2.63
[INFO] [stderr]     Checking num-bigint v0.4.6
[INFO] [stderr]     Checking data-encoding v2.11.0
[INFO] [stderr]     Checking time v0.3.47
[INFO] [stdout] error[E0493]: destructor of `ArrayBuilder<T, N>` cannot be evaluated at compile-time
[INFO] [stdout]    --> /opt/rustwide/cargo-home/registry/src/index.crates.io-1949cf8c6b5b557f/generic-array-1.4.3/src/internal.rs:103:31
[INFO] [stdout]     |
[INFO] [stdout] 103 |     pub unsafe fn assume_init(self) -> GenericArray<T, N> {
[INFO] [stdout]     |                               ^^^^ the destructor for this type cannot be evaluated in constant functions
[INFO] [stdout] ...
[INFO] [stdout] 109 |     }
[INFO] [stdout]     |     - value is dropped here
[INFO] [stdout] 
[INFO] [stdout] 
[INFO] [stderr]     Checking ddnet-accounts-types v0.2.0
[INFO] [stdout] error[E0493]: destructor of `GenericArray<core::mem::MaybeUninit<*const T>, N>` cannot be evaluated at compile-time
[INFO] [stdout]    --> /opt/rustwide/cargo-home/registry/src/index.crates.io-1949cf8c6b5b557f/generic-array-1.4.3/src/lib.rs:970:13
[INFO] [stdout]     |
[INFO] [stdout] 970 |         let mut out: GenericArray<MaybeUninit<*const T>, N> = GenericArray::uninit();
[INFO] [stdout]     |             ^^^^^^^ the destructor for this type cannot be evaluated in constant functions
[INFO] [stdout] ...
[INFO] [stdout] 985 |     }
[INFO] [stdout]     |     - value is dropped here
[INFO] [stdout] 
[INFO] [stdout] 
[INFO] [stderr] error: could not compile `generic-array` (lib) due to 3 previous errors
[INFO] [stdout] error[E0493]: destructor of `GenericArray<core::mem::MaybeUninit<*mut T>, N>` cannot be evaluated at compile-time
[INFO] [stdout]     --> /opt/rustwide/cargo-home/registry/src/index.crates.io-1949cf8c6b5b557f/generic-array-1.4.3/src/lib.rs:1005:13
[INFO] [stdout]      |
[INFO] [stdout] 1005 |         let mut out: GenericArray<MaybeUninit<*mut T>, N> = GenericArray::uninit();
[INFO] [stdout]      |             ^^^^^^^ the destructor for this type cannot be evaluated in constant functions
[INFO] [stdout] ...
[INFO] [stdout] 1020 |     }
[INFO] [stdout]      |     - value is dropped here
[INFO] [stdout] 
[INFO] [stdout] 
[INFO] [stderr] warning: build failed, waiting for other jobs to finish...
[INFO] [stdout] For more information about this error, try `rustc --explain E0493`.
[INFO] [stdout] 
[INFO] running `Command { std: "docker" "inspect" "fe9ee29e57f3c6c545f539abade4ab2103bebf7cc3726c017eb3b78f97c794fe", kill_on_drop: false }`
[INFO] running `Command { std: "docker" "rm" "-f" "fe9ee29e57f3c6c545f539abade4ab2103bebf7cc3726c017eb3b78f97c794fe", kill_on_drop: false }`
[INFO] [stdout] fe9ee29e57f3c6c545f539abade4ab2103bebf7cc3726c017eb3b78f97c794fe
