[INFO] fetching crate crypt_guard_core 3.1.0...
[INFO] checking crypt_guard_core-3.1.0 against c60b92c03ca8a3b101eb9d57f51e2232690638c7 for pr-164148-crater-rollup
[INFO] extracting crate crypt_guard_core 3.1.0 into /workspace/builds/worker-2-tc2/source
[INFO] started tweaking crates.io crate crypt_guard_core 3.1.0
[INFO] finished tweaking crates.io crate crypt_guard_core 3.1.0
[INFO] tweaked toml for crates.io crate crypt_guard_core 3.1.0 written to /workspace/builds/worker-2-tc2/source/Cargo.toml
[INFO] validating manifest of crates.io crate crypt_guard_core 3.1.0 on toolchain c60b92c03ca8a3b101eb9d57f51e2232690638c7
[INFO] running `Command { std: CARGO_HOME="/workspace/cargo-home" RUSTUP_HOME="/workspace/rustup-home" "/workspace/cargo-home/bin/cargo" "+c60b92c03ca8a3b101eb9d57f51e2232690638c7" "metadata" "--manifest-path" "Cargo.toml" "--no-deps", kill_on_drop: false }`
[INFO] crate crates.io crate crypt_guard_core 3.1.0 already has a lockfile, it will not be regenerated
[INFO] running `Command { std: CARGO_HOME="/workspace/cargo-home" RUSTUP_HOME="/workspace/rustup-home" "/workspace/cargo-home/bin/cargo" "+c60b92c03ca8a3b101eb9d57f51e2232690638c7" "fetch" "--manifest-path" "Cargo.toml", kill_on_drop: false }`
[INFO] running `Command { std: "docker" "create" "-v" "/var/lib/crater-agent-workspace/builds/worker-2-tc2/source:/opt/rustwide/workdir:ro,Z" "-v" "/var/lib/crater-agent-workspace/builds/worker-2-tc2/target:/opt/rustwide/target:rw,Z" "-v" "/var/lib/crater-agent-workspace/cargo-home:/opt/rustwide/cargo-home:ro,Z" "-v" "/var/lib/crater-agent-workspace/rustup-home:/opt/rustwide/rustup-home:ro,Z" "-m" "1610612736" "--network" "none" "ghcr.io/rust-lang/crates-build-env/linux@sha256:77db811e55d90add9212f6832c23229e3de5f1c1f9905e8cb07319ea15df73ac" "sleep" "infinity", kill_on_drop: false }`
[INFO] [stdout] b4e7d2b5c534dcfadbd7c3c96712bdf81e79a10e6d342bcc4c3d08230dc40380
[INFO] running `Command { std: "docker" "start" "b4e7d2b5c534dcfadbd7c3c96712bdf81e79a10e6d342bcc4c3d08230dc40380", kill_on_drop: false }`
[INFO] running `Command { std: "docker" "inspect" "b4e7d2b5c534dcfadbd7c3c96712bdf81e79a10e6d342bcc4c3d08230dc40380", kill_on_drop: false }`
[INFO] running `Command { std: "docker" "exec" "-e" "SOURCE_DIR=/opt/rustwide/workdir" "-e" "CARGO_HOME=/opt/rustwide/cargo-home" "-e" "RUSTUP_HOME=/opt/rustwide/rustup-home" "-e" "CARGO_TARGET_DIR=/opt/rustwide/target" "-w" "/opt/rustwide/workdir" "--user" "0:0" "b4e7d2b5c534dcfadbd7c3c96712bdf81e79a10e6d342bcc4c3d08230dc40380" "/opt/rustwide/cargo-home/bin/cargo" "+c60b92c03ca8a3b101eb9d57f51e2232690638c7" "metadata" "--no-deps" "--format-version=1", kill_on_drop: false }`
[INFO] running `Command { std: "docker" "inspect" "b4e7d2b5c534dcfadbd7c3c96712bdf81e79a10e6d342bcc4c3d08230dc40380", kill_on_drop: false }`
[INFO] running `Command { std: "docker" "exec" "-e" "SOURCE_DIR=/opt/rustwide/workdir" "-e" "CARGO_HOME=/opt/rustwide/cargo-home" "-e" "RUSTUP_HOME=/opt/rustwide/rustup-home" "-e" "CARGO_TARGET_DIR=/opt/rustwide/target" "-e" "CARGO_INCREMENTAL=0" "-e" "RUST_BACKTRACE=full" "-e" "RUSTFLAGS=--cap-lints=forbid" "-e" "RUSTDOCFLAGS=--cap-lints=forbid" "-w" "/opt/rustwide/workdir" "--user" "0:0" "b4e7d2b5c534dcfadbd7c3c96712bdf81e79a10e6d342bcc4c3d08230dc40380" "/opt/rustwide/cargo-home/bin/cargo" "+c60b92c03ca8a3b101eb9d57f51e2232690638c7" "check" "--frozen" "--all" "--all-targets" "--message-format=json", kill_on_drop: false }`
[INFO] [stderr]    Compiling generic-array v0.14.7
[INFO] [stderr]     Checking rand_core v0.10.1
[INFO] [stderr]    Compiling getrandom v0.4.3
[INFO] [stderr]     Checking const-oid v0.10.2
[INFO] [stderr]     Checking ctutils v0.4.2
[INFO] [stderr]    Compiling syn v2.0.119
[INFO] [stderr]     Checking getrandom v0.2.17
[INFO] [stderr]     Checking opaque-debug v0.3.1
[INFO] [stderr]    Compiling hax-lib v0.3.7
[INFO] [stderr]     Checking base16ct v0.2.0
[INFO] [stderr]     Checking keccak v0.2.2
[INFO] [stderr]     Checking cpufeatures v0.3.1
[INFO] [stderr]    Compiling curve25519-dalek v4.1.3
[INFO] [stderr]    Compiling libcrux-intrinsics v0.0.8
[INFO] [stderr]     Checking cpubits v0.1.1
[INFO] [stderr]    Compiling crossbeam-utils v0.8.23
[INFO] [stderr]     Checking rand_core v0.6.4
[INFO] [stderr]     Checking rand v0.10.3
[INFO] [stderr]    Compiling syn v3.0.6
[INFO] [stderr]     Checking ff v0.13.1
[INFO] [stderr]     Checking deranged v0.5.8
[INFO] [stderr]    Compiling libcrux-sha3 v0.0.10
[INFO] [stderr]     Checking group v0.13.0
[INFO] [stderr]     Checking ppv-lite86 v0.2.21
[INFO] [stderr]     Checking getrandom v0.3.4
[INFO] [stderr]     Checking libcrux-platform v0.0.3
[INFO] [stderr]    Compiling libcrux-ml-kem v0.0.10
[INFO] [stderr]     Checking rand_core v0.9.5
[INFO] [stderr]     Checking crossbeam-channel v0.5.17
[INFO] [stderr]     Checking symlink v0.1.0
[INFO] [stderr]    Compiling hex v0.4.3
[INFO] [stderr]     Checking rand_chacha v0.3.1
[INFO] [stderr]     Checking chrono v0.4.45
[INFO] [stderr]     Checking generic-array v1.4.5
[INFO] [stderr]     Checking rand v0.8.8
[INFO] [stderr]     Checking serde_json v1.0.150
[INFO] [stdout] error[E0493]: destructor of `ArrayBuilder<T, N>` cannot be evaluated at compile-time
[INFO] [stdout]    --> /opt/rustwide/cargo-home/registry/src/index.crates.io-1949cf8c6b5b557f/generic-array-1.4.5/src/internal.rs:103:31
[INFO] [stdout]     |
[INFO] [stdout] 103 |     pub unsafe fn assume_init(self) -> GenericArray<T, N> {
[INFO] [stdout]     |                               ^^^^ the destructor for this type cannot be evaluated in constant functions
[INFO] [stdout] ...
[INFO] [stdout] 109 |     }
[INFO] [stdout]     |     - value is dropped here
[INFO] [stdout] 
[INFO] [stdout] 
[INFO] [stdout] error[E0493]: destructor of `GenericArray<core::mem::MaybeUninit<*const T>, N>` cannot be evaluated at compile-time
[INFO] [stdout]    --> /opt/rustwide/cargo-home/registry/src/index.crates.io-1949cf8c6b5b557f/generic-array-1.4.5/src/lib.rs:983:13
[INFO] [stdout]     |
[INFO] [stdout] 983 |         let mut out: GenericArray<MaybeUninit<*const T>, N> = GenericArray::uninit();
[INFO] [stdout]     |             ^^^^^^^ the destructor for this type cannot be evaluated in constant functions
[INFO] [stdout] ...
[INFO] [stdout] 998 |     }
[INFO] [stdout]     |     - value is dropped here
[INFO] [stdout] 
[INFO] [stdout] 
[INFO] [stdout] error[E0493]: destructor of `GenericArray<core::mem::MaybeUninit<*mut T>, N>` cannot be evaluated at compile-time
[INFO] [stdout]     --> /opt/rustwide/cargo-home/registry/src/index.crates.io-1949cf8c6b5b557f/generic-array-1.4.5/src/lib.rs:1018:13
[INFO] [stdout]      |
[INFO] [stdout] 1018 |         let mut out: GenericArray<MaybeUninit<*mut T>, N> = GenericArray::uninit();
[INFO] [stdout]      |             ^^^^^^^ the destructor for this type cannot be evaluated in constant functions
[INFO] [stdout] ...
[INFO] [stdout] 1033 |     }
[INFO] [stdout]      |     - value is dropped here
[INFO] [stdout] 
[INFO] [stdout] 
[INFO] [stdout] For more information about this error, try `rustc --explain E0493`.
[INFO] [stdout] 
[INFO] [stderr] error: could not compile `generic-array` (lib) due to 3 previous errors
[INFO] [stderr] warning: build failed, waiting for other jobs to finish...
[INFO] running `Command { std: "docker" "inspect" "b4e7d2b5c534dcfadbd7c3c96712bdf81e79a10e6d342bcc4c3d08230dc40380", kill_on_drop: false }`
[INFO] running `Command { std: "docker" "rm" "-f" "b4e7d2b5c534dcfadbd7c3c96712bdf81e79a10e6d342bcc4c3d08230dc40380", kill_on_drop: false }`
[INFO] [stdout] b4e7d2b5c534dcfadbd7c3c96712bdf81e79a10e6d342bcc4c3d08230dc40380
