[INFO] fetching crate chapaty 1.3.7...
[INFO] checking chapaty-1.3.7 against c60b92c03ca8a3b101eb9d57f51e2232690638c7 for pr-164148-crater-rollup
[INFO] extracting crate chapaty 1.3.7 into /workspace/builds/worker-4-tc2/source
[INFO] started tweaking crates.io crate chapaty 1.3.7
[INFO] removed 0 missing examples
[INFO] finished tweaking crates.io crate chapaty 1.3.7
[INFO] tweaked toml for crates.io crate chapaty 1.3.7 written to /workspace/builds/worker-4-tc2/source/Cargo.toml
[INFO] validating manifest of crates.io crate chapaty 1.3.7 on toolchain c60b92c03ca8a3b101eb9d57f51e2232690638c7
[INFO] running `Command { std: CARGO_HOME="/workspace/cargo-home" RUSTUP_HOME="/workspace/rustup-home" "/workspace/cargo-home/bin/cargo" "+c60b92c03ca8a3b101eb9d57f51e2232690638c7" "metadata" "--manifest-path" "Cargo.toml" "--no-deps", kill_on_drop: false }`
[INFO] crate crates.io crate chapaty 1.3.7 already has a lockfile, it will not be regenerated
[INFO] running `Command { std: CARGO_HOME="/workspace/cargo-home" RUSTUP_HOME="/workspace/rustup-home" "/workspace/cargo-home/bin/cargo" "+c60b92c03ca8a3b101eb9d57f51e2232690638c7" "fetch" "--manifest-path" "Cargo.toml", kill_on_drop: false }`
[INFO] running `Command { std: "docker" "create" "-v" "/var/lib/crater-agent-workspace/builds/worker-4-tc2/source:/opt/rustwide/workdir:ro,Z" "-v" "/var/lib/crater-agent-workspace/builds/worker-4-tc2/target:/opt/rustwide/target:rw,Z" "-v" "/var/lib/crater-agent-workspace/cargo-home:/opt/rustwide/cargo-home:ro,Z" "-v" "/var/lib/crater-agent-workspace/rustup-home:/opt/rustwide/rustup-home:ro,Z" "-m" "1610612736" "--network" "none" "ghcr.io/rust-lang/crates-build-env/linux@sha256:77db811e55d90add9212f6832c23229e3de5f1c1f9905e8cb07319ea15df73ac" "sleep" "infinity", kill_on_drop: false }`
[INFO] [stdout] 5d48e07941e53f8f2a71ba7d71eff801040b838343b37f4584181a96f93fc929
[INFO] running `Command { std: "docker" "start" "5d48e07941e53f8f2a71ba7d71eff801040b838343b37f4584181a96f93fc929", kill_on_drop: false }`
[INFO] running `Command { std: "docker" "inspect" "5d48e07941e53f8f2a71ba7d71eff801040b838343b37f4584181a96f93fc929", kill_on_drop: false }`
[INFO] running `Command { std: "docker" "exec" "-e" "SOURCE_DIR=/opt/rustwide/workdir" "-e" "CARGO_HOME=/opt/rustwide/cargo-home" "-e" "RUSTUP_HOME=/opt/rustwide/rustup-home" "-e" "CARGO_TARGET_DIR=/opt/rustwide/target" "-w" "/opt/rustwide/workdir" "--user" "0:0" "5d48e07941e53f8f2a71ba7d71eff801040b838343b37f4584181a96f93fc929" "/opt/rustwide/cargo-home/bin/cargo" "+c60b92c03ca8a3b101eb9d57f51e2232690638c7" "metadata" "--no-deps" "--format-version=1", kill_on_drop: false }`
[INFO] running `Command { std: "docker" "inspect" "5d48e07941e53f8f2a71ba7d71eff801040b838343b37f4584181a96f93fc929", kill_on_drop: false }`
[INFO] running `Command { std: "docker" "exec" "-e" "SOURCE_DIR=/opt/rustwide/workdir" "-e" "CARGO_HOME=/opt/rustwide/cargo-home" "-e" "RUSTUP_HOME=/opt/rustwide/rustup-home" "-e" "CARGO_TARGET_DIR=/opt/rustwide/target" "-e" "CARGO_INCREMENTAL=0" "-e" "RUST_BACKTRACE=full" "-e" "RUSTFLAGS=--cap-lints=forbid" "-e" "RUSTDOCFLAGS=--cap-lints=forbid" "-w" "/opt/rustwide/workdir" "--user" "0:0" "5d48e07941e53f8f2a71ba7d71eff801040b838343b37f4584181a96f93fc929" "/opt/rustwide/cargo-home/bin/cargo" "+c60b92c03ca8a3b101eb9d57f51e2232690638c7" "check" "--frozen" "--all" "--all-targets" "--message-format=json", kill_on_drop: false }`
[INFO] [stderr]     Checking futures-io v0.3.34
[INFO] [stderr]    Compiling syn v3.0.5
[INFO] [stderr]    Compiling jobserver v0.1.35
[INFO] [stderr]    Compiling aws-lc-rs v1.18.1
[INFO] [stderr]    Compiling synstructure v0.13.2
[INFO] [stderr]    Compiling tracing-attributes v0.1.31
[INFO] [stderr]     Checking getrandom v0.2.17
[INFO] [stderr]     Checking bitflags v2.13.2
[INFO] [stderr]    Compiling rustls v0.23.44
[INFO] [stderr]     Checking hashbrown v0.17.1
[INFO] [stderr]     Checking ipnet v2.12.2
[INFO] [stderr]     Checking typenum v1.20.1
[INFO] [stderr]     Checking rustls-native-certs v0.8.4
[INFO] [stderr]     Checking aho-corasick v1.1.5
[INFO] [stderr]    Compiling getrandom v0.4.3
[INFO] [stderr]     Checking serde_json v1.0.151
[INFO] [stderr]     Checking cpufeatures v0.3.1
[INFO] [stderr]     Checking simdutf8 v0.1.5
[INFO] [stderr]     Checking humantime v2.4.0
[INFO] [stderr]     Checking chacha20 v0.10.2
[INFO] [stderr]     Checking itertools v0.14.0
[INFO] [stderr]    Compiling object v0.39.1
[INFO] [stderr]    Compiling crc32fast v1.5.2
[INFO] [stderr]    Compiling zerocopy v0.8.57
[INFO] [stderr]    Compiling zerocopy-derive v0.8.57
[INFO] [stderr]    Compiling cc v1.4.6
[INFO] [stderr]    Compiling zerofrom-derive v0.1.7
[INFO] [stderr]    Compiling yoke-derive v0.8.2
[INFO] [stderr]     Checking rand v0.10.2
[INFO] [stderr]     Checking uuid v1.26.1
[INFO] [stderr]    Compiling signal-hook v0.4.4
[INFO] [stderr]     Checking array-init-cursor v0.2.1
[INFO] [stderr]     Checking planus v1.1.1
[INFO] [stderr]    Compiling virtue v0.0.18
[INFO] [stderr]     Checking castaway v0.2.4
[INFO] [stderr]     Checking rmp v0.8.15
[INFO] [stderr]     Checking indexmap v2.14.2
[INFO] [stderr]    Compiling polars-utils v0.55.2
[INFO] [stderr]     Checking unty v0.0.4
[INFO] [stderr]     Checking zlib-rs v0.6.7
[INFO] [stderr]     Checking raw-cpuid v11.6.0
[INFO] [stderr]    Compiling num-derive v0.4.2
[INFO] [stderr]    Compiling cmake v0.1.58
[INFO] [stderr]    Compiling bincode_derive v2.0.1
[INFO] [stderr]     Checking sysinfo v0.39.6
[INFO] [stderr]     Checking regex-automata v0.4.18
[INFO] [stderr]    Compiling rustix v1.1.4
[INFO] [stderr]     Checking tracing v0.1.44
[INFO] [stderr]     Checking crossbeam-channel v0.5.17
[INFO] [stderr]     Checking zerofrom v0.1.8
[INFO] [stderr]    Compiling zstd-safe v7.3.0
[INFO] [stderr]     Checking yoke v0.8.3
[INFO] [stderr]     Checking phf_shared v0.12.1
[INFO] [stderr]    Compiling polars-buffer v0.55.2
[INFO] [stderr]    Compiling polars-schema v0.55.2
[INFO] [stderr]    Compiling chrono-tz v0.10.4
[INFO] [stderr]    Compiling strum_macros v0.28.0
[INFO] [stderr]    Compiling polars-arrow v0.55.2
[INFO] [stderr]     Checking streaming-iterator v0.1.9
[INFO] [stderr]     Checking phf v0.12.1
[INFO] [stderr]     Checking ethnum v1.5.3
[INFO] [stderr]    Compiling polars-compute v0.55.2
[INFO] [stderr]     Checking generic-array v0.14.7
[INFO] [stderr]     Checking debug_unsafe v0.1.4
[INFO] [stderr]     Checking atoi_simd v0.18.1
[INFO] [stderr]     Checking strength_reduce v0.2.4
[INFO] [stderr]     Checking fast-float2 v0.2.4
[INFO] [stderr]     Checking arrayvec v0.7.8
[INFO] [stderr]     Checking hybrid-array v0.4.15
[INFO] [stderr]    Compiling aws-lc-sys v0.45.0
[INFO] [stderr]    Compiling ring v0.17.14
[INFO] [stderr]    Compiling stacker v0.1.25
[INFO] [stderr]    Compiling zstd-sys v2.1.0+zstd.1.5.7
[INFO] [stderr]    Compiling lz4-sys v1.11.1+lz4-1.10.0
[INFO] [stderr]    Compiling blake3 v1.8.7
[INFO] [stderr]     Checking flate2 v1.1.10
[INFO] [stderr]     Checking block-buffer v0.10.4
[INFO] [stderr]     Checking crypto-common v0.1.7
[INFO] [stderr]     Checking digest v0.10.7
[INFO] [stderr]     Checking boxcar v0.2.14
[INFO] [stderr]     Checking crypto-common v0.2.2
[INFO] [stderr]     Checking md-5 v0.10.6
[INFO] [stderr]     Checking block-buffer v0.12.1
[INFO] [stderr]     Checking hashbrown v0.16.1
[INFO] [stderr]     Checking thread_local v1.1.10
[INFO] [stderr]    Compiling polars-core v0.55.2
[INFO] [stderr]     Checking const-oid v0.10.2
[INFO] [stderr]     Checking alloc-no-stdlib v2.0.4
[INFO] [stderr]     Checking getrandom v0.3.4
[INFO] [stderr]     Checking rand_distr v0.6.0
[INFO] [stderr]     Checking alloc-stdlib v0.2.4
[INFO] [stderr]     Checking float-cmp v0.10.0
[INFO] [stderr]    Compiling polars-ops v0.55.2
[INFO] [stderr]     Checking digest v0.11.3
[INFO] [stderr]     Checking xxhash-rust v0.8.18
[INFO] [stderr]     Checking fallible-streaming-iterator v0.1.9
[INFO] [stderr]    Compiling snap v1.1.2
[INFO] [stderr]     Checking brotli-decompressor v5.0.3
[INFO] [stderr]    Compiling anyhow v1.0.104
[INFO] [stderr]    Compiling ar_archive_writer v0.5.3
[INFO] [stderr]    Compiling encoding_rs v0.8.41
[INFO] [stderr]    Compiling async-stream-impl v0.3.6
[INFO] [stderr]     Checking dirs-sys v0.5.0
[INFO] [stderr]     Checking streaming-decompression v0.1.2
[INFO] [stderr]     Checking async-stream v0.3.6
[INFO] [stderr]    Compiling pin-project-internal v1.1.13
[INFO] [stderr]     Checking crossbeam-queue v0.3.14
[INFO] [stderr]    Compiling multiversion_no_op v1.0.0
[INFO] [stderr]     Checking core_detect v1.0.0
[INFO] [stderr]     Checking time v0.3.55
[INFO] [stderr]     Checking typewit v1.15.2
[INFO] [stderr]     Checking dirs v6.0.0
[INFO] [stderr]    Compiling recursive-proc-macro-impl v0.1.1
[INFO] [stderr]    Compiling serde_derive v1.0.229
[INFO] [stderr]    Compiling tokio-macros v2.7.2
[INFO] [stderr]    Compiling zerovec-derive v0.11.6
[INFO] [stderr]    Compiling futures-macro v0.3.34
[INFO] [stderr]    Compiling displaydoc v0.2.7
[INFO] [stderr]    Compiling thiserror-impl v2.0.20
[INFO] [stderr]    Compiling async-trait v0.1.92
[INFO] [stderr]    Compiling bytemuck_derive v1.12.1
[INFO] [stderr]    Compiling psm v0.1.32
[INFO] [stderr]     Checking futures-util v0.3.34
[INFO] [stderr]     Checking zerotrie v0.2.5
[INFO] [stderr]     Checking regex v1.13.1
[INFO] [stderr]    Compiling ref-cast-impl v1.0.27
[INFO] [stderr]     Checking serde_stacker v0.1.14
[INFO] [stderr]    Compiling multiversion-macros v0.9.0
[INFO] [stderr]     Checking zerovec v0.11.8
[INFO] [stderr]    Compiling prost-derive v0.14.4
[INFO] [stderr]     Checking brotli v8.0.4
[INFO] [stderr]     Checking ref-cast v1.0.27
[INFO] [stderr]     Checking thiserror v2.0.20
[INFO] [stderr]     Checking bstr v1.13.1
[INFO] [stderr]     Checking matchers v0.2.0
[INFO] [stderr]     Checking pin-project v1.1.13
[INFO] [stderr]     Checking fs4 v1.1.0
[INFO] [stderr]     Checking const_panic v0.2.17
[INFO] [stderr]     Checking ahash v0.8.12
[INFO] [stderr]     Checking tinystr v0.8.4
[INFO] [stderr]     Checking potential_utf v0.1.6
[INFO] [stderr]     Checking bytemuck v1.25.2
[INFO] [stderr]     Checking icu_locale_core v2.3.0
[INFO] [stderr]     Checking icu_collections v2.3.0
[INFO] [stderr]    Compiling git-version-macro v0.3.9
[INFO] [stderr]    Compiling sha2 v0.11.0
[INFO] [stderr]     Checking os_str_bytes v6.6.1
[INFO] [stderr]     Checking multiversion v0.9.0
[INFO] [stderr]    Compiling linktime-proc-macro v0.2.3
[INFO] [stderr]     Checking symlink v0.1.0
[INFO] [stderr]    Compiling konst_proc_macros v0.4.1
[INFO] [stderr]    Compiling pulldown-cmark v0.13.4
[INFO] [stderr]     Checking git-version v0.3.9
[INFO] [stderr]     Checking shellexpand v3.1.2
[INFO] [stderr]     Checking recursive v0.1.1
[INFO] [stderr]     Checking digest-io v0.1.0
[INFO] [stderr]     Checking whoami v2.1.3
[INFO] [stderr]     Checking sysinfo v0.38.4
[INFO] [stderr]    Compiling polars-expr v0.55.2
[INFO] [stderr]    Compiling bytes v1.12.1
[INFO] [stderr]    Compiling regex-syntax v0.8.11
[INFO] [stderr]     Checking const-str v1.1.0
[INFO] [stderr]     Checking colored v3.1.1
[INFO] [stderr]     Checking ctor v1.0.13
[INFO] [stderr]     Checking twox-hash v2.1.4
[INFO] [stderr]     Checking icu_provider v2.3.1
[INFO] [stderr]     Checking konst v0.4.3
[INFO] [stderr]    Compiling redb v3.1.3
[INFO] [stderr]     Checking more-asserts v0.3.1
[INFO] [stderr]     Checking oneshot v0.1.13
[INFO] [stderr]     Checking lz4_flex v0.13.1
[INFO] [stderr]     Checking event-listener v5.4.2
[INFO] [stderr]    Compiling darling_core v0.24.1
[INFO] [stderr]     Checking icu_properties v2.3.0
[INFO] [stderr]    Compiling polars-plan v0.55.2
[INFO] [stderr]    Compiling prost v0.14.4
[INFO] [stderr]    Compiling prettyplease v0.2.37
[INFO] [stderr]     Checking serde v1.0.229
[INFO] [stderr]     Checking countio v0.3.0
[INFO] [stderr]     Checking approx v0.5.1
[INFO] [stderr]    Compiling fastrand v2.5.0
[INFO] [stdout] error[E0493]: destructor of `ArrayBuilder<T, N, D>` cannot be evaluated at compile-time
[INFO] [stdout]    --> /opt/rustwide/cargo-home/registry/src/index.crates.io-1949cf8c6b5b557f/konst-0.4.3/src/array/array_builder.rs:421:24
[INFO] [stdout]     |
[INFO] [stdout] 421 |     pub const fn build(self) -> [T; N] {
[INFO] [stdout]     |                        ^^^^ the destructor for this type cannot be evaluated in constant functions
[INFO] [stdout] ...
[INFO] [stdout] 437 |     }
[INFO] [stdout]     |     - value is dropped here
[INFO] [stdout] 
[INFO] [stdout] 
[INFO] [stdout] error[E0493]: destructor of `array_into_iter::IntoIter<T, N, D>` cannot be evaluated at compile-time
[INFO] [stdout]    --> /opt/rustwide/cargo-home/registry/src/index.crates.io-1949cf8c6b5b557f/konst-0.4.3/src/array/array_into_iter.rs:324:34
[INFO] [stdout]     |
[INFO] [stdout] 324 |     pub const fn assert_is_empty(self) {
[INFO] [stdout]     |                                  ^^^^ the destructor for this type cannot be evaluated in constant functions
[INFO] [stdout] ...
[INFO] [stdout] 327 |     }
[INFO] [stdout]     |     - value is dropped here
[INFO] [stdout] 
[INFO] [stdout] 
[INFO] [stdout] error[E0493]: destructor of `Option<(T, U)>` cannot be evaluated at compile-time
[INFO] [stdout]    --> /opt/rustwide/cargo-home/registry/src/index.crates.io-1949cf8c6b5b557f/konst-0.4.3/src/macros/control_flow.rs:83:42
[INFO] [stdout]     |
[INFO] [stdout]  81 |   macro_rules! if_let_Some {
[INFO] [stdout]  82 |       ($some:pat = $e:expr => $then:block $(else $else:block)?) => {
[INFO] [stdout]  83 |           match $crate::option::__opt($e) {opt =>
[INFO] [stdout]     |                                            ^^^ the destructor for this type cannot be evaluated in constant functions
[INFO] [stdout] ...
[INFO] [stdout]  90 |               }
[INFO] [stdout]     |               - value is dropped here
[INFO] [stdout]     |
[INFO] [stdout]    ::: /opt/rustwide/cargo-home/registry/src/index.crates.io-1949cf8c6b5b557f/konst-0.4.3/src/option.rs:635:5
[INFO] [stdout]     |
[INFO] [stdout] 635 | /     crate::if_let_Some! {tuple = opt => {
[INFO] [stdout] 636 | |         crate::destructure!{(l, r) = tuple}
[INFO] [stdout] 637 | |
[INFO] [stdout] 638 | |         (Some(l), Some(r))
[INFO] [stdout] 639 | |     } else {
[INFO] [stdout] 640 | |         (None, None)
[INFO] [stdout] 641 | |     }}
[INFO] [stdout]     | |______- in this macro invocation
[INFO] [stdout] 
[INFO] [stdout] 
[INFO] [stderr]     Checking safe-transmute v0.11.3
[INFO] [stdout] For more information about this error, try `rustc --explain E0493`.
[INFO] [stdout] 
[INFO] [stderr] error: could not compile `konst` (lib) due to 3 previous errors
[INFO] [stderr] warning: build failed, waiting for other jobs to finish...
[INFO] running `Command { std: "docker" "inspect" "5d48e07941e53f8f2a71ba7d71eff801040b838343b37f4584181a96f93fc929", kill_on_drop: false }`
[INFO] running `Command { std: "docker" "rm" "-f" "5d48e07941e53f8f2a71ba7d71eff801040b838343b37f4584181a96f93fc929", kill_on_drop: false }`
[INFO] [stdout] 5d48e07941e53f8f2a71ba7d71eff801040b838343b37f4584181a96f93fc929
